{"id":42,"date":"2015-03-13T08:40:47","date_gmt":"2015-03-13T08:40:47","guid":{"rendered":"http:\/\/blogsaverroes.juntadeandalucia.es\/pre\/ceip\/?page_id=42"},"modified":"2020-09-16T07:39:09","modified_gmt":"2020-09-16T07:39:09","slug":"equipo-directivo","status":"publish","type":"page","link":"https:\/\/blogsaverroes.juntadeandalucia.es\/ceipanamariamatute\/equipo-directivo\/","title":{"rendered":"Equipo Directivo"},"content":{"rendered":"<div id=\"i5zsogh0\" class=\"txtNew\">\n<h2 class=\"font_2\">Composici\u00f3n del Equipo Directivo y horario de atenci\u00f3n<\/h2>\n<h2 class=\"font_2\">al p\u00fablico<\/h2>\n<\/div>\n<div id=\"i5zsrjsj\" class=\"txtNew\">\n<p>&nbsp;<\/p>\n<p class=\"font_8\"><strong>Directora<\/strong>: Teresa P\u00e9rez Caballero. PREVIA CITA: 955623418<\/p>\n<p class=\"font_8\"><strong>Jefa&nbsp;de Estudios<\/strong>: Lola Amaro Perales. PREVIA CITA: 955623418<\/p>\n<p class=\"font_8\"><strong>Secretaria<\/strong>: Carmen M\u00aa Garc\u00eda L\u00f3pez.&nbsp;<\/p>\n<p>&nbsp;<\/p>\n<p class=\"font_8\">&nbsp;<\/p>\n<\/div>\n","protected":false},"excerpt":{"rendered":"<p>Composici\u00f3n del Equipo Directivo y horario de atenci\u00f3n al p\u00fablico &nbsp; Directora: Teresa P\u00e9rez Caballero. PREVIA CITA: 955623418 Jefa&nbsp;de Estudios: Lola Amaro Perales. PREVIA CITA: 955623418 Secretaria: Carmen M\u00aa Garc\u00eda L\u00f3pez.&nbsp; &nbsp; &nbsp;<\/p>\n","protected":false},"author":1,"featured_media":0,"parent":0,"menu_order":0,"comment_status":"closed","ping_status":"open","template":"","meta":{"ngg_post_thumbnail":0,"footnotes":"","_mc_calendar":[]},"aioseo_notices":[],"post_mailing_queue_ids":[],"_links":{"self":[{"href":"https:\/\/blogsaverroes.juntadeandalucia.es\/ceipanamariamatute\/wp-json\/wp\/v2\/pages\/42"}],"collection":[{"href":"https:\/\/blogsaverroes.juntadeandalucia.es\/ceipanamariamatute\/wp-json\/wp\/v2\/pages"}],"about":[{"href":"https:\/\/blogsaverroes.juntadeandalucia.es\/ceipanamariamatute\/wp-json\/wp\/v2\/types\/page"}],"author":[{"embeddable":true,"href":"https:\/\/blogsaverroes.juntadeandalucia.es\/ceipanamariamatute\/wp-json\/wp\/v2\/users\/1"}],"replies":[{"embeddable":true,"href":"https:\/\/blogsaverroes.juntadeandalucia.es\/ceipanamariamatute\/wp-json\/wp\/v2\/comments?post=42"}],"version-history":[{"count":7,"href":"https:\/\/blogsaverroes.juntadeandalucia.es\/ceipanamariamatute\/wp-json\/wp\/v2\/pages\/42\/revisions"}],"predecessor-version":[{"id":3036,"href":"https:\/\/blogsaverroes.juntadeandalucia.es\/ceipanamariamatute\/wp-json\/wp\/v2\/pages\/42\/revisions\/3036"}],"wp:attachment":[{"href":"https:\/\/blogsaverroes.juntadeandalucia.es\/ceipanamariamatute\/wp-json\/wp\/v2\/media?parent=42"}],"curies":[{"name":"wp","href":"https:\/\/api.w.org\/{rel}","templated":true}]}}

<div id="i5zsogh0" class="txtNew">
<h2 class="font_2">Composición del Equipo Directivo y horario de atención</h2>
<h2 class="font_2">al público</h2>
</div>
<div id="i5zsrjsj" class="txtNew">
<p>&nbsp;</p>
<p class="font_8"><strong>Directora</strong>: Teresa Pérez Caballero. PREVIA CITA: 955623418</p>
<p class="font_8"><strong>Jefa&nbsp;de Estudios</strong>: Lola Amaro Perales. PREVIA CITA: 955623418</p>
<p class="font_8"><strong>Secretaria</strong>: Carmen Mª García López.&nbsp;</p>
<p>&nbsp;</p>
<p class="font_8">&nbsp;</p>
</div>

<p>Composición del Equipo Directivo y horario de atención al público &nbsp; Directora: Teresa Pérez Caballero. PREVIA CITA: 955623418 Jefa&nbsp;de Estudios: Lola Amaro Perales. PREVIA CITA: 955623418 Secretaria: Carmen Mª García López.&nbsp; &nbsp; &nbsp;</p>
