{"id":49,"date":"2015-03-13T08:47:05","date_gmt":"2015-03-13T08:47:05","guid":{"rendered":"http:\/\/blogsaverroes.juntadeandalucia.es\/pre\/ceip\/?page_id=49"},"modified":"2026-03-10T16:31:29","modified_gmt":"2026-03-10T15:31:29","slug":"proyecto-educativo","status":"publish","type":"page","link":"https:\/\/blogsaverroes.juntadeandalucia.es\/ceipanamariamatute\/proyecto-educativo\/","title":{"rendered":"PLAN DE CENTRO"},"content":{"rendered":"<p style=\"text-align: center\"><a href=\"https:\/\/blogsaverroes.juntadeandalucia.es\/ceipanamariamatute\/files\/2026\/03\/PLAN_DE_CENTRO_25-26_R-1.pdf\">PLAN_DE_CENTRO_25-26<\/a><\/p>\n<p>\u00c9stos son los elementos que constituyen nuestro Plan de Centro y que podr\u00e1 visualizar accediendo al enlace anterior.<\/p>\n<ol>\n<li><span style=\"color: #800080\">PROYECTO EDUCATIVO DE CENTRO<\/span><\/li>\n<\/ol>\n<p>&nbsp; &nbsp; &nbsp; &nbsp; &nbsp;ANEXOS:<\/p>\n<ul>\n<li>PLAN DE ATENCI\u00d3N A LA DIVERSIDAD<\/li>\n<li>EVALUACI\u00d3N:&nbsp;<\/li>\n<\/ul>\n<p>Los <strong>criterios de evaluaci\u00f3n<\/strong> de los cursos IMPARES aparecen reflejados en nuestro Proyecto educativo en este apartado.<\/p>\n<p>Para consultar los <strong>criterios de evaluaci\u00f3n <\/strong>&nbsp;<a href=\"https:\/\/juntadeandalucia.es\/boja\/2023\/104\/BOJA23-104-00208-9731-01_00284747.pdf\">consultad este enlace<\/a>. Accederemos a la Orden de 30 de mayo de 2023, por la que se desarrolla el curr\u00edculo correspondiente a la etapa de Educaci\u00f3n Primaria en la Comunidad Aut\u00f3noma de Andaluc\u00eda, se regulan determinados aspectos de la atenci\u00f3n a la diversidad y a las diferencias individuales, se establece la ordenaci\u00f3n de la evaluaci\u00f3n del proceso de aprendizaje del alumnado y se determina el proceso de tr\u00e1nsito entre las diferentes etapas educativas.<\/p>\n<ul>\n<li>PLAN DE IGUALDAD<\/li>\n<li>PLAN DE ACOGIDA Y TR\u00c1NSITO<\/li>\n<li>PLAN DE AUTOPROTECCI\u00d3N Y PREVENCI\u00d3N DE RIESGOS LABORALES\n<ul>\n<li>PROTOCOLO COVID<\/li>\n<\/ul>\n<\/li>\n<li>PLAN DE CONVIVENCIA<\/li>\n<li>POAT (Plan de Orientaci\u00f3n y Acci\u00f3n Tutorial)<\/li>\n<li>PLAN DE ACTUACI\u00d3N DIGITAL<\/li>\n<li>Proyecto biling\u00fce<\/li>\n<\/ul>\n<p><span style=\"color: #800080\">2. REGLAMENTO DE ORGANIZACI\u00d3N Y FUNCIONAMIENTO<\/span><\/p>\n<p><span style=\"color: #800080\">3. PROYECTO DE GESTI\u00d3N<\/span><\/p>\n<p>&nbsp;<\/p>\n","protected":false},"excerpt":{"rendered":"<p>PLAN_DE_CENTRO_25-26 \u00c9stos son los elementos que constituyen nuestro Plan de Centro y que podr\u00e1 visualizar accediendo al enlace anterior. PROYECTO EDUCATIVO DE CENTRO &nbsp; &nbsp; &nbsp; &nbsp; &nbsp;ANEXOS: PLAN DE ATENCI\u00d3N A LA DIVERSIDAD EVALUACI\u00d3N:&nbsp; Los criterios de evaluaci\u00f3n de los cursos IMPARES aparecen reflejados en nuestro Proyecto educativo en este apartado. Para consultar los [&hellip;]<\/p>\n","protected":false},"author":1,"featured_media":0,"parent":0,"menu_order":0,"comment_status":"closed","ping_status":"open","template":"","meta":{"ngg_post_thumbnail":0,"footnotes":"","_mc_calendar":[]},"aioseo_notices":[],"post_mailing_queue_ids":[],"_links":{"self":[{"href":"https:\/\/blogsaverroes.juntadeandalucia.es\/ceipanamariamatute\/wp-json\/wp\/v2\/pages\/49"}],"collection":[{"href":"https:\/\/blogsaverroes.juntadeandalucia.es\/ceipanamariamatute\/wp-json\/wp\/v2\/pages"}],"about":[{"href":"https:\/\/blogsaverroes.juntadeandalucia.es\/ceipanamariamatute\/wp-json\/wp\/v2\/types\/page"}],"author":[{"embeddable":true,"href":"https:\/\/blogsaverroes.juntadeandalucia.es\/ceipanamariamatute\/wp-json\/wp\/v2\/users\/1"}],"replies":[{"embeddable":true,"href":"https:\/\/blogsaverroes.juntadeandalucia.es\/ceipanamariamatute\/wp-json\/wp\/v2\/comments?post=49"}],"version-history":[{"count":41,"href":"https:\/\/blogsaverroes.juntadeandalucia.es\/ceipanamariamatute\/wp-json\/wp\/v2\/pages\/49\/revisions"}],"predecessor-version":[{"id":4496,"href":"https:\/\/blogsaverroes.juntadeandalucia.es\/ceipanamariamatute\/wp-json\/wp\/v2\/pages\/49\/revisions\/4496"}],"wp:attachment":[{"href":"https:\/\/blogsaverroes.juntadeandalucia.es\/ceipanamariamatute\/wp-json\/wp\/v2\/media?parent=49"}],"curies":[{"name":"wp","href":"https:\/\/api.w.org\/{rel}","templated":true}]}}