{"id":132,"date":"2020-12-21T21:30:04","date_gmt":"2020-12-21T20:30:04","guid":{"rendered":"https:\/\/blogsaverroes.juntadeandalucia.es\/ceipandaluciacanada\/?page_id=132"},"modified":"2024-11-22T13:23:14","modified_gmt":"2024-11-22T12:23:14","slug":"equipo-docente","status":"publish","type":"page","link":"https:\/\/blogsaverroes.juntadeandalucia.es\/ceipandaluciacanada\/nuestrocentro\/equipo-docente\/","title":{"rendered":"EQUIPO DOCENTE"},"content":{"rendered":"<p><strong>EDUCACI\u00d3N ESPEC\u00cdFICA:<\/strong><\/p>\n<ul>\n<li>AULA ILUSI\u00d3N (P.T. T.E.A.): Reme Cantillo.<\/li>\n<li>AULA MARIPOSA (P.T.) M\u00aa \u00c1ngeles Navarrete (Coordinadora del Equipo de Orientaci\u00f3n en C.I.P) \/\u00a0Alba Pi\u00f1a Hebles (Transf\u00f3rmate).<\/li>\n<li>AULA ARCOIRIS (A.L.): M\u00aa Jos\u00e9 S\u00e1nchez.<\/li>\n<\/ul>\n<p><strong>EDUCACI\u00d3N INFANTIL:<\/strong><\/p>\n<ul>\n<li>I-3 A\u00d1OS A: Anabel Oterino.<\/li>\n<li>I-3 A\u00d1OS B: Germ\u00e1n Rubio (Coordinador de Ciclo).<\/li>\n<li>I-4 A\u00d1OS A: To\u00f1i Almenara.<\/li>\n<li>I-4 A\u00d1OS B: Pilar M\u00e9ndez.<\/li>\n<li>I-5 A\u00d1OS : Mari Cruz Dur\u00e1n.<\/li>\n<li>SOBREDOTACI\u00d3N: Rosario Silva.<\/li>\n<\/ul>\n<p><strong>EDUCACI\u00d3N PRIMARIA:<\/strong><\/p>\n<ul style=\"list-style-type: disc\">\n<li><u>Primer Ciclo<\/u>:\n<ul>\n<li>1\u00baA: Irene Franco.<\/li>\n<li>1\u00baB:\u00a0 Ana Rosa (Secretaria).<\/li>\n<li>2\u00baA: Carmen M\u00aa Hebles.<\/li>\n<li>2\u00baB: M\u00aa Carmen Franco. (Coordinadora de Primer Ciclo).<\/li>\n<\/ul>\n<\/li>\n<li><u>Segundo Ciclo:<\/u>\n<ul style=\"list-style-type: circle\">\n<li>3\u00baA: Silvia Fern\u00e1ndez.<\/li>\n<li>3\u00baB: Marta Mata (Coordinadora Segundo Ciclo).<\/li>\n<li>4\u00baA: Almudena Espada\/Isabel M\u00aa Pacheco.<\/li>\n<li>4\u00baB: Manuel Garc\u00eda.<\/li>\n<\/ul>\n<\/li>\n<li><u>Tercer Ciclo<\/u>:\n<ul>\n<li>5\u00baA: Mercedes Romero.<\/li>\n<li>5\u00baB: Paco Cepas.<\/li>\n<li>6\u00ba A: Mabi Sanz (Jefa de Estudios).<\/li>\n<li>6\u00baB: Marco Elena.<\/li>\n<li>SOBREDOTACI\u00d3N: Antonia Herencia\/Ana M\u00aa Repiso.<\/li>\n<\/ul>\n<\/li>\n<\/ul>\n<p><strong>ESPECIALISTAS:<\/strong><\/p>\n<ul>\n<li>RELIGI\u00d3N: Magdalena Mel\u00e9ndez, Miriam Flores.<\/li>\n<li>INGL\u00c9S: Miriam Dom\u00ednguez (Coordinadora Tercer Ciclo), Isabel M\u00aa Pacheco.<\/li>\n<li>M\u00daSICA: Mercedes Romero.<\/li>\n<li>MATEM\u00c1TICAS: Francisco J. S\u00e1nchez (Director).<\/li>\n<li>ED. F\u00cdSICA: Irene Franco, Jos\u00e9 \u00c1ngel L\u00f3pez, Marcos Elena.<\/li>\n<\/ul>\n","protected":false},"excerpt":{"rendered":"<p>EDUCACI\u00d3N ESPEC\u00cdFICA: AULA ILUSI\u00d3N (P.T. T.E.A.): Reme Cantillo. AULA MARIPOSA (P.T.) M\u00aa \u00c1ngeles Navarrete (Coordinadora del Equipo de Orientaci\u00f3n en C.I.P) \/\u00a0Alba Pi\u00f1a Hebles (Transf\u00f3rmate). AULA ARCOIRIS (A.L.): M\u00aa Jos\u00e9 S\u00e1nchez. EDUCACI\u00d3N INFANTIL: I-3&#46;&#46;&#46;<\/p>\n","protected":false},"author":7966,"featured_media":0,"parent":39,"menu_order":4,"comment_status":"closed","ping_status":"closed","template":"","meta":{"ngg_post_thumbnail":0,"footnotes":""},"aioseo_notices":[],"_links":{"self":[{"href":"https:\/\/blogsaverroes.juntadeandalucia.es\/ceipandaluciacanada\/wp-json\/wp\/v2\/pages\/132"}],"collection":[{"href":"https:\/\/blogsaverroes.juntadeandalucia.es\/ceipandaluciacanada\/wp-json\/wp\/v2\/pages"}],"about":[{"href":"https:\/\/blogsaverroes.juntadeandalucia.es\/ceipandaluciacanada\/wp-json\/wp\/v2\/types\/page"}],"author":[{"embeddable":true,"href":"https:\/\/blogsaverroes.juntadeandalucia.es\/ceipandaluciacanada\/wp-json\/wp\/v2\/users\/7966"}],"replies":[{"embeddable":true,"href":"https:\/\/blogsaverroes.juntadeandalucia.es\/ceipandaluciacanada\/wp-json\/wp\/v2\/comments?post=132"}],"version-history":[{"count":12,"href":"https:\/\/blogsaverroes.juntadeandalucia.es\/ceipandaluciacanada\/wp-json\/wp\/v2\/pages\/132\/revisions"}],"predecessor-version":[{"id":1259,"href":"https:\/\/blogsaverroes.juntadeandalucia.es\/ceipandaluciacanada\/wp-json\/wp\/v2\/pages\/132\/revisions\/1259"}],"up":[{"embeddable":true,"href":"https:\/\/blogsaverroes.juntadeandalucia.es\/ceipandaluciacanada\/wp-json\/wp\/v2\/pages\/39"}],"wp:attachment":[{"href":"https:\/\/blogsaverroes.juntadeandalucia.es\/ceipandaluciacanada\/wp-json\/wp\/v2\/media?parent=132"}],"curies":[{"name":"wp","href":"https:\/\/api.w.org\/{rel}","templated":true}]}}

<p><strong>EDUCACIÓN ESPECÍFICA:</strong></p>
<ul>
<li>AULA ILUSIÓN (P.T. T.E.A.): Reme Cantillo.</li>
<li>AULA MARIPOSA (P.T.) Mª Ángeles Navarrete (Coordinadora del Equipo de Orientación en C.I.P) / Alba Piña Hebles (Transfórmate).</li>
<li>AULA ARCOIRIS (A.L.): Mª José Sánchez.</li>
</ul>
<p><strong>EDUCACIÓN INFANTIL:</strong></p>
<ul>
<li>I-3 AÑOS A: Anabel Oterino.</li>
<li>I-3 AÑOS B: Germán Rubio (Coordinador de Ciclo).</li>
<li>I-4 AÑOS A: Toñi Almenara.</li>
<li>I-4 AÑOS B: Pilar Méndez.</li>
<li>I-5 AÑOS : Mari Cruz Durán.</li>
<li>SOBREDOTACIÓN: Rosario Silva.</li>
</ul>
<p><strong>EDUCACIÓN PRIMARIA:</strong></p>
<ul style="list-style-type: disc">
<li><u>Primer Ciclo</u>:
<ul>
<li>1ºA: Irene Franco.</li>
<li>1ºB:  Ana Rosa (Secretaria).</li>
<li>2ºA: Carmen Mª Hebles.</li>
<li>2ºB: Mª Carmen Franco. (Coordinadora de Primer Ciclo).</li>
</ul>
</li>
<li><u>Segundo Ciclo:</u>
<ul style="list-style-type: circle">
<li>3ºA: Silvia Fernández.</li>
<li>3ºB: Marta Mata (Coordinadora Segundo Ciclo).</li>
<li>4ºA: Almudena Espada/Isabel Mª Pacheco.</li>
<li>4ºB: Manuel García.</li>
</ul>
</li>
<li><u>Tercer Ciclo</u>:
<ul>
<li>5ºA: Mercedes Romero.</li>
<li>5ºB: Paco Cepas.</li>
<li>6º A: Mabi Sanz (Jefa de Estudios).</li>
<li>6ºB: Marco Elena.</li>
<li>SOBREDOTACIÓN: Antonia Herencia/Ana Mª Repiso.</li>
</ul>
</li>
</ul>
<p><strong>ESPECIALISTAS:</strong></p>
<ul>
<li>RELIGIÓN: Magdalena Meléndez, Miriam Flores.</li>
<li>INGLÉS: Miriam Domínguez (Coordinadora Tercer Ciclo), Isabel Mª Pacheco.</li>
<li>MÚSICA: Mercedes Romero.</li>
<li>MATEMÁTICAS: Francisco J. Sánchez (Director).</li>
<li>ED. FÍSICA: Irene Franco, José Ángel López, Marcos Elena.</li>
</ul>

<p>EDUCACIÓN ESPECÍFICA: AULA ILUSIÓN (P.T. T.E.A.): Reme Cantillo. AULA MARIPOSA (P.T.) Mª Ángeles Navarrete (Coordinadora del Equipo de Orientación en C.I.P) / Alba Piña Hebles (Transfórmate). AULA ARCOIRIS (A.L.): Mª José Sánchez. EDUCACIÓN INFANTIL: I-3&#46;&#46;&#46;</p>
