{"id":35,"date":"2015-03-13T08:21:43","date_gmt":"2015-03-13T08:21:43","guid":{"rendered":"http:\/\/blogsaverroes.juntadeandalucia.es\/pre\/ceip\/?page_id=35"},"modified":"2021-02-13T19:18:23","modified_gmt":"2021-02-13T19:18:23","slug":"el-centro-2","status":"publish","type":"page","link":"https:\/\/blogsaverroes.juntadeandalucia.es\/ceipandaluciaposadas\/el-centro-2\/","title":{"rendered":"Datos del centro"},"content":{"rendered":"<p><iframe loading=\"lazy\" src=\"https:\/\/www.google.com\/maps\/embed?pb=!1m16!1m12!1m3!1d6304.958498106745!2d-5.11174387619448!3d37.802242096225214!2m3!1f0!2f0!3f0!3m2!1i1024!2i768!4f13.1!2m1!1scolegio%20cerca%20de%20Posadas%2C%20Andaluc%C3%ADa!5e0!3m2!1ses!2ses!4v1606331477702!5m2!1ses!2ses\" width=\"600\" height=\"450\" frameborder=\"0\"><\/iframe><br \/>\n&nbsp;<\/p>\n<h4>Datos de contacto<\/h4>\n<p><em><strong>CEIP Andaluc\u00eda<\/strong><\/em><\/p>\n<p><strong>Direcci\u00f3n:<\/strong>&nbsp; Avenida Andaluc\u00eda, 14730 Posadas<br \/>\n<strong>Email:<\/strong> atencionsecretaria@ceipandalucia.com<\/p>\n<p><strong>Tel\u00e9fono:<\/strong> 671 566 868<\/p>\n<h4><strong>Horarios<\/strong><\/h4>\n<p>Secretaria de 9:30 h a 13:30 h<\/p>\n<h4><strong>Oferta educativa<\/strong><\/h4>\n<p>Ense\u00f1anza Obligatoria de Infantil y Primaria. Centro Biling\u00fce<\/p>\n<p>&nbsp;<\/p>\n","protected":false},"excerpt":{"rendered":"<p>&nbsp; Datos de contacto CEIP Andaluc\u00eda Direcci\u00f3n:&nbsp; Avenida Andaluc\u00eda, 14730 Posadas Email: atencionsecretaria@ceipandalucia.com Tel\u00e9fono: 671 566 868 Horarios Secretaria de 9:30 h a 13:30 h Oferta educativa Ense\u00f1anza Obligatoria de Infantil y Primaria. Centro&#46;&#46;&#46;<\/p>\n","protected":false},"author":1,"featured_media":0,"parent":0,"menu_order":0,"comment_status":"closed","ping_status":"open","template":"page-cs.php","meta":{"ngg_post_thumbnail":0,"footnotes":"","_mc_calendar":[]},"aioseo_notices":[],"_links":{"self":[{"href":"https:\/\/blogsaverroes.juntadeandalucia.es\/ceipandaluciaposadas\/wp-json\/wp\/v2\/pages\/35"}],"collection":[{"href":"https:\/\/blogsaverroes.juntadeandalucia.es\/ceipandaluciaposadas\/wp-json\/wp\/v2\/pages"}],"about":[{"href":"https:\/\/blogsaverroes.juntadeandalucia.es\/ceipandaluciaposadas\/wp-json\/wp\/v2\/types\/page"}],"author":[{"embeddable":true,"href":"https:\/\/blogsaverroes.juntadeandalucia.es\/ceipandaluciaposadas\/wp-json\/wp\/v2\/users\/1"}],"replies":[{"embeddable":true,"href":"https:\/\/blogsaverroes.juntadeandalucia.es\/ceipandaluciaposadas\/wp-json\/wp\/v2\/comments?post=35"}],"version-history":[{"count":26,"href":"https:\/\/blogsaverroes.juntadeandalucia.es\/ceipandaluciaposadas\/wp-json\/wp\/v2\/pages\/35\/revisions"}],"predecessor-version":[{"id":2388,"href":"https:\/\/blogsaverroes.juntadeandalucia.es\/ceipandaluciaposadas\/wp-json\/wp\/v2\/pages\/35\/revisions\/2388"}],"wp:attachment":[{"href":"https:\/\/blogsaverroes.juntadeandalucia.es\/ceipandaluciaposadas\/wp-json\/wp\/v2\/media?parent=35"}],"curies":[{"name":"wp","href":"https:\/\/api.w.org\/{rel}","templated":true}]}}