{"id":1155,"date":"2022-03-27T08:45:44","date_gmt":"2022-03-27T07:45:44","guid":{"rendered":"https:\/\/blogsaverroes.juntadeandalucia.es\/ceipangeldeharo\/?page_id=1155"},"modified":"2023-05-21T10:55:19","modified_gmt":"2023-05-21T09:55:19","slug":"documentos-del-centro","status":"publish","type":"page","link":"https:\/\/blogsaverroes.juntadeandalucia.es\/ceipangeldeharo\/documentos-del-centro\/","title":{"rendered":"Documentos del centro"},"content":{"rendered":"<p>Como cada a\u00f1o, &nbsp;compartimos el Plan de Centro 2022\/2023, en un documento \u00fanico donde vienen recogidos:<\/p>\n<p>&#8211; Proyecto Educativo.<\/p>\n<p>&#8211; Reglamento de organizaci\u00f3n y funcionamiento.<\/p>\n<p>&#8211; Proyecto de gesti\u00f3n.<\/p>\n<p>&#8211; Otros anexos<\/p>\n<p>Puedes consultar el documento&nbsp;<a href=\"https:\/\/drive.google.com\/file\/d\/1B3qtHK6MBfBvWjb9jaF8vZnrMNst4cTC\/view?usp=sharing\" target=\"_blank\" rel=\"noopener noreferrer\">pinchando aqu\u00ed<\/a>.<\/p>\n<p>Programaciones 2022\/2023<\/p>\n<p><a href=\"https:\/\/drive.google.com\/drive\/folders\/1GXvf8tEziNp3tbwsguHnw6ZcCITQe6lA?usp=share_link\" target=\"_blank\" rel=\"noopener noreferrer\">LOMLOE&nbsp;<\/a><\/p>\n<p><a href=\"https:\/\/drive.google.com\/drive\/folders\/1EuAOPajyqEFyULsXZdy7R8frFhTiewVk?usp=share_link\" target=\"_blank\" rel=\"noopener noreferrer\">LOMCE<\/a><\/p>\n","protected":false},"excerpt":{"rendered":"<p>Como cada a\u00f1o, &nbsp;compartimos el Plan de Centro 2022\/2023, en un documento \u00fanico donde vienen recogidos: &#8211; Proyecto Educativo. &#8211; Reglamento de organizaci\u00f3n y funcionamiento. &#8211; Proyecto de gesti\u00f3n. &#8211; Otros anexos Puedes consultar&#46;&#46;&#46;<\/p>\n","protected":false},"author":14373,"featured_media":0,"parent":0,"menu_order":0,"comment_status":"closed","ping_status":"closed","template":"","meta":{"ngg_post_thumbnail":0,"footnotes":""},"aioseo_notices":[],"_links":{"self":[{"href":"https:\/\/blogsaverroes.juntadeandalucia.es\/ceipangeldeharo\/wp-json\/wp\/v2\/pages\/1155"}],"collection":[{"href":"https:\/\/blogsaverroes.juntadeandalucia.es\/ceipangeldeharo\/wp-json\/wp\/v2\/pages"}],"about":[{"href":"https:\/\/blogsaverroes.juntadeandalucia.es\/ceipangeldeharo\/wp-json\/wp\/v2\/types\/page"}],"author":[{"embeddable":true,"href":"https:\/\/blogsaverroes.juntadeandalucia.es\/ceipangeldeharo\/wp-json\/wp\/v2\/users\/14373"}],"replies":[{"embeddable":true,"href":"https:\/\/blogsaverroes.juntadeandalucia.es\/ceipangeldeharo\/wp-json\/wp\/v2\/comments?post=1155"}],"version-history":[{"count":4,"href":"https:\/\/blogsaverroes.juntadeandalucia.es\/ceipangeldeharo\/wp-json\/wp\/v2\/pages\/1155\/revisions"}],"predecessor-version":[{"id":1578,"href":"https:\/\/blogsaverroes.juntadeandalucia.es\/ceipangeldeharo\/wp-json\/wp\/v2\/pages\/1155\/revisions\/1578"}],"wp:attachment":[{"href":"https:\/\/blogsaverroes.juntadeandalucia.es\/ceipangeldeharo\/wp-json\/wp\/v2\/media?parent=1155"}],"curies":[{"name":"wp","href":"https:\/\/api.w.org\/{rel}","templated":true}]}}