{"id":544,"date":"2021-05-27T21:37:59","date_gmt":"2021-05-27T21:37:59","guid":{"rendered":"https:\/\/blogsaverroes.juntadeandalucia.es\/ceipangelfrigola\/?page_id=544"},"modified":"2025-11-05T11:24:54","modified_gmt":"2025-11-05T11:24:54","slug":"bilingual-section","status":"publish","type":"page","link":"https:\/\/blogsaverroes.juntadeandalucia.es\/ceipangelfrigola\/bilingual-section\/","title":{"rendered":"BILINGUAL SECTION"},"content":{"rendered":"\t\t<div data-elementor-type=\"wp-page\" data-elementor-id=\"544\" class=\"elementor elementor-544\">\n\t\t\t\t\t\t<section class=\"elementor-section elementor-top-section elementor-element elementor-element-6ad2888 elementor-section-boxed elementor-section-height-default elementor-section-height-default\" data-id=\"6ad2888\" data-element_type=\"section\">\n\t\t\t\t\t\t<div class=\"elementor-container elementor-column-gap-default\">\n\t\t\t\t\t<div class=\"elementor-column elementor-col-100 elementor-top-column elementor-element elementor-element-7efc3e2\" data-id=\"7efc3e2\" data-element_type=\"column\">\n\t\t\t<div class=\"elementor-widget-wrap elementor-element-populated\">\n\t\t\t\t\t\t<div class=\"elementor-element elementor-element-db55c19 elementor-widget elementor-widget-image\" data-id=\"db55c19\" data-element_type=\"widget\" data-widget_type=\"image.default\">\n\t\t\t\t<div class=\"elementor-widget-container\">\n\t\t\t\t\t\t\t\t\t\t\t\t\t\t\t<img fetchpriority=\"high\" decoding=\"async\" width=\"626\" height=\"396\" src=\"https:\/\/blogsaverroes.juntadeandalucia.es\/ceipangelfrigola\/files\/2021\/05\/BANDERA-REINO-UNIDO.jpg\" class=\"attachment-large size-large wp-image-548\" alt=\"\" srcset=\"https:\/\/blogsaverroes.juntadeandalucia.es\/ceipangelfrigola\/files\/2021\/05\/BANDERA-REINO-UNIDO.jpg 626w, https:\/\/blogsaverroes.juntadeandalucia.es\/ceipangelfrigola\/files\/2021\/05\/BANDERA-REINO-UNIDO-300x190.jpg 300w, https:\/\/blogsaverroes.juntadeandalucia.es\/ceipangelfrigola\/files\/2021\/05\/BANDERA-REINO-UNIDO-24x15.jpg 24w, https:\/\/blogsaverroes.juntadeandalucia.es\/ceipangelfrigola\/files\/2021\/05\/BANDERA-REINO-UNIDO-36x23.jpg 36w, https:\/\/blogsaverroes.juntadeandalucia.es\/ceipangelfrigola\/files\/2021\/05\/BANDERA-REINO-UNIDO-48x30.jpg 48w\" sizes=\"(max-width: 626px) 100vw, 626px\" \/>\t\t\t\t\t\t\t\t\t\t\t\t\t\t\t<\/div>\n\t\t\t\t<\/div>\n\t\t\t\t\t<\/div>\n\t\t<\/div>\n\t\t\t\t\t<\/div>\n\t\t<\/section>\n\t\t\t\t<section class=\"elementor-section elementor-top-section elementor-element elementor-element-2c47af5 elementor-section-boxed elementor-section-height-default elementor-section-height-default\" data-id=\"2c47af5\" data-element_type=\"section\">\n\t\t\t\t\t\t<div class=\"elementor-container elementor-column-gap-default\">\n\t\t\t\t\t<div class=\"elementor-column elementor-col-100 elementor-top-column elementor-element elementor-element-f85c8ae\" data-id=\"f85c8ae\" data-element_type=\"column\">\n\t\t\t<div class=\"elementor-widget-wrap elementor-element-populated\">\n\t\t\t\t\t\t<div class=\"elementor-element elementor-element-c93c583 elementor-invisible elementor-widget elementor-widget-text-editor\" data-id=\"c93c583\" data-element_type=\"widget\" data-settings=\"{&quot;_animation&quot;:&quot;pulse&quot;}\" data-widget_type=\"text-editor.default\">\n\t\t\t\t<div class=\"elementor-widget-container\">\n\t\t\t\t\t\t\t\t\t<p style=\"text-align: center\"><span style=\"font-family: 'arial black', sans-serif;color: #000080\">Nuestro alumnado le ha dado la bienvenida a Mikkel, el auxiliar de conversaci\u00f3n. Para ello, hemos preparado murales y libros sobre nuestro colegio, nuestro pueblo y nuestra provincia, para que as\u00ed nos conozca un poquito m\u00e1s y se sienta m\u00e1s c\u00f3modo durante los primeros d\u00edas de clase.<\/span><\/p>\t\t\t\t\t\t\t\t<\/div>\n\t\t\t\t<\/div>\n\t\t\t\t\t<\/div>\n\t\t<\/div>\n\t\t\t\t\t<\/div>\n\t\t<\/section>\n\t\t\t\t<section class=\"elementor-section elementor-top-section elementor-element elementor-element-d35fd2b elementor-section-boxed elementor-section-height-default elementor-section-height-default\" data-id=\"d35fd2b\" data-element_type=\"section\">\n\t\t\t\t\t\t<div class=\"elementor-container elementor-column-gap-default\">\n\t\t\t\t\t<div class=\"elementor-column elementor-col-25 elementor-top-column elementor-element elementor-element-70c0d57\" data-id=\"70c0d57\" data-element_type=\"column\">\n\t\t\t<div class=\"elementor-widget-wrap elementor-element-populated\">\n\t\t\t\t\t\t<div class=\"elementor-element elementor-element-f7ddaa5 elementor-widget elementor-widget-image\" data-id=\"f7ddaa5\" data-element_type=\"widget\" data-widget_type=\"image.default\">\n\t\t\t\t<div class=\"elementor-widget-container\">\n\t\t\t\t\t\t\t\t\t\t\t\t\t\t\t<img decoding=\"async\" width=\"1024\" height=\"768\" src=\"https:\/\/blogsaverroes.juntadeandalucia.es\/ceipangelfrigola\/files\/2021\/11\/IMG-20211004-WA0042-1024x768.jpg\" class=\"attachment-large size-large wp-image-701\" alt=\"\" srcset=\"https:\/\/blogsaverroes.juntadeandalucia.es\/ceipangelfrigola\/files\/2021\/11\/IMG-20211004-WA0042-1024x768.jpg 1024w, https:\/\/blogsaverroes.juntadeandalucia.es\/ceipangelfrigola\/files\/2021\/11\/IMG-20211004-WA0042-300x225.jpg 300w, https:\/\/blogsaverroes.juntadeandalucia.es\/ceipangelfrigola\/files\/2021\/11\/IMG-20211004-WA0042-768x576.jpg 768w, https:\/\/blogsaverroes.juntadeandalucia.es\/ceipangelfrigola\/files\/2021\/11\/IMG-20211004-WA0042-1536x1152.jpg 1536w, https:\/\/blogsaverroes.juntadeandalucia.es\/ceipangelfrigola\/files\/2021\/11\/IMG-20211004-WA0042-24x18.jpg 24w, https:\/\/blogsaverroes.juntadeandalucia.es\/ceipangelfrigola\/files\/2021\/11\/IMG-20211004-WA0042-36x27.jpg 36w, https:\/\/blogsaverroes.juntadeandalucia.es\/ceipangelfrigola\/files\/2021\/11\/IMG-20211004-WA0042-48x36.jpg 48w, https:\/\/blogsaverroes.juntadeandalucia.es\/ceipangelfrigola\/files\/2021\/11\/IMG-20211004-WA0042.jpg 2048w\" sizes=\"(max-width: 1024px) 100vw, 1024px\" \/>\t\t\t\t\t\t\t\t\t\t\t\t\t\t\t<\/div>\n\t\t\t\t<\/div>\n\t\t\t\t\t<\/div>\n\t\t<\/div>\n\t\t\t\t<div class=\"elementor-column elementor-col-25 elementor-top-column elementor-element elementor-element-5fd2a9f\" data-id=\"5fd2a9f\" data-element_type=\"column\">\n\t\t\t<div class=\"elementor-widget-wrap elementor-element-populated\">\n\t\t\t\t\t\t<div class=\"elementor-element elementor-element-2951350 elementor-widget elementor-widget-image\" data-id=\"2951350\" data-element_type=\"widget\" data-widget_type=\"image.default\">\n\t\t\t\t<div class=\"elementor-widget-container\">\n\t\t\t\t\t\t\t\t\t\t\t\t\t\t\t<img decoding=\"async\" width=\"768\" height=\"1024\" src=\"https:\/\/blogsaverroes.juntadeandalucia.es\/ceipangelfrigola\/files\/2021\/11\/IMG-20211004-WA0041-768x1024.jpg\" class=\"attachment-large size-large wp-image-700\" alt=\"\" srcset=\"https:\/\/blogsaverroes.juntadeandalucia.es\/ceipangelfrigola\/files\/2021\/11\/IMG-20211004-WA0041-768x1024.jpg 768w, https:\/\/blogsaverroes.juntadeandalucia.es\/ceipangelfrigola\/files\/2021\/11\/IMG-20211004-WA0041-225x300.jpg 225w, https:\/\/blogsaverroes.juntadeandalucia.es\/ceipangelfrigola\/files\/2021\/11\/IMG-20211004-WA0041-1152x1536.jpg 1152w, https:\/\/blogsaverroes.juntadeandalucia.es\/ceipangelfrigola\/files\/2021\/11\/IMG-20211004-WA0041-18x24.jpg 18w, https:\/\/blogsaverroes.juntadeandalucia.es\/ceipangelfrigola\/files\/2021\/11\/IMG-20211004-WA0041-27x36.jpg 27w, https:\/\/blogsaverroes.juntadeandalucia.es\/ceipangelfrigola\/files\/2021\/11\/IMG-20211004-WA0041-36x48.jpg 36w, https:\/\/blogsaverroes.juntadeandalucia.es\/ceipangelfrigola\/files\/2021\/11\/IMG-20211004-WA0041.jpg 1536w\" sizes=\"(max-width: 768px) 100vw, 768px\" \/>\t\t\t\t\t\t\t\t\t\t\t\t\t\t\t<\/div>\n\t\t\t\t<\/div>\n\t\t\t\t\t<\/div>\n\t\t<\/div>\n\t\t\t\t<div class=\"elementor-column elementor-col-25 elementor-top-column elementor-element elementor-element-4f976cc\" data-id=\"4f976cc\" data-element_type=\"column\">\n\t\t\t<div class=\"elementor-widget-wrap elementor-element-populated\">\n\t\t\t\t\t\t<div class=\"elementor-element elementor-element-0a3b582 elementor-widget elementor-widget-image\" data-id=\"0a3b582\" data-element_type=\"widget\" data-widget_type=\"image.default\">\n\t\t\t\t<div class=\"elementor-widget-container\">\n\t\t\t\t\t\t\t\t\t\t\t\t\t\t\t<img loading=\"lazy\" decoding=\"async\" width=\"768\" height=\"1024\" src=\"https:\/\/blogsaverroes.juntadeandalucia.es\/ceipangelfrigola\/files\/2021\/11\/IMG-20211004-WA0044-768x1024.jpg\" class=\"attachment-large size-large wp-image-702\" alt=\"\" srcset=\"https:\/\/blogsaverroes.juntadeandalucia.es\/ceipangelfrigola\/files\/2021\/11\/IMG-20211004-WA0044-768x1024.jpg 768w, https:\/\/blogsaverroes.juntadeandalucia.es\/ceipangelfrigola\/files\/2021\/11\/IMG-20211004-WA0044-225x300.jpg 225w, https:\/\/blogsaverroes.juntadeandalucia.es\/ceipangelfrigola\/files\/2021\/11\/IMG-20211004-WA0044-1152x1536.jpg 1152w, https:\/\/blogsaverroes.juntadeandalucia.es\/ceipangelfrigola\/files\/2021\/11\/IMG-20211004-WA0044-18x24.jpg 18w, https:\/\/blogsaverroes.juntadeandalucia.es\/ceipangelfrigola\/files\/2021\/11\/IMG-20211004-WA0044-27x36.jpg 27w, https:\/\/blogsaverroes.juntadeandalucia.es\/ceipangelfrigola\/files\/2021\/11\/IMG-20211004-WA0044-36x48.jpg 36w, https:\/\/blogsaverroes.juntadeandalucia.es\/ceipangelfrigola\/files\/2021\/11\/IMG-20211004-WA0044.jpg 1536w\" sizes=\"(max-width: 768px) 100vw, 768px\" \/>\t\t\t\t\t\t\t\t\t\t\t\t\t\t\t<\/div>\n\t\t\t\t<\/div>\n\t\t\t\t\t<\/div>\n\t\t<\/div>\n\t\t\t\t<div class=\"elementor-column elementor-col-25 elementor-top-column elementor-element elementor-element-566ada8\" data-id=\"566ada8\" data-element_type=\"column\">\n\t\t\t<div class=\"elementor-widget-wrap elementor-element-populated\">\n\t\t\t\t\t\t<div class=\"elementor-element elementor-element-87ae198 elementor-widget elementor-widget-image\" data-id=\"87ae198\" data-element_type=\"widget\" data-widget_type=\"image.default\">\n\t\t\t\t<div class=\"elementor-widget-container\">\n\t\t\t\t\t\t\t\t\t\t\t\t\t\t\t<img loading=\"lazy\" decoding=\"async\" width=\"1024\" height=\"768\" src=\"https:\/\/blogsaverroes.juntadeandalucia.es\/ceipangelfrigola\/files\/2021\/11\/IMG-20211004-WA0040-1024x768.jpg\" class=\"attachment-large size-large wp-image-699\" alt=\"\" srcset=\"https:\/\/blogsaverroes.juntadeandalucia.es\/ceipangelfrigola\/files\/2021\/11\/IMG-20211004-WA0040-1024x768.jpg 1024w, https:\/\/blogsaverroes.juntadeandalucia.es\/ceipangelfrigola\/files\/2021\/11\/IMG-20211004-WA0040-300x225.jpg 300w, https:\/\/blogsaverroes.juntadeandalucia.es\/ceipangelfrigola\/files\/2021\/11\/IMG-20211004-WA0040-768x576.jpg 768w, https:\/\/blogsaverroes.juntadeandalucia.es\/ceipangelfrigola\/files\/2021\/11\/IMG-20211004-WA0040-1536x1152.jpg 1536w, https:\/\/blogsaverroes.juntadeandalucia.es\/ceipangelfrigola\/files\/2021\/11\/IMG-20211004-WA0040-24x18.jpg 24w, https:\/\/blogsaverroes.juntadeandalucia.es\/ceipangelfrigola\/files\/2021\/11\/IMG-20211004-WA0040-36x27.jpg 36w, https:\/\/blogsaverroes.juntadeandalucia.es\/ceipangelfrigola\/files\/2021\/11\/IMG-20211004-WA0040-48x36.jpg 48w, https:\/\/blogsaverroes.juntadeandalucia.es\/ceipangelfrigola\/files\/2021\/11\/IMG-20211004-WA0040.jpg 2048w\" sizes=\"(max-width: 1024px) 100vw, 1024px\" \/>\t\t\t\t\t\t\t\t\t\t\t\t\t\t\t<\/div>\n\t\t\t\t<\/div>\n\t\t\t\t\t<\/div>\n\t\t<\/div>\n\t\t\t\t\t<\/div>\n\t\t<\/section>\n\t\t\t\t<section class=\"elementor-section elementor-top-section elementor-element elementor-element-095ef2a elementor-section-boxed elementor-section-height-default elementor-section-height-default\" data-id=\"095ef2a\" data-element_type=\"section\">\n\t\t\t\t\t\t<div class=\"elementor-container elementor-column-gap-default\">\n\t\t\t\t\t<div class=\"elementor-column elementor-col-100 elementor-top-column elementor-element elementor-element-e862346\" data-id=\"e862346\" data-element_type=\"column\">\n\t\t\t<div class=\"elementor-widget-wrap elementor-element-populated\">\n\t\t\t\t\t\t<div class=\"elementor-element elementor-element-450efc5 elementor-widget-divider--view-line_icon elementor-widget-divider--separator-type-pattern elementor-widget-divider--bg-round elementor-view-default elementor-widget-divider--element-align-center elementor-invisible elementor-widget elementor-widget-divider\" data-id=\"450efc5\" data-element_type=\"widget\" data-settings=\"{&quot;_animation&quot;:&quot;fadeIn&quot;}\" data-widget_type=\"divider.default\">\n\t\t\t\t<div class=\"elementor-widget-container\">\n\t\t\t\t\t\t\t<div class=\"elementor-divider\" style=\"--divider-pattern-url: url(&quot;data:image\/svg+xml,%3Csvg xmlns=&#039;http:\/\/www.w3.org\/2000\/svg&#039; preserveAspectRatio=&#039;none&#039; overflow=&#039;visible&#039; height=&#039;100%&#039; viewBox=&#039;0 0 60 30&#039; fill=&#039;black&#039; stroke=&#039;none&#039;%3E%3Crect x=&#039;15&#039; y=&#039;0&#039; width=&#039;30&#039; height=&#039;30&#039;\/%3E%3C\/svg%3E&quot;);\">\n\t\t\t<span class=\"elementor-divider-separator\">\n\t\t\t\t\t\t\t<div class=\"elementor-icon elementor-divider__element\">\n\t\t\t\t\t<i aria-hidden=\"true\" class=\"fas fa-user-graduate\"><\/i><\/div>\n\t\t\t\t\t\t<\/span>\n\t\t<\/div>\n\t\t\t\t\t\t<\/div>\n\t\t\t\t<\/div>\n\t\t\t\t\t<\/div>\n\t\t<\/div>\n\t\t\t\t\t<\/div>\n\t\t<\/section>\n\t\t\t\t<section class=\"elementor-section elementor-top-section elementor-element elementor-element-9434aab elementor-section-boxed elementor-section-height-default elementor-section-height-default\" data-id=\"9434aab\" data-element_type=\"section\">\n\t\t\t\t\t\t<div class=\"elementor-container elementor-column-gap-default\">\n\t\t\t\t\t<div class=\"elementor-column elementor-col-100 elementor-top-column elementor-element elementor-element-5dd5c76\" data-id=\"5dd5c76\" data-element_type=\"column\">\n\t\t\t<div class=\"elementor-widget-wrap elementor-element-populated\">\n\t\t\t\t\t\t<div class=\"elementor-element elementor-element-eccee44 elementor-invisible elementor-widget elementor-widget-text-editor\" data-id=\"eccee44\" data-element_type=\"widget\" data-settings=\"{&quot;_animation&quot;:&quot;rotateInUpLeft&quot;}\" data-widget_type=\"text-editor.default\">\n\t\t\t\t<div class=\"elementor-widget-container\">\n\t\t\t\t\t\t\t\t\t<p><a href=\"https:\/\/blogsaverroes.juntadeandalucia.es\/ceipangelfrigola\/files\/2025\/03\/ENGLISH-INFORMATION-SHEET-FOR-LA-25.26.pdf\"><span style=\"font-size: 20pt;font-family: helvetica, arial, sans-serif\">F<\/span>ICHA INFORMATIVA PARA AUXILIARES DE CONVERSACI\u00d3N<\/a><\/p>\t\t\t\t\t\t\t\t<\/div>\n\t\t\t\t<\/div>\n\t\t\t\t\t<\/div>\n\t\t<\/div>\n\t\t\t\t\t<\/div>\n\t\t<\/section>\n\t\t\t\t<section class=\"elementor-section elementor-top-section elementor-element elementor-element-944e742 elementor-section-boxed elementor-section-height-default elementor-section-height-default\" data-id=\"944e742\" data-element_type=\"section\">\n\t\t\t\t\t\t<div class=\"elementor-container elementor-column-gap-default\">\n\t\t\t\t\t<div class=\"elementor-column elementor-col-100 elementor-top-column elementor-element elementor-element-06ad12a\" data-id=\"06ad12a\" data-element_type=\"column\">\n\t\t\t<div class=\"elementor-widget-wrap elementor-element-populated\">\n\t\t\t\t\t\t<div class=\"elementor-element elementor-element-f726634 elementor-widget elementor-widget-image\" data-id=\"f726634\" data-element_type=\"widget\" data-widget_type=\"image.default\">\n\t\t\t\t<div class=\"elementor-widget-container\">\n\t\t\t\t\t\t\t\t\t\t\t\t\t\t\t<img decoding=\"async\" src=\"https:\/\/blogsaverroes.juntadeandalucia.es\/ceipangelfrigola\/wp-content\/plugins\/elementor\/assets\/images\/placeholder.png\" title=\"\" alt=\"\" loading=\"lazy\" \/>\t\t\t\t\t\t\t\t\t\t\t\t\t\t\t<\/div>\n\t\t\t\t<\/div>\n\t\t\t\t\t<\/div>\n\t\t<\/div>\n\t\t\t\t\t<\/div>\n\t\t<\/section>\n\t\t\t\t<\/div>\n\t\t","protected":false},"excerpt":{"rendered":"<p>Nuestro alumnado le ha dado la bienvenida a Mikkel, el auxiliar de conversaci\u00f3n. Para ello, hemos preparado murales y libros sobre nuestro colegio, nuestro pueblo y nuestra provincia, para que as\u00ed nos conozca un&#46;&#46;&#46;<\/p>\n","protected":false},"author":11928,"featured_media":0,"parent":0,"menu_order":0,"comment_status":"closed","ping_status":"closed","template":"","meta":{"ngg_post_thumbnail":0,"footnotes":""},"aioseo_notices":[],"_links":{"self":[{"href":"https:\/\/blogsaverroes.juntadeandalucia.es\/ceipangelfrigola\/wp-json\/wp\/v2\/pages\/544"}],"collection":[{"href":"https:\/\/blogsaverroes.juntadeandalucia.es\/ceipangelfrigola\/wp-json\/wp\/v2\/pages"}],"about":[{"href":"https:\/\/blogsaverroes.juntadeandalucia.es\/ceipangelfrigola\/wp-json\/wp\/v2\/types\/page"}],"author":[{"embeddable":true,"href":"https:\/\/blogsaverroes.juntadeandalucia.es\/ceipangelfrigola\/wp-json\/wp\/v2\/users\/11928"}],"replies":[{"embeddable":true,"href":"https:\/\/blogsaverroes.juntadeandalucia.es\/ceipangelfrigola\/wp-json\/wp\/v2\/comments?post=544"}],"version-history":[{"count":18,"href":"https:\/\/blogsaverroes.juntadeandalucia.es\/ceipangelfrigola\/wp-json\/wp\/v2\/pages\/544\/revisions"}],"predecessor-version":[{"id":802,"href":"https:\/\/blogsaverroes.juntadeandalucia.es\/ceipangelfrigola\/wp-json\/wp\/v2\/pages\/544\/revisions\/802"}],"wp:attachment":[{"href":"https:\/\/blogsaverroes.juntadeandalucia.es\/ceipangelfrigola\/wp-json\/wp\/v2\/media?parent=544"}],"curies":[{"name":"wp","href":"https:\/\/api.w.org\/{rel}","templated":true}]}}