{"id":2832,"date":"2018-03-20T13:12:00","date_gmt":"2018-03-20T12:12:00","guid":{"rendered":"http:\/\/blogsaverroes.juntadeandalucia.es\/ceipantoniocuevas\/?page_id=2832"},"modified":"2018-03-21T13:30:05","modified_gmt":"2018-03-21T12:30:05","slug":"certamen-literario-maestra-mari-carmen-pineda","status":"publish","type":"page","link":"https:\/\/blogsaverroes.juntadeandalucia.es\/ceipantoniocuevas\/concursos\/certamen-literario-maestra-mari-carmen-pineda\/","title":{"rendered":"Certamen literario \u00bb Mar\u00eda del Carmen Pineda\u00bb"},"content":{"rendered":"<p>&nbsp;<\/p>\n<h5 style=\"padding-left: 30px;text-align: justify\"><span style=\"color: #ff6600\"><strong>&nbsp;&nbsp;&nbsp;&nbsp;&nbsp;&nbsp;&nbsp;&nbsp;&nbsp;&nbsp;&nbsp;&nbsp;&nbsp;&nbsp;&nbsp;&nbsp;&nbsp;&nbsp;&nbsp;&nbsp;&nbsp; <a href=\"https:\/\/blogsaverroes.juntadeandalucia.es\/ceipantoniocuevas\/files\/2017\/12\/mari3-e1513852049987.jpg\"><img loading=\"lazy\" decoding=\"async\" class=\"size-medium wp-image-2721 alignleft\" src=\"https:\/\/blogsaverroes.juntadeandalucia.es\/ceipantoniocuevas\/files\/2017\/12\/mari3-230x300.jpg\" alt=\"\" height=\"300\" width=\"230\"><\/a><\/strong><\/span><span style=\"color: #ff6600\"><strong><a href=\"https:\/\/blogsaverroes.juntadeandalucia.es\/ceipantoniocuevas\/files\/2017\/12\/mari3-e1513852049987.jpg\"><img loading=\"lazy\" decoding=\"async\" class=\"shrinkToFit transparent alignright\" src=\"https:\/\/i.pinimg.com\/originals\/53\/45\/d6\/5345d6ace38da513419b9e00917f4021.png\" alt=\"https:\/\/i.pinimg.com\/originals\/53\/45\/d6\/5345d6ace38da513419b9e00917f4021.png\" height=\"92\" width=\"85\"><\/a><\/strong><\/span><\/h5>\n<h4>&nbsp; <span style=\"color: #ff6600\"><strong>&nbsp;&nbsp;&nbsp;&nbsp;&nbsp;&nbsp;&nbsp;&nbsp; <\/strong><\/span><\/h4>\n<h4>&nbsp;<\/h4>\n<h4>&nbsp;<\/h4>\n<h4>&nbsp;<\/h4>\n<h4 style=\"padding-left: 90px\"><span style=\"color: #ff6600\"><strong>&nbsp;&nbsp;&nbsp;&nbsp;&nbsp;&nbsp;&nbsp;&nbsp;&nbsp;&nbsp;&nbsp;&nbsp;&nbsp;&nbsp;&nbsp;&nbsp;&nbsp;&nbsp;&nbsp;&nbsp;&nbsp;&nbsp;&nbsp;&nbsp;<\/strong><\/span><\/h4>\n<h5 style=\"padding-left: 90px;text-align: justify\">&nbsp;<\/h5>\n<h5>&nbsp;<\/h5>\n<h5>&nbsp;<\/h5>\n<h5>&nbsp;<\/h5>\n<h5>&nbsp;<\/h5>\n<h5>&nbsp;<\/h5>\n<h5>&nbsp;<\/h5>\n<h5 style=\"padding-left: 30px;text-align: justify\"><span style=\"color: #ff6600\"><strong>El CERTAMEN LITERARIO \u00abMAR\u00cdA DEL CARMEN PINEDA\u00bb es una iniciativa del<\/strong><\/span><span style=\"color: #ff6600\"><strong> CEIP Antonio Cuevas, al que se han unido el CEIP San Sebasti\u00e1n y el CEIP Antonio Machado, con la idea de rendir homenaje a la maestra Maria del Carmen Pineda Garc\u00eda, compa\u00f1era y amiga de muchos maestros y maestras de los tres centros, que durante su vida se ha dedicado plenamente a fomentar la lectura y escritura entre sus alumnos\/as.<\/strong><\/span><\/h5>\n<h5 style=\"padding-left: 30px;text-align: justify\"><span style=\"color: #ff6600\"><strong>Su inter\u00e9s por los libros y por la buena redacci\u00f3n marc\u00f3 mucho su labor como maestra, y la llev\u00f3 a ocuparse de la Biblioteca del CEIP Antonio Cuevas durante los \u00faltimos cuatro a\u00f1os, que consigui\u00f3 hacerla \u00fatil y pr\u00e1ctica, bonita y agradable, logrando atraer a numerosos ni\u00f1os y ni\u00f1as, maestros y maestras en estimulantes proyectos.<\/strong><\/span><span style=\"color: #ff6600\"><strong>&nbsp;Por ello, este certamen es la mejor manera de rendirle homenaje y tomar el relevo en dicha labor educativa, para seguir promoviendo la lectura y escritura entre el alumnado.<\/strong><\/span><\/h5>\n<h5 style=\"text-align: justify;padding-left: 30px\"><span style=\"color: #ff6600\"><strong>La tem\u00e1tica del certamen est\u00e1 inspirada en los valores, que Maria del Carmen Pineda pose\u00eda en abundancia y transmit\u00eda a los dem\u00e1s. Uno de ellos, al que dedicamos este primer certamen, es el valor de la amistad. Amistad que hemos podido disfrutar todos los que hemos tenido la gran suerte de conocerla.<\/strong><\/span><\/h5>\n<p>&nbsp;<\/p>\n<p style=\"text-align: center\"><span style=\"color: #ff6600\"><strong>PINCHA EN EL SIGUIENTE ENLACE PARA VER LAS BASES DEL CERTAMEN<\/strong><\/span><\/p>\n<h3 style=\"text-align: center\"><a href=\"https:\/\/blogsaverroes.juntadeandalucia.es\/ceipantoniocuevas\/files\/2018\/03\/BASES-CERTAMENMCPINEDA.pdf\" target=\"_blank\" rel=\"noopener\"><span style=\"color: #ff6600\"><strong>BASES DEL CERTAMEN<\/strong><\/span><\/a><\/h3>\n<p>&nbsp;<\/p>\n<p>&nbsp;<\/p>\n<p><a href=\"https:\/\/blogsaverroes.juntadeandalucia.es\/ceipantoniocuevas\/files\/2017\/12\/mari3-e1513852049987.jpg\"><img loading=\"lazy\" decoding=\"async\" class=\"shrinkToFit aligncenter\" src=\"https:\/\/www.diadellibro.eu\/images\/stories\/noticias\/dia-del-libro-2016-stockvault-story-book---childhood-imagination-concept182254.jpg\" alt=\"https:\/\/www.diadellibro.eu\/images\/stories\/noticias\/dia-del-libro-2016-stockvault-story-book---childhood-imagination-concept182254.jpg\" height=\"116\" width=\"167\"><\/a><\/p>\n<p>&nbsp;<\/p>\n","protected":false},"excerpt":{"rendered":"<p>&nbsp; &nbsp;&nbsp;&nbsp;&nbsp;&nbsp;&nbsp;&nbsp;&nbsp;&nbsp;&nbsp;&nbsp;&nbsp;&nbsp;&nbsp;&nbsp;&nbsp;&nbsp;&nbsp;&nbsp;&nbsp;&nbsp; &nbsp; &nbsp;&nbsp;&nbsp;&nbsp;&nbsp;&nbsp;&nbsp;&nbsp; &nbsp; &nbsp; &nbsp; &nbsp;&nbsp;&nbsp;&nbsp;&nbsp;&nbsp;&nbsp;&nbsp;&nbsp;&nbsp;&nbsp;&nbsp;&nbsp;&nbsp;&nbsp;&nbsp;&nbsp;&nbsp;&nbsp;&nbsp;&nbsp;&nbsp;&nbsp;&nbsp; &nbsp; &nbsp; &nbsp; &nbsp; &nbsp; &nbsp; &nbsp; El CERTAMEN LITERARIO \u00abMAR\u00cdA DEL CARMEN PINEDA\u00bb es una iniciativa del CEIP Antonio Cuevas, al que se han unido&#46;&#46;&#46;<\/p>\n","protected":false},"author":2988,"featured_media":0,"parent":2828,"menu_order":0,"comment_status":"closed","ping_status":"closed","template":"","meta":{"ngg_post_thumbnail":0,"footnotes":"","_mc_calendar":[]},"aioseo_notices":[],"_links":{"self":[{"href":"https:\/\/blogsaverroes.juntadeandalucia.es\/ceipantoniocuevas\/wp-json\/wp\/v2\/pages\/2832"}],"collection":[{"href":"https:\/\/blogsaverroes.juntadeandalucia.es\/ceipantoniocuevas\/wp-json\/wp\/v2\/pages"}],"about":[{"href":"https:\/\/blogsaverroes.juntadeandalucia.es\/ceipantoniocuevas\/wp-json\/wp\/v2\/types\/page"}],"author":[{"embeddable":true,"href":"https:\/\/blogsaverroes.juntadeandalucia.es\/ceipantoniocuevas\/wp-json\/wp\/v2\/users\/2988"}],"replies":[{"embeddable":true,"href":"https:\/\/blogsaverroes.juntadeandalucia.es\/ceipantoniocuevas\/wp-json\/wp\/v2\/comments?post=2832"}],"version-history":[{"count":17,"href":"https:\/\/blogsaverroes.juntadeandalucia.es\/ceipantoniocuevas\/wp-json\/wp\/v2\/pages\/2832\/revisions"}],"predecessor-version":[{"id":2866,"href":"https:\/\/blogsaverroes.juntadeandalucia.es\/ceipantoniocuevas\/wp-json\/wp\/v2\/pages\/2832\/revisions\/2866"}],"up":[{"embeddable":true,"href":"https:\/\/blogsaverroes.juntadeandalucia.es\/ceipantoniocuevas\/wp-json\/wp\/v2\/pages\/2828"}],"wp:attachment":[{"href":"https:\/\/blogsaverroes.juntadeandalucia.es\/ceipantoniocuevas\/wp-json\/wp\/v2\/media?parent=2832"}],"curies":[{"name":"wp","href":"https:\/\/api.w.org\/{rel}","templated":true}]}}

Certamen literario » María del Carmen Pineda»

<p>&nbsp;</p>
<h5 style="padding-left: 30px;text-align: justify"><span style="color: #ff6600"><strong>&nbsp;&nbsp;&nbsp;&nbsp;&nbsp;&nbsp;&nbsp;&nbsp;&nbsp;&nbsp;&nbsp;&nbsp;&nbsp;&nbsp;&nbsp;&nbsp;&nbsp;&nbsp;&nbsp;&nbsp;&nbsp; <a href="https://blogsaverroes.juntadeandalucia.es/ceipantoniocuevas/files/2017/12/mari3-e1513852049987.jpg"><img loading="lazy" decoding="async" class="size-medium wp-image-2721 alignleft" src="https://blogsaverroes.juntadeandalucia.es/ceipantoniocuevas/files/2017/12/mari3-230x300.jpg" alt="" height="300" width="230"></a></strong></span><span style="color: #ff6600"><strong><a href="https://blogsaverroes.juntadeandalucia.es/ceipantoniocuevas/files/2017/12/mari3-e1513852049987.jpg"><img loading="lazy" decoding="async" class="shrinkToFit transparent alignright" src="https://i.pinimg.com/originals/53/45/d6/5345d6ace38da513419b9e00917f4021.png" alt="https://i.pinimg.com/originals/53/45/d6/5345d6ace38da513419b9e00917f4021.png" height="92" width="85"></a></strong></span></h5>
<h4>&nbsp; <span style="color: #ff6600"><strong>&nbsp;&nbsp;&nbsp;&nbsp;&nbsp;&nbsp;&nbsp;&nbsp; </strong></span></h4>
<h4>&nbsp;</h4>
<h4>&nbsp;</h4>
<h4>&nbsp;</h4>
<h4 style="padding-left: 90px"><span style="color: #ff6600"><strong>&nbsp;&nbsp;&nbsp;&nbsp;&nbsp;&nbsp;&nbsp;&nbsp;&nbsp;&nbsp;&nbsp;&nbsp;&nbsp;&nbsp;&nbsp;&nbsp;&nbsp;&nbsp;&nbsp;&nbsp;&nbsp;&nbsp;&nbsp;&nbsp;</strong></span></h4>
<h5 style="padding-left: 90px;text-align: justify">&nbsp;</h5>
<h5>&nbsp;</h5>
<h5>&nbsp;</h5>
<h5>&nbsp;</h5>
<h5>&nbsp;</h5>
<h5>&nbsp;</h5>
<h5>&nbsp;</h5>
<h5 style="padding-left: 30px;text-align: justify"><span style="color: #ff6600"><strong>El CERTAMEN LITERARIO «MARÍA DEL CARMEN PINEDA» es una iniciativa del</strong></span><span style="color: #ff6600"><strong> CEIP Antonio Cuevas, al que se han unido el CEIP San Sebastián y el CEIP Antonio Machado, con la idea de rendir homenaje a la maestra Maria del Carmen Pineda García, compañera y amiga de muchos maestros y maestras de los tres centros, que durante su vida se ha dedicado plenamente a fomentar la lectura y escritura entre sus alumnos/as.</strong></span></h5>
<h5 style="padding-left: 30px;text-align: justify"><span style="color: #ff6600"><strong>Su interés por los libros y por la buena redacción marcó mucho su labor como maestra, y la llevó a ocuparse de la Biblioteca del CEIP Antonio Cuevas durante los últimos cuatro años, que consiguió hacerla útil y práctica, bonita y agradable, logrando atraer a numerosos niños y niñas, maestros y maestras en estimulantes proyectos.</strong></span><span style="color: #ff6600"><strong>&nbsp;Por ello, este certamen es la mejor manera de rendirle homenaje y tomar el relevo en dicha labor educativa, para seguir promoviendo la lectura y escritura entre el alumnado.</strong></span></h5>
<h5 style="text-align: justify;padding-left: 30px"><span style="color: #ff6600"><strong>La temática del certamen está inspirada en los valores, que Maria del Carmen Pineda poseía en abundancia y transmitía a los demás. Uno de ellos, al que dedicamos este primer certamen, es el valor de la amistad. Amistad que hemos podido disfrutar todos los que hemos tenido la gran suerte de conocerla.</strong></span></h5>
<p>&nbsp;</p>
<p style="text-align: center"><span style="color: #ff6600"><strong>PINCHA EN EL SIGUIENTE ENLACE PARA VER LAS BASES DEL CERTAMEN</strong></span></p>
<h3 style="text-align: center"><a href="https://blogsaverroes.juntadeandalucia.es/ceipantoniocuevas/files/2018/03/BASES-CERTAMENMCPINEDA.pdf" target="_blank" rel="noopener"><span style="color: #ff6600"><strong>BASES DEL CERTAMEN</strong></span></a></h3>
<p>&nbsp;</p>
<p>&nbsp;</p>
<p><a href="https://blogsaverroes.juntadeandalucia.es/ceipantoniocuevas/files/2017/12/mari3-e1513852049987.jpg"><img loading="lazy" decoding="async" class="shrinkToFit aligncenter" src="https://www.diadellibro.eu/images/stories/noticias/dia-del-libro-2016-stockvault-story-book---childhood-imagination-concept182254.jpg" alt="https://www.diadellibro.eu/images/stories/noticias/dia-del-libro-2016-stockvault-story-book---childhood-imagination-concept182254.jpg" height="116" width="167"></a></p>
<p>&nbsp;</p>

<p>&nbsp; &nbsp;&nbsp;&nbsp;&nbsp;&nbsp;&nbsp;&nbsp;&nbsp;&nbsp;&nbsp;&nbsp;&nbsp;&nbsp;&nbsp;&nbsp;&nbsp;&nbsp;&nbsp;&nbsp;&nbsp;&nbsp; &nbsp; &nbsp;&nbsp;&nbsp;&nbsp;&nbsp;&nbsp;&nbsp;&nbsp; &nbsp; &nbsp; &nbsp; &nbsp;&nbsp;&nbsp;&nbsp;&nbsp;&nbsp;&nbsp;&nbsp;&nbsp;&nbsp;&nbsp;&nbsp;&nbsp;&nbsp;&nbsp;&nbsp;&nbsp;&nbsp;&nbsp;&nbsp;&nbsp;&nbsp;&nbsp;&nbsp; &nbsp; &nbsp; &nbsp; &nbsp; &nbsp; &nbsp; &nbsp; El CERTAMEN LITERARIO «MARÍA DEL CARMEN PINEDA» es una iniciativa del CEIP Antonio Cuevas, al que se han unido&#46;&#46;&#46;</p>
