{"id":2841,"date":"2018-03-20T13:29:17","date_gmt":"2018-03-20T12:29:17","guid":{"rendered":"http:\/\/blogsaverroes.juntadeandalucia.es\/ceipantoniocuevas\/?page_id=2841"},"modified":"2022-01-17T11:26:59","modified_gmt":"2022-01-17T10:26:59","slug":"tarjetas-de-navidad","status":"publish","type":"page","link":"https:\/\/blogsaverroes.juntadeandalucia.es\/ceipantoniocuevas\/concursos\/tarjetas-de-navidad\/","title":{"rendered":"Tarjetas de Navidad"},"content":{"rendered":"<blockquote>\n<h2>&nbsp;<span style=\"color: #333399\"><em>CURSO 2021-2022 <\/em><\/span><\/h2>\n<h4><span style=\"color: #333399\"><em>Enhorabuena a los ganadores y ganadoras de este curso.&nbsp; &nbsp;&nbsp;<\/em> <\/span><\/h4>\n<\/blockquote>\n<p><a href=\"https:\/\/blogsaverroes.juntadeandalucia.es\/ceipantoniocuevas\/files\/2021\/12\/tarjetas-1.png\"><img loading=\"lazy\" decoding=\"async\" class=\"alignnone size-medium wp-image-3939\" src=\"https:\/\/blogsaverroes.juntadeandalucia.es\/ceipantoniocuevas\/files\/2021\/12\/tarjetas-1-300x300.png\" alt=\"\" width=\"300\" height=\"300\" srcset=\"https:\/\/blogsaverroes.juntadeandalucia.es\/ceipantoniocuevas\/files\/2021\/12\/tarjetas-1-300x300.png 300w, https:\/\/blogsaverroes.juntadeandalucia.es\/ceipantoniocuevas\/files\/2021\/12\/tarjetas-1-1024x1024.png 1024w, https:\/\/blogsaverroes.juntadeandalucia.es\/ceipantoniocuevas\/files\/2021\/12\/tarjetas-1-150x150.png 150w, https:\/\/blogsaverroes.juntadeandalucia.es\/ceipantoniocuevas\/files\/2021\/12\/tarjetas-1-768x768.png 768w, https:\/\/blogsaverroes.juntadeandalucia.es\/ceipantoniocuevas\/files\/2021\/12\/tarjetas-1-1536x1536.png 1536w, https:\/\/blogsaverroes.juntadeandalucia.es\/ceipantoniocuevas\/files\/2021\/12\/tarjetas-1.png 1600w\" sizes=\"(max-width: 300px) 100vw, 300px\" \/><\/a><a href=\"https:\/\/blogsaverroes.juntadeandalucia.es\/ceipantoniocuevas\/files\/2021\/12\/tarjetas-2.png\"><img loading=\"lazy\" decoding=\"async\" class=\"alignnone size-medium wp-image-3940\" src=\"https:\/\/blogsaverroes.juntadeandalucia.es\/ceipantoniocuevas\/files\/2021\/12\/tarjetas-2-300x300.png\" alt=\"\" width=\"300\" height=\"300\" srcset=\"https:\/\/blogsaverroes.juntadeandalucia.es\/ceipantoniocuevas\/files\/2021\/12\/tarjetas-2-300x300.png 300w, https:\/\/blogsaverroes.juntadeandalucia.es\/ceipantoniocuevas\/files\/2021\/12\/tarjetas-2-1024x1024.png 1024w, https:\/\/blogsaverroes.juntadeandalucia.es\/ceipantoniocuevas\/files\/2021\/12\/tarjetas-2-150x150.png 150w, https:\/\/blogsaverroes.juntadeandalucia.es\/ceipantoniocuevas\/files\/2021\/12\/tarjetas-2-768x768.png 768w, https:\/\/blogsaverroes.juntadeandalucia.es\/ceipantoniocuevas\/files\/2021\/12\/tarjetas-2-1536x1536.png 1536w, https:\/\/blogsaverroes.juntadeandalucia.es\/ceipantoniocuevas\/files\/2021\/12\/tarjetas-2.png 1600w\" sizes=\"(max-width: 300px) 100vw, 300px\" \/><\/a><\/p>\n<ul>\n<li>&nbsp;<span style=\"color: #ff9900\">Angely C. Hern\u00e1ndez Zapata 4 a\u00f1os B.<\/span><\/li>\n<li><span style=\"color: #ff9900\">Lola Vargas Zapata 2\u00ba A.<\/span><\/li>\n<li><span style=\"color: #ff9900\">Rafael Lozano Fuentes 4\u00ba B.<\/span><\/li>\n<li><span style=\"color: #ff9900\">David B. D. 6\u00ba B.<\/span><\/li>\n<\/ul>\n<p>&nbsp;<\/p>\n<p>&nbsp;<\/p>\n<blockquote>\n<h2 style=\"text-align: left\"><span style=\"color: #339966\"><em>CURSO 2020-2021<\/em><\/span><\/h2>\n<h2><strong><span style=\"color: #ff6600\">\u00a1Enhorabuena!<\/span><\/strong><\/h2>\n<\/blockquote>\n<div id=\"attachment_3586\" style=\"width: 285px\" class=\"wp-caption alignnone\"><a href=\"https:\/\/blogsaverroes.juntadeandalucia.es\/ceipantoniocuevas\/files\/2020\/12\/MyCollage_20201222184654151.png\"><img loading=\"lazy\" decoding=\"async\" aria-describedby=\"caption-attachment-3586\" class=\"wp-image-3586 \" src=\"https:\/\/blogsaverroes.juntadeandalucia.es\/ceipantoniocuevas\/files\/2020\/12\/MyCollage_20201222184654151-300x300.png\" alt=\"\" width=\"275\" height=\"275\" srcset=\"https:\/\/blogsaverroes.juntadeandalucia.es\/ceipantoniocuevas\/files\/2020\/12\/MyCollage_20201222184654151-300x300.png 300w, https:\/\/blogsaverroes.juntadeandalucia.es\/ceipantoniocuevas\/files\/2020\/12\/MyCollage_20201222184654151-1024x1024.png 1024w, https:\/\/blogsaverroes.juntadeandalucia.es\/ceipantoniocuevas\/files\/2020\/12\/MyCollage_20201222184654151-150x150.png 150w, https:\/\/blogsaverroes.juntadeandalucia.es\/ceipantoniocuevas\/files\/2020\/12\/MyCollage_20201222184654151-768x768.png 768w, https:\/\/blogsaverroes.juntadeandalucia.es\/ceipantoniocuevas\/files\/2020\/12\/MyCollage_20201222184654151-100x100.png 100w, https:\/\/blogsaverroes.juntadeandalucia.es\/ceipantoniocuevas\/files\/2020\/12\/MyCollage_20201222184654151-1536x1536.png 1536w, https:\/\/blogsaverroes.juntadeandalucia.es\/ceipantoniocuevas\/files\/2020\/12\/MyCollage_20201222184654151-24x24.png 24w, https:\/\/blogsaverroes.juntadeandalucia.es\/ceipantoniocuevas\/files\/2020\/12\/MyCollage_20201222184654151-36x36.png 36w, https:\/\/blogsaverroes.juntadeandalucia.es\/ceipantoniocuevas\/files\/2020\/12\/MyCollage_20201222184654151-48x48.png 48w, https:\/\/blogsaverroes.juntadeandalucia.es\/ceipantoniocuevas\/files\/2020\/12\/MyCollage_20201222184654151.png 1600w\" sizes=\"(max-width: 275px) 100vw, 275px\" \/><\/a><p id=\"caption-attachment-3586\" class=\"wp-caption-text\"><span style=\"color: #ff6600\">Javier Platero Dom\u00ednguez&nbsp; 5\u00baC<\/span><\/p><\/div>\n<div id=\"attachment_3587\" style=\"width: 282px\" class=\"wp-caption alignnone\"><a href=\"https:\/\/blogsaverroes.juntadeandalucia.es\/ceipantoniocuevas\/files\/2020\/12\/MyCollage_20201222184750949.png\"><img loading=\"lazy\" decoding=\"async\" aria-describedby=\"caption-attachment-3587\" class=\"wp-image-3587 \" src=\"https:\/\/blogsaverroes.juntadeandalucia.es\/ceipantoniocuevas\/files\/2020\/12\/MyCollage_20201222184750949-300x300.png\" alt=\"\" width=\"272\" height=\"272\" srcset=\"https:\/\/blogsaverroes.juntadeandalucia.es\/ceipantoniocuevas\/files\/2020\/12\/MyCollage_20201222184750949-300x300.png 300w, https:\/\/blogsaverroes.juntadeandalucia.es\/ceipantoniocuevas\/files\/2020\/12\/MyCollage_20201222184750949-1024x1024.png 1024w, https:\/\/blogsaverroes.juntadeandalucia.es\/ceipantoniocuevas\/files\/2020\/12\/MyCollage_20201222184750949-150x150.png 150w, https:\/\/blogsaverroes.juntadeandalucia.es\/ceipantoniocuevas\/files\/2020\/12\/MyCollage_20201222184750949-768x768.png 768w, https:\/\/blogsaverroes.juntadeandalucia.es\/ceipantoniocuevas\/files\/2020\/12\/MyCollage_20201222184750949-100x100.png 100w, https:\/\/blogsaverroes.juntadeandalucia.es\/ceipantoniocuevas\/files\/2020\/12\/MyCollage_20201222184750949-1536x1536.png 1536w, https:\/\/blogsaverroes.juntadeandalucia.es\/ceipantoniocuevas\/files\/2020\/12\/MyCollage_20201222184750949-24x24.png 24w, https:\/\/blogsaverroes.juntadeandalucia.es\/ceipantoniocuevas\/files\/2020\/12\/MyCollage_20201222184750949-36x36.png 36w, https:\/\/blogsaverroes.juntadeandalucia.es\/ceipantoniocuevas\/files\/2020\/12\/MyCollage_20201222184750949-48x48.png 48w, https:\/\/blogsaverroes.juntadeandalucia.es\/ceipantoniocuevas\/files\/2020\/12\/MyCollage_20201222184750949.png 1600w\" sizes=\"(max-width: 272px) 100vw, 272px\" \/><\/a><p id=\"caption-attachment-3587\" class=\"wp-caption-text\"><span style=\"color: #ff6600\">Sergio Felices Luque&nbsp; 3\u00baA<\/span><\/p><\/div>\n<div id=\"attachment_3585\" style=\"width: 284px\" class=\"wp-caption alignnone\"><a href=\"https:\/\/blogsaverroes.juntadeandalucia.es\/ceipantoniocuevas\/files\/2020\/12\/MyCollage_20201222184552538.png\"><img loading=\"lazy\" decoding=\"async\" aria-describedby=\"caption-attachment-3585\" class=\"wp-image-3585 \" src=\"https:\/\/blogsaverroes.juntadeandalucia.es\/ceipantoniocuevas\/files\/2020\/12\/MyCollage_20201222184552538-300x300.png\" alt=\"\" width=\"274\" height=\"274\" srcset=\"https:\/\/blogsaverroes.juntadeandalucia.es\/ceipantoniocuevas\/files\/2020\/12\/MyCollage_20201222184552538-300x300.png 300w, https:\/\/blogsaverroes.juntadeandalucia.es\/ceipantoniocuevas\/files\/2020\/12\/MyCollage_20201222184552538-1024x1024.png 1024w, https:\/\/blogsaverroes.juntadeandalucia.es\/ceipantoniocuevas\/files\/2020\/12\/MyCollage_20201222184552538-150x150.png 150w, https:\/\/blogsaverroes.juntadeandalucia.es\/ceipantoniocuevas\/files\/2020\/12\/MyCollage_20201222184552538-768x768.png 768w, https:\/\/blogsaverroes.juntadeandalucia.es\/ceipantoniocuevas\/files\/2020\/12\/MyCollage_20201222184552538-100x100.png 100w, https:\/\/blogsaverroes.juntadeandalucia.es\/ceipantoniocuevas\/files\/2020\/12\/MyCollage_20201222184552538-1536x1536.png 1536w, https:\/\/blogsaverroes.juntadeandalucia.es\/ceipantoniocuevas\/files\/2020\/12\/MyCollage_20201222184552538-24x24.png 24w, https:\/\/blogsaverroes.juntadeandalucia.es\/ceipantoniocuevas\/files\/2020\/12\/MyCollage_20201222184552538-36x36.png 36w, https:\/\/blogsaverroes.juntadeandalucia.es\/ceipantoniocuevas\/files\/2020\/12\/MyCollage_20201222184552538-48x48.png 48w, https:\/\/blogsaverroes.juntadeandalucia.es\/ceipantoniocuevas\/files\/2020\/12\/MyCollage_20201222184552538.png 1600w\" sizes=\"(max-width: 274px) 100vw, 274px\" \/><\/a><p id=\"caption-attachment-3585\" class=\"wp-caption-text\"><span style=\"color: #ff6600\">Vera Villegas Romero&nbsp; 5a\u00f1os B<\/span><\/p><\/div>\n<div id=\"attachment_3584\" style=\"width: 281px\" class=\"wp-caption alignnone\"><a href=\"https:\/\/blogsaverroes.juntadeandalucia.es\/ceipantoniocuevas\/files\/2020\/12\/MyCollage_20201222184443444.png\"><img loading=\"lazy\" decoding=\"async\" aria-describedby=\"caption-attachment-3584\" class=\"wp-image-3584 \" src=\"https:\/\/blogsaverroes.juntadeandalucia.es\/ceipantoniocuevas\/files\/2020\/12\/MyCollage_20201222184443444-300x300.png\" alt=\"\" width=\"271\" height=\"271\" srcset=\"https:\/\/blogsaverroes.juntadeandalucia.es\/ceipantoniocuevas\/files\/2020\/12\/MyCollage_20201222184443444-300x300.png 300w, https:\/\/blogsaverroes.juntadeandalucia.es\/ceipantoniocuevas\/files\/2020\/12\/MyCollage_20201222184443444-1024x1024.png 1024w, https:\/\/blogsaverroes.juntadeandalucia.es\/ceipantoniocuevas\/files\/2020\/12\/MyCollage_20201222184443444-150x150.png 150w, https:\/\/blogsaverroes.juntadeandalucia.es\/ceipantoniocuevas\/files\/2020\/12\/MyCollage_20201222184443444-768x768.png 768w, https:\/\/blogsaverroes.juntadeandalucia.es\/ceipantoniocuevas\/files\/2020\/12\/MyCollage_20201222184443444-100x100.png 100w, https:\/\/blogsaverroes.juntadeandalucia.es\/ceipantoniocuevas\/files\/2020\/12\/MyCollage_20201222184443444-1536x1536.png 1536w, https:\/\/blogsaverroes.juntadeandalucia.es\/ceipantoniocuevas\/files\/2020\/12\/MyCollage_20201222184443444-24x24.png 24w, https:\/\/blogsaverroes.juntadeandalucia.es\/ceipantoniocuevas\/files\/2020\/12\/MyCollage_20201222184443444-36x36.png 36w, https:\/\/blogsaverroes.juntadeandalucia.es\/ceipantoniocuevas\/files\/2020\/12\/MyCollage_20201222184443444-48x48.png 48w, https:\/\/blogsaverroes.juntadeandalucia.es\/ceipantoniocuevas\/files\/2020\/12\/MyCollage_20201222184443444.png 1600w\" sizes=\"(max-width: 271px) 100vw, 271px\" \/><\/a><p id=\"caption-attachment-3584\" class=\"wp-caption-text\"><span style=\"color: #ff6600\">Pablo Gallego Garr\u00f3n &nbsp; 2\u00baA<br \/><\/span><\/p><\/div>\n<p>&nbsp;<\/p>\n<blockquote>\n<h2>&nbsp;<span style=\"color: #339966\"><strong><em>CURSO 19-20<\/em><\/strong><\/span><\/h2>\n<\/blockquote>\n<p>&nbsp;<\/p>\n<h2><span style=\"color: #ff6600\"><strong>&nbsp;&nbsp;&nbsp;&nbsp; &nbsp; &nbsp; &nbsp; &nbsp; &nbsp; &nbsp; &nbsp; &nbsp; &nbsp; &nbsp; &nbsp; &nbsp; \u00a1Unas tarjetas precios\u00edsimas!<\/strong><\/span><\/h2>\n<p><a href=\"https:\/\/blogsaverroes.juntadeandalucia.es\/ceipantoniocuevas\/files\/2019\/12\/20191220_160913.jpg\"><img loading=\"lazy\" decoding=\"async\" class=\"alignnone wp-image-3306\" src=\"https:\/\/blogsaverroes.juntadeandalucia.es\/ceipantoniocuevas\/files\/2019\/12\/20191220_160913-300x230.jpg\" alt=\"\" width=\"287\" height=\"220\" srcset=\"https:\/\/blogsaverroes.juntadeandalucia.es\/ceipantoniocuevas\/files\/2019\/12\/20191220_160913-300x230.jpg 300w, https:\/\/blogsaverroes.juntadeandalucia.es\/ceipantoniocuevas\/files\/2019\/12\/20191220_160913-768x589.jpg 768w, https:\/\/blogsaverroes.juntadeandalucia.es\/ceipantoniocuevas\/files\/2019\/12\/20191220_160913-1024x786.jpg 1024w, https:\/\/blogsaverroes.juntadeandalucia.es\/ceipantoniocuevas\/files\/2019\/12\/20191220_160913-24x18.jpg 24w, https:\/\/blogsaverroes.juntadeandalucia.es\/ceipantoniocuevas\/files\/2019\/12\/20191220_160913-36x28.jpg 36w, https:\/\/blogsaverroes.juntadeandalucia.es\/ceipantoniocuevas\/files\/2019\/12\/20191220_160913-48x37.jpg 48w, https:\/\/blogsaverroes.juntadeandalucia.es\/ceipantoniocuevas\/files\/2019\/12\/20191220_160913.jpg 1600w\" sizes=\"(max-width: 287px) 100vw, 287px\" \/><\/a><a href=\"https:\/\/blogsaverroes.juntadeandalucia.es\/ceipantoniocuevas\/files\/2019\/12\/20191220_160758.jpg\"><img loading=\"lazy\" decoding=\"async\" class=\"alignnone wp-image-3305\" src=\"https:\/\/blogsaverroes.juntadeandalucia.es\/ceipantoniocuevas\/files\/2019\/12\/20191220_160758-300x219.jpg\" alt=\"\" width=\"299\" height=\"218\" srcset=\"https:\/\/blogsaverroes.juntadeandalucia.es\/ceipantoniocuevas\/files\/2019\/12\/20191220_160758-300x219.jpg 300w, https:\/\/blogsaverroes.juntadeandalucia.es\/ceipantoniocuevas\/files\/2019\/12\/20191220_160758-768x561.jpg 768w, https:\/\/blogsaverroes.juntadeandalucia.es\/ceipantoniocuevas\/files\/2019\/12\/20191220_160758-1024x747.jpg 1024w, https:\/\/blogsaverroes.juntadeandalucia.es\/ceipantoniocuevas\/files\/2019\/12\/20191220_160758-24x18.jpg 24w, https:\/\/blogsaverroes.juntadeandalucia.es\/ceipantoniocuevas\/files\/2019\/12\/20191220_160758-36x26.jpg 36w, https:\/\/blogsaverroes.juntadeandalucia.es\/ceipantoniocuevas\/files\/2019\/12\/20191220_160758-48x35.jpg 48w, https:\/\/blogsaverroes.juntadeandalucia.es\/ceipantoniocuevas\/files\/2019\/12\/20191220_160758.jpg 1600w\" sizes=\"(max-width: 299px) 100vw, 299px\" \/><\/a><\/p>\n<h4><span style=\"color: #ff6600\">Mateo Bashford 5 a\u00f1os A&nbsp;&nbsp;&nbsp;&nbsp;&nbsp;&nbsp;&nbsp;&nbsp;&nbsp;&nbsp;&nbsp;&nbsp;&nbsp;&nbsp;&nbsp;&nbsp;&nbsp;&nbsp;&nbsp;&nbsp;&nbsp;&nbsp;&nbsp;&nbsp;&nbsp;&nbsp;&nbsp;&nbsp;&nbsp;&nbsp;&nbsp; Pablo Gallego 1\u00ba A<\/span><\/h4>\n<p><a href=\"https:\/\/blogsaverroes.juntadeandalucia.es\/ceipantoniocuevas\/files\/2019\/12\/20191220_160831.jpg\"><img loading=\"lazy\" decoding=\"async\" class=\"alignnone size-medium wp-image-3307\" src=\"https:\/\/blogsaverroes.juntadeandalucia.es\/ceipantoniocuevas\/files\/2019\/12\/20191220_160831-300x221.jpg\" alt=\"\" width=\"300\" height=\"221\" srcset=\"https:\/\/blogsaverroes.juntadeandalucia.es\/ceipantoniocuevas\/files\/2019\/12\/20191220_160831-300x221.jpg 300w, https:\/\/blogsaverroes.juntadeandalucia.es\/ceipantoniocuevas\/files\/2019\/12\/20191220_160831-768x565.jpg 768w, https:\/\/blogsaverroes.juntadeandalucia.es\/ceipantoniocuevas\/files\/2019\/12\/20191220_160831-1024x753.jpg 1024w, https:\/\/blogsaverroes.juntadeandalucia.es\/ceipantoniocuevas\/files\/2019\/12\/20191220_160831-24x18.jpg 24w, https:\/\/blogsaverroes.juntadeandalucia.es\/ceipantoniocuevas\/files\/2019\/12\/20191220_160831-36x26.jpg 36w, https:\/\/blogsaverroes.juntadeandalucia.es\/ceipantoniocuevas\/files\/2019\/12\/20191220_160831-48x35.jpg 48w, https:\/\/blogsaverroes.juntadeandalucia.es\/ceipantoniocuevas\/files\/2019\/12\/20191220_160831.jpg 1600w\" sizes=\"(max-width: 300px) 100vw, 300px\" \/><\/a><a href=\"https:\/\/blogsaverroes.juntadeandalucia.es\/ceipantoniocuevas\/files\/2019\/12\/20191220_161323.jpg\"><img loading=\"lazy\" decoding=\"async\" class=\"alignnone wp-image-3308\" src=\"https:\/\/blogsaverroes.juntadeandalucia.es\/ceipantoniocuevas\/files\/2019\/12\/20191220_161323-300x225.jpg\" alt=\"\" width=\"295\" height=\"221\" srcset=\"https:\/\/blogsaverroes.juntadeandalucia.es\/ceipantoniocuevas\/files\/2019\/12\/20191220_161323-300x225.jpg 300w, https:\/\/blogsaverroes.juntadeandalucia.es\/ceipantoniocuevas\/files\/2019\/12\/20191220_161323-768x576.jpg 768w, https:\/\/blogsaverroes.juntadeandalucia.es\/ceipantoniocuevas\/files\/2019\/12\/20191220_161323-1024x768.jpg 1024w, https:\/\/blogsaverroes.juntadeandalucia.es\/ceipantoniocuevas\/files\/2019\/12\/20191220_161323-24x18.jpg 24w, https:\/\/blogsaverroes.juntadeandalucia.es\/ceipantoniocuevas\/files\/2019\/12\/20191220_161323-36x27.jpg 36w, https:\/\/blogsaverroes.juntadeandalucia.es\/ceipantoniocuevas\/files\/2019\/12\/20191220_161323-48x36.jpg 48w, https:\/\/blogsaverroes.juntadeandalucia.es\/ceipantoniocuevas\/files\/2019\/12\/20191220_161323.jpg 1600w\" sizes=\"(max-width: 295px) 100vw, 295px\" \/><\/a><\/p>\n<h3><span style=\"color: #ff6600\">Ouassim El Khalili&nbsp; 3\u00baC&nbsp;&nbsp;&nbsp;&nbsp;&nbsp;&nbsp;&nbsp;&nbsp;&nbsp;&nbsp;&nbsp;&nbsp;&nbsp;&nbsp;&nbsp;&nbsp;&nbsp;&nbsp;&nbsp;&nbsp;&nbsp;&nbsp;&nbsp;&nbsp;&nbsp;&nbsp;&nbsp;&nbsp;&nbsp;&nbsp;&nbsp;&nbsp;&nbsp;&nbsp;&nbsp; Lola Rodr\u00edguez&nbsp; 6\u00ba A<\/span><\/h3>\n<p>&nbsp;<\/p>\n<p>&nbsp;<\/p>\n<blockquote>\n<h2><strong><span style=\"color: #339966\">CURSO 18-19<\/span><\/strong><\/h2>\n<\/blockquote>\n<h2><a href=\"https:\/\/blogsaverroes.juntadeandalucia.es\/ceipantoniocuevas\/files\/2018\/12\/20181221_105059.jpg\"><img loading=\"lazy\" decoding=\"async\" class=\"alignnone wp-image-3102 size-medium\" title=\"Abril Garc\u00eda Hurtado. 5 a\u00f1osB\" src=\"https:\/\/blogsaverroes.juntadeandalucia.es\/ceipantoniocuevas\/files\/2018\/12\/20181221_105059-300x225.jpg\" alt=\"Abril Garc\u00eda Hurtado. 5 a\u00f1osB.\" width=\"300\" height=\"225\" srcset=\"https:\/\/blogsaverroes.juntadeandalucia.es\/ceipantoniocuevas\/files\/2018\/12\/20181221_105059-300x225.jpg 300w, https:\/\/blogsaverroes.juntadeandalucia.es\/ceipantoniocuevas\/files\/2018\/12\/20181221_105059-768x576.jpg 768w, https:\/\/blogsaverroes.juntadeandalucia.es\/ceipantoniocuevas\/files\/2018\/12\/20181221_105059-1024x768.jpg 1024w, https:\/\/blogsaverroes.juntadeandalucia.es\/ceipantoniocuevas\/files\/2018\/12\/20181221_105059-24x18.jpg 24w, https:\/\/blogsaverroes.juntadeandalucia.es\/ceipantoniocuevas\/files\/2018\/12\/20181221_105059-36x27.jpg 36w, https:\/\/blogsaverroes.juntadeandalucia.es\/ceipantoniocuevas\/files\/2018\/12\/20181221_105059-48x36.jpg 48w, https:\/\/blogsaverroes.juntadeandalucia.es\/ceipantoniocuevas\/files\/2018\/12\/20181221_105059.jpg 1600w\" sizes=\"(max-width: 300px) 100vw, 300px\" \/><\/a> <a href=\"https:\/\/blogsaverroes.juntadeandalucia.es\/ceipantoniocuevas\/files\/2018\/12\/20181221_105044.jpg\"><img loading=\"lazy\" decoding=\"async\" class=\"alignnone size-medium wp-image-3101\" src=\"https:\/\/blogsaverroes.juntadeandalucia.es\/ceipantoniocuevas\/files\/2018\/12\/20181221_105044-300x225.jpg\" alt=\"\" width=\"300\" height=\"225\" srcset=\"https:\/\/blogsaverroes.juntadeandalucia.es\/ceipantoniocuevas\/files\/2018\/12\/20181221_105044-300x225.jpg 300w, https:\/\/blogsaverroes.juntadeandalucia.es\/ceipantoniocuevas\/files\/2018\/12\/20181221_105044-768x576.jpg 768w, https:\/\/blogsaverroes.juntadeandalucia.es\/ceipantoniocuevas\/files\/2018\/12\/20181221_105044-1024x768.jpg 1024w, https:\/\/blogsaverroes.juntadeandalucia.es\/ceipantoniocuevas\/files\/2018\/12\/20181221_105044-24x18.jpg 24w, https:\/\/blogsaverroes.juntadeandalucia.es\/ceipantoniocuevas\/files\/2018\/12\/20181221_105044-36x27.jpg 36w, https:\/\/blogsaverroes.juntadeandalucia.es\/ceipantoniocuevas\/files\/2018\/12\/20181221_105044-48x36.jpg 48w, https:\/\/blogsaverroes.juntadeandalucia.es\/ceipantoniocuevas\/files\/2018\/12\/20181221_105044.jpg 1600w\" sizes=\"(max-width: 300px) 100vw, 300px\" \/><\/a><\/h2>\n<p><strong><span style=\"color: #ffbf00\">&nbsp;&nbsp;&nbsp;&nbsp;&nbsp;&nbsp;&nbsp;&nbsp;&nbsp;&nbsp; Abril Garc\u00eda Hurtado. 5 a\u00f1os B.&nbsp;&nbsp;&nbsp;&nbsp;&nbsp;&nbsp;&nbsp;&nbsp;&nbsp;&nbsp;&nbsp;&nbsp;&nbsp;&nbsp;&nbsp;&nbsp;&nbsp;&nbsp;&nbsp;&nbsp;&nbsp;&nbsp; Natalia Garc\u00eda N\u00fa\u00f1ez. 2\u00baC &nbsp;&nbsp;&nbsp;&nbsp;&nbsp;&nbsp; <\/span><\/strong><\/p>\n<p>&nbsp;<\/p>\n<p><a href=\"https:\/\/blogsaverroes.juntadeandalucia.es\/ceipantoniocuevas\/files\/2018\/12\/20181221_105031.jpg\"><img loading=\"lazy\" decoding=\"async\" class=\"alignnone size-medium wp-image-3100\" src=\"https:\/\/blogsaverroes.juntadeandalucia.es\/ceipantoniocuevas\/files\/2018\/12\/20181221_105031-300x225.jpg\" alt=\"\" width=\"300\" height=\"225\" srcset=\"https:\/\/blogsaverroes.juntadeandalucia.es\/ceipantoniocuevas\/files\/2018\/12\/20181221_105031-300x225.jpg 300w, https:\/\/blogsaverroes.juntadeandalucia.es\/ceipantoniocuevas\/files\/2018\/12\/20181221_105031-768x576.jpg 768w, https:\/\/blogsaverroes.juntadeandalucia.es\/ceipantoniocuevas\/files\/2018\/12\/20181221_105031-1024x768.jpg 1024w, https:\/\/blogsaverroes.juntadeandalucia.es\/ceipantoniocuevas\/files\/2018\/12\/20181221_105031-24x18.jpg 24w, https:\/\/blogsaverroes.juntadeandalucia.es\/ceipantoniocuevas\/files\/2018\/12\/20181221_105031-36x27.jpg 36w, https:\/\/blogsaverroes.juntadeandalucia.es\/ceipantoniocuevas\/files\/2018\/12\/20181221_105031-48x36.jpg 48w, https:\/\/blogsaverroes.juntadeandalucia.es\/ceipantoniocuevas\/files\/2018\/12\/20181221_105031.jpg 1600w\" sizes=\"(max-width: 300px) 100vw, 300px\" \/><\/a> <a href=\"https:\/\/blogsaverroes.juntadeandalucia.es\/ceipantoniocuevas\/files\/2018\/12\/20181221_105003.jpg\"><img loading=\"lazy\" decoding=\"async\" class=\"alignnone size-medium wp-image-3098\" src=\"https:\/\/blogsaverroes.juntadeandalucia.es\/ceipantoniocuevas\/files\/2018\/12\/20181221_105003-300x225.jpg\" alt=\"\" width=\"300\" height=\"225\" srcset=\"https:\/\/blogsaverroes.juntadeandalucia.es\/ceipantoniocuevas\/files\/2018\/12\/20181221_105003-300x225.jpg 300w, https:\/\/blogsaverroes.juntadeandalucia.es\/ceipantoniocuevas\/files\/2018\/12\/20181221_105003-768x576.jpg 768w, https:\/\/blogsaverroes.juntadeandalucia.es\/ceipantoniocuevas\/files\/2018\/12\/20181221_105003-1024x768.jpg 1024w, https:\/\/blogsaverroes.juntadeandalucia.es\/ceipantoniocuevas\/files\/2018\/12\/20181221_105003-24x18.jpg 24w, https:\/\/blogsaverroes.juntadeandalucia.es\/ceipantoniocuevas\/files\/2018\/12\/20181221_105003-36x27.jpg 36w, https:\/\/blogsaverroes.juntadeandalucia.es\/ceipantoniocuevas\/files\/2018\/12\/20181221_105003-48x36.jpg 48w, https:\/\/blogsaverroes.juntadeandalucia.es\/ceipantoniocuevas\/files\/2018\/12\/20181221_105003.jpg 1600w\" sizes=\"(max-width: 300px) 100vw, 300px\" \/><\/a><\/p>\n<p><span style=\"color: #ffbf00\"><strong>&nbsp;&nbsp;&nbsp;&nbsp;&nbsp;&nbsp;&nbsp;&nbsp; Silvia Valencia \u00c1lvarez. 3\u00baA.&nbsp;&nbsp;&nbsp;&nbsp;&nbsp;&nbsp;&nbsp;&nbsp;&nbsp;&nbsp;&nbsp;&nbsp;&nbsp;&nbsp;&nbsp;&nbsp;&nbsp;&nbsp;&nbsp;&nbsp;&nbsp;&nbsp;&nbsp;&nbsp;&nbsp;&nbsp;&nbsp;&nbsp;&nbsp; Natalia Valencia \u00c1lvarez. 5\u00baC<\/strong><\/span><\/p>\n<p>&nbsp;<\/p>\n<p><a href=\"https:\/\/blogsaverroes.juntadeandalucia.es\/ceipantoniocuevas\/files\/2018\/12\/20181221_105015.jpg\"><img loading=\"lazy\" decoding=\"async\" class=\"size-medium wp-image-3099 aligncenter\" src=\"https:\/\/blogsaverroes.juntadeandalucia.es\/ceipantoniocuevas\/files\/2018\/12\/20181221_105015-300x225.jpg\" alt=\"\" width=\"300\" height=\"225\" srcset=\"https:\/\/blogsaverroes.juntadeandalucia.es\/ceipantoniocuevas\/files\/2018\/12\/20181221_105015-300x225.jpg 300w, https:\/\/blogsaverroes.juntadeandalucia.es\/ceipantoniocuevas\/files\/2018\/12\/20181221_105015-768x576.jpg 768w, https:\/\/blogsaverroes.juntadeandalucia.es\/ceipantoniocuevas\/files\/2018\/12\/20181221_105015-1024x768.jpg 1024w, https:\/\/blogsaverroes.juntadeandalucia.es\/ceipantoniocuevas\/files\/2018\/12\/20181221_105015-24x18.jpg 24w, https:\/\/blogsaverroes.juntadeandalucia.es\/ceipantoniocuevas\/files\/2018\/12\/20181221_105015-36x27.jpg 36w, https:\/\/blogsaverroes.juntadeandalucia.es\/ceipantoniocuevas\/files\/2018\/12\/20181221_105015-48x36.jpg 48w, https:\/\/blogsaverroes.juntadeandalucia.es\/ceipantoniocuevas\/files\/2018\/12\/20181221_105015.jpg 1600w\" sizes=\"(max-width: 300px) 100vw, 300px\" \/><\/a>&nbsp;&nbsp;&nbsp;&nbsp;&nbsp;&nbsp;&nbsp;&nbsp;&nbsp;&nbsp;&nbsp;&nbsp;&nbsp;&nbsp;&nbsp;&nbsp;&nbsp;&nbsp;&nbsp;&nbsp;&nbsp;&nbsp;&nbsp;&nbsp;&nbsp;&nbsp;&nbsp;&nbsp;&nbsp;&nbsp;&nbsp;&nbsp;&nbsp;&nbsp;&nbsp;&nbsp;&nbsp;&nbsp;&nbsp;&nbsp;&nbsp;&nbsp;&nbsp;&nbsp;&nbsp;&nbsp;&nbsp;&nbsp;<strong><span style=\"color: #ffbf00\"> &nbsp; &nbsp;&nbsp; Victoria L\u00f3pez Lemos. 6\u00baB.<\/span><\/strong><\/p>\n<p>&nbsp;<\/p>\n<h3 style=\"text-align: center\"><span style=\"color: #ff6600\"><strong>\u00a1Enhorabuena a las 5 ganadoras!<\/strong><\/span><\/h3>\n<p>&nbsp;<\/p>\n<blockquote>\n<h2><span style=\"color: #8a0b57\"><strong>CURSO 17-18<\/strong><\/span><\/h2>\n<\/blockquote>\n<div class=\"entry-content cf\">\n<p><a href=\"https:\/\/blogsaverroes.juntadeandalucia.es\/ceipantoniocuevas\/files\/2017\/12\/felicitaciones-2017-e1513854592108.jpg\"><img loading=\"lazy\" decoding=\"async\" class=\"size-medium wp-image-2726 aligncenter\" src=\"https:\/\/blogsaverroes.juntadeandalucia.es\/ceipantoniocuevas\/files\/2017\/12\/felicitaciones-2017-300x227.jpg\" alt=\"\" width=\"300\" height=\"227\"><\/a><\/p>\n<h3><span style=\"color: #8a0b57\"><strong>Enhorabuena a todo el alumnado participante y en especial a los ganadores-as: <\/strong><\/span><\/h3>\n<ul>\n<li>\n<h4><span style=\"color: #8a0b57\">Cayetano Delgado Calado 5\u00ba\u00f1os C.<\/span><\/h4>\n<\/li>\n<li>\n<h4><span style=\"color: #8a0b57\">Abel Donaire S\u00e1nchez 3\u00baA.<\/span><\/h4>\n<\/li>\n<li>\n<h4><span style=\"color: #8a0b57\">Mercedes Bizcocho Carranza 2\u00baA.<\/span><\/h4>\n<\/li>\n<li>\n<h4><span style=\"color: #8a0b57\">Luc\u00eda Pineda Mateo 6\u00baA.<\/span><\/h4>\n<\/li>\n<\/ul>\n<\/div>\n","protected":false},"excerpt":{"rendered":"<p>&nbsp;CURSO 2021-2022 Enhorabuena a los ganadores y ganadoras de este curso.&nbsp; &nbsp;&nbsp; &nbsp;Angely C. Hern\u00e1ndez Zapata 4 a\u00f1os B. Lola Vargas Zapata 2\u00ba A. Rafael Lozano Fuentes 4\u00ba B. David B. D. 6\u00ba B.&#46;&#46;&#46;<\/p>\n","protected":false},"author":2988,"featured_media":0,"parent":2828,"menu_order":0,"comment_status":"closed","ping_status":"closed","template":"","meta":{"ngg_post_thumbnail":0,"footnotes":"","_mc_calendar":[]},"aioseo_notices":[],"_links":{"self":[{"href":"https:\/\/blogsaverroes.juntadeandalucia.es\/ceipantoniocuevas\/wp-json\/wp\/v2\/pages\/2841"}],"collection":[{"href":"https:\/\/blogsaverroes.juntadeandalucia.es\/ceipantoniocuevas\/wp-json\/wp\/v2\/pages"}],"about":[{"href":"https:\/\/blogsaverroes.juntadeandalucia.es\/ceipantoniocuevas\/wp-json\/wp\/v2\/types\/page"}],"author":[{"embeddable":true,"href":"https:\/\/blogsaverroes.juntadeandalucia.es\/ceipantoniocuevas\/wp-json\/wp\/v2\/users\/2988"}],"replies":[{"embeddable":true,"href":"https:\/\/blogsaverroes.juntadeandalucia.es\/ceipantoniocuevas\/wp-json\/wp\/v2\/comments?post=2841"}],"version-history":[{"count":8,"href":"https:\/\/blogsaverroes.juntadeandalucia.es\/ceipantoniocuevas\/wp-json\/wp\/v2\/pages\/2841\/revisions"}],"predecessor-version":[{"id":3958,"href":"https:\/\/blogsaverroes.juntadeandalucia.es\/ceipantoniocuevas\/wp-json\/wp\/v2\/pages\/2841\/revisions\/3958"}],"up":[{"embeddable":true,"href":"https:\/\/blogsaverroes.juntadeandalucia.es\/ceipantoniocuevas\/wp-json\/wp\/v2\/pages\/2828"}],"wp:attachment":[{"href":"https:\/\/blogsaverroes.juntadeandalucia.es\/ceipantoniocuevas\/wp-json\/wp\/v2\/media?parent=2841"}],"curies":[{"name":"wp","href":"https:\/\/api.w.org\/{rel}","templated":true}]}}