{"id":2907,"date":"2018-04-30T20:10:37","date_gmt":"2018-04-30T19:10:37","guid":{"rendered":"http:\/\/blogsaverroes.juntadeandalucia.es\/ceipantoniocuevas\/?page_id=2907"},"modified":"2019-10-11T17:43:38","modified_gmt":"2019-10-11T16:43:38","slug":"curso-17-18","status":"publish","type":"page","link":"https:\/\/blogsaverroes.juntadeandalucia.es\/ceipantoniocuevas\/concursos\/actividades-complementarias\/curso-17-18\/","title":{"rendered":"CURSO 2017-2018"},"content":{"rendered":"<blockquote>\n<h1><strong><span style=\"color: #ff00ff\">FIESTA 2018 <\/span><br \/>\n<\/strong><\/h1>\n<\/blockquote>\n<h3>&nbsp;<span style=\"color: #ff99cc\"><strong>A pesar de la amenaza de lluvia durante toda la ma\u00f1ana, el d\u00eda nos regal\u00f3 una tarde-noche estupenda.<\/strong><\/span><\/h3>\n<h3><strong><span style=\"color: #ff99cc\">Gracias a quienes colaboraron para que todo saliera tan bien.<\/span><\/strong><\/h3>\n<p>&nbsp;<\/p>\n<p><iframe loading=\"lazy\" src=\"https:\/\/www.youtube.com\/embed\/RpA7k0qhNZw?rel=0\" width=\"350\" height=\"300\" frameborder=\"0\"><\/iframe><\/p>\n<blockquote>\n<h1><strong><span style=\"color: #993366\"><span style=\"color: #cc99ff\">Concurso de pasos de Semana Santa&nbsp; 2018<\/span><\/span><br \/>\n<\/strong><\/h1>\n<\/blockquote>\n<p>&nbsp;<\/p>\n<h4><strong><span style=\"color: #cc99ff\">\u00a1Hemos batido record de participaci\u00f3n!<\/span><\/strong><\/h4>\n<h4><span style=\"color: #cc99ff\">&nbsp;<strong>&nbsp; <\/strong><\/span><\/h4>\n<p>&nbsp;<\/p>\n<h4><span style=\"color: #cc99ff\"><strong><em>PRIMER PREMIO:<\/em><\/strong><\/span><\/h4>\n<ul>\n<li><span style=\"color: #cc99ff\">Diego Moreno Siles.4\u00baB.<\/span><\/li>\n<li><span style=\"color: #cc99ff\">Gonzalo Leflet Garc\u00eda.4\u00baB.<\/span><\/li>\n<li><span style=\"color: #cc99ff\">Antonio Guti\u00e9rrez Alba.4\u00baB.<\/span><\/li>\n<\/ul>\n<h4><span style=\"color: #cc99ff\"><em><strong>SEGUNDO PREMIO:<\/strong><\/em><\/span><\/h4>\n<ul>\n<li><span style=\"color: #cc99ff\">\u00c1ngela Bejarano Romero. 2\u00baC.<\/span><\/li>\n<\/ul>\n<p>&nbsp;<\/p>\n<h4><span style=\"color: #cc99ff\"><em><strong>TERCER PREMIO:<\/strong><\/em><\/span><\/h4>\n<ul>\n<li><span style=\"color: #cc99ff\">Jos\u00e9 Manuel Rodr\u00edguez Orta. 5\u00baB.<\/span><\/li>\n<\/ul>\n<p>&nbsp;<\/p>\n<div style=\"width: 500px;\" class=\"wp-video\"><!--[if lt IE 9]><script>document.createElement('video');<\/script><![endif]-->\n<video class=\"wp-video-shortcode\" id=\"video-2907-1\" width=\"500\" height=\"300\" preload=\"metadata\" controls=\"controls\"><source type=\"video\/mp4\" src=\"https:\/\/blogsaverroes.juntadeandalucia.es\/ceipantoniocuevas\/files\/2018\/03\/pasos18.mp4?_=1\" \/><a href=\"https:\/\/blogsaverroes.juntadeandalucia.es\/ceipantoniocuevas\/files\/2018\/03\/pasos18.mp4\">https:\/\/blogsaverroes.juntadeandalucia.es\/ceipantoniocuevas\/files\/2018\/03\/pasos18.mp4<\/a><\/video><\/div>\n<p><span style=\"color: #cc99ff\"><strong>Dado el alto \u00edndice de participantes se han&nbsp; concedido <\/strong><strong>tambi\u00e9n<\/strong><strong> cuarto y quinto premio.<\/strong><\/span><\/p>\n<h1><strong>&nbsp;<\/strong><\/h1>\n<blockquote>\n<h2><strong><span style=\"color: #ff6600\">TEATRO<\/span><\/strong><\/h2>\n<\/blockquote>\n<h2><span style=\"color: #ff9900\"><strong>A lo largo del mes de abril hemos estado muy teatreros en el CEIP Antonio Cuevas. <\/strong><\/span><\/h2>\n<h3 style=\"text-align: center\"><strong><span style=\"color: #ff9900\">\u00a1Y lo hemos pasado genial!<\/span><\/strong><\/h3>\n<p>&nbsp;<\/p>\n<p>&nbsp;<\/p>\n<div style=\"width: 854px;\" class=\"wp-video\"><video class=\"wp-video-shortcode\" id=\"video-2907-2\" width=\"854\" height=\"480\" preload=\"metadata\" controls=\"controls\"><source type=\"video\/mp4\" src=\"https:\/\/blogsaverroes.juntadeandalucia.es\/ceipantoniocuevas\/files\/2018\/04\/Teatro-18.mp4?_=2\" \/><a href=\"https:\/\/blogsaverroes.juntadeandalucia.es\/ceipantoniocuevas\/files\/2018\/04\/Teatro-18.mp4\">https:\/\/blogsaverroes.juntadeandalucia.es\/ceipantoniocuevas\/files\/2018\/04\/Teatro-18.mp4<\/a><\/video><\/div>\n<p>&nbsp;<\/p>\n<p>&nbsp;<\/p>\n<h2><span style=\"color: #db9b56\"><strong>Tambi\u00e9n hemos aprendido a hablar&nbsp; con el lenguaje de signos.<\/strong><\/span><\/h2>\n<p>&nbsp;<\/p>\n<h3><strong><span style=\"color: #db9b56\">Aqu\u00ed os dejo el v\u00eddeo para que no se os olvide ninguno.<\/span><\/strong><\/h3>\n<p>&nbsp;<iframe loading=\"lazy\" src=\"https:\/\/www.youtube.com\/embed\/0V2dsetlzEI?rel=0\" width=\"350 height=\" height=\"300\" frameborder=\"0\"><\/iframe><\/p>\n<p>&nbsp;<\/p>\n<p>&nbsp;<\/p>\n<blockquote>\n<h1><span style=\"color: #ff6600\"><strong>XII Concurso&nbsp; de Creaci\u00f3n Literaria \u00abClara Campoamor\u00bb.<\/strong><\/span><\/h1>\n<\/blockquote>\n<h4>F<span style=\"color: #ff6600\">elicidades a las ganadoras de las&nbsp; categor\u00edas de&nbsp; Poes\u00eda y Relato corto:<\/span><\/h4>\n<h4><em><span style=\"color: #ff6600\">Blanca Tristancho Lemus (5\u00aaB) y Emma Miranda Caram\u00e9 (5\u00baA).<\/span><br \/>\n<\/em><\/h4>\n<p>&nbsp;<\/p>\n<p><a href=\"https:\/\/blogsaverroes.juntadeandalucia.es\/ceipantoniocuevas\/files\/2018\/03\/20180427_210226.jpg\"><img loading=\"lazy\" decoding=\"async\" class=\" wp-image-2889 aligncenter\" src=\"https:\/\/blogsaverroes.juntadeandalucia.es\/ceipantoniocuevas\/files\/2018\/03\/20180427_210226-300x274.jpg\" alt=\"\" width=\"241\" height=\"220\" srcset=\"https:\/\/blogsaverroes.juntadeandalucia.es\/ceipantoniocuevas\/files\/2018\/03\/20180427_210226-300x274.jpg 300w, https:\/\/blogsaverroes.juntadeandalucia.es\/ceipantoniocuevas\/files\/2018\/03\/20180427_210226-768x702.jpg 768w, https:\/\/blogsaverroes.juntadeandalucia.es\/ceipantoniocuevas\/files\/2018\/03\/20180427_210226-1024x936.jpg 1024w, https:\/\/blogsaverroes.juntadeandalucia.es\/ceipantoniocuevas\/files\/2018\/03\/20180427_210226-24x22.jpg 24w, https:\/\/blogsaverroes.juntadeandalucia.es\/ceipantoniocuevas\/files\/2018\/03\/20180427_210226-36x33.jpg 36w, https:\/\/blogsaverroes.juntadeandalucia.es\/ceipantoniocuevas\/files\/2018\/03\/20180427_210226-48x44.jpg 48w, https:\/\/blogsaverroes.juntadeandalucia.es\/ceipantoniocuevas\/files\/2018\/03\/20180427_210226.jpg 1600w\" sizes=\"(max-width: 241px) 100vw, 241px\" \/><\/a><\/p>\n<p><a href=\"https:\/\/blogsaverroes.juntadeandalucia.es\/ceipantoniocuevas\/files\/2018\/03\/20180427_210143.jpg\"><img loading=\"lazy\" decoding=\"async\" class=\" wp-image-2888 aligncenter\" src=\"https:\/\/blogsaverroes.juntadeandalucia.es\/ceipantoniocuevas\/files\/2018\/03\/20180427_210143-300x225.jpg\" alt=\"\" width=\"258\" height=\"194\" srcset=\"https:\/\/blogsaverroes.juntadeandalucia.es\/ceipantoniocuevas\/files\/2018\/03\/20180427_210143-300x225.jpg 300w, https:\/\/blogsaverroes.juntadeandalucia.es\/ceipantoniocuevas\/files\/2018\/03\/20180427_210143-768x576.jpg 768w, https:\/\/blogsaverroes.juntadeandalucia.es\/ceipantoniocuevas\/files\/2018\/03\/20180427_210143-1024x768.jpg 1024w, https:\/\/blogsaverroes.juntadeandalucia.es\/ceipantoniocuevas\/files\/2018\/03\/20180427_210143-24x18.jpg 24w, https:\/\/blogsaverroes.juntadeandalucia.es\/ceipantoniocuevas\/files\/2018\/03\/20180427_210143-36x27.jpg 36w, https:\/\/blogsaverroes.juntadeandalucia.es\/ceipantoniocuevas\/files\/2018\/03\/20180427_210143-48x36.jpg 48w, https:\/\/blogsaverroes.juntadeandalucia.es\/ceipantoniocuevas\/files\/2018\/03\/20180427_210143.jpg 1600w\" sizes=\"(max-width: 258px) 100vw, 258px\" \/><\/a><\/p>\n<h3 style=\"text-align: center\"><span style=\"color: #ff6600\"><strong>\u00a1Enhorabuena a las dos y al resto de participantes!<\/strong><\/span><\/h3>\n<p>&nbsp;<\/p>\n<p>&nbsp;<\/p>\n<p>&nbsp;<\/p>\n<blockquote>\n<h2><span style=\"color: #00ccff\"><strong>D\u00cdA DE LA PAZ<\/strong><\/span><\/h2>\n<h3 style=\"text-align: center\"><span style=\"color: #00ccff\"><strong>\u00a1QUE TODOS LOS D\u00cdAS SEAN EL D\u00cdA DE LA PAZ!<\/strong><\/span><\/h3>\n<\/blockquote>\n<h3 style=\"text-align: center\">&nbsp;<\/h3>\n<h4>&nbsp;<\/h4>\n<p><iframe loading=\"lazy\" src=\"https:\/\/www.youtube.com\/embed\/pZF4aImwSLc?rel=0\" width=\"350\" height=\"315\" frameborder=\"0\"><\/iframe><\/p>\n<p>&nbsp;<\/p>\n<p>&nbsp;<\/p>\n<blockquote>\n<h2><span style=\"color: #008000\"><strong>D\u00cdA DE ANDALUC\u00cdA<\/strong><\/span><\/h2>\n<\/blockquote>\n<p>&nbsp;<\/p>\n<p><a href=\"https:\/\/blogsaverroes.juntadeandalucia.es\/ceipantoniocuevas\/files\/2018\/04\/20180228_143934.jpg\"><img loading=\"lazy\" decoding=\"async\" class=\"wp-image-2953 aligncenter\" src=\"https:\/\/blogsaverroes.juntadeandalucia.es\/ceipantoniocuevas\/files\/2018\/04\/20180228_143934-300x300.jpg\" alt=\"\" width=\"275\" height=\"275\" srcset=\"https:\/\/blogsaverroes.juntadeandalucia.es\/ceipantoniocuevas\/files\/2018\/04\/20180228_143934-300x300.jpg 300w, https:\/\/blogsaverroes.juntadeandalucia.es\/ceipantoniocuevas\/files\/2018\/04\/20180228_143934-150x150.jpg 150w, https:\/\/blogsaverroes.juntadeandalucia.es\/ceipantoniocuevas\/files\/2018\/04\/20180228_143934-768x768.jpg 768w, https:\/\/blogsaverroes.juntadeandalucia.es\/ceipantoniocuevas\/files\/2018\/04\/20180228_143934-1024x1024.jpg 1024w, https:\/\/blogsaverroes.juntadeandalucia.es\/ceipantoniocuevas\/files\/2018\/04\/20180228_143934-100x100.jpg 100w, https:\/\/blogsaverroes.juntadeandalucia.es\/ceipantoniocuevas\/files\/2018\/04\/20180228_143934-24x24.jpg 24w, https:\/\/blogsaverroes.juntadeandalucia.es\/ceipantoniocuevas\/files\/2018\/04\/20180228_143934-36x36.jpg 36w, https:\/\/blogsaverroes.juntadeandalucia.es\/ceipantoniocuevas\/files\/2018\/04\/20180228_143934-48x48.jpg 48w, https:\/\/blogsaverroes.juntadeandalucia.es\/ceipantoniocuevas\/files\/2018\/04\/20180228_143934.jpg 1600w\" sizes=\"(max-width: 275px) 100vw, 275px\" \/><\/a><\/p>\n<p>&nbsp;<\/p>\n<p>&nbsp;<\/p>\n<blockquote>\n<h2><span style=\"color: #ad1515\"><strong>\u00a1 QUE VIENEN LOS REYES !<\/strong><\/span><\/h2>\n<\/blockquote>\n<p>&nbsp;<strong><span style=\"color: #ad1515\">Al igual que otros a\u00f1os, sus Magestades nos visitaron y les entregamos nuestras cartas.<\/span><\/strong><\/p>\n<p><strong><span style=\"color: #ad1515\">La visita estubo amenizada por el coro de la AMPA, que no par\u00f3 de cantar.<\/span><\/strong><\/p>\n<p><a href=\"https:\/\/blogsaverroes.juntadeandalucia.es\/ceipantoniocuevas\/files\/2018\/04\/20171222_111945.jpg\"><img loading=\"lazy\" decoding=\"async\" class=\" wp-image-2954 aligncenter\" src=\"https:\/\/blogsaverroes.juntadeandalucia.es\/ceipantoniocuevas\/files\/2018\/04\/20171222_111945-300x300.jpg\" alt=\"\" width=\"258\" height=\"258\" srcset=\"https:\/\/blogsaverroes.juntadeandalucia.es\/ceipantoniocuevas\/files\/2018\/04\/20171222_111945-300x300.jpg 300w, https:\/\/blogsaverroes.juntadeandalucia.es\/ceipantoniocuevas\/files\/2018\/04\/20171222_111945-150x150.jpg 150w, https:\/\/blogsaverroes.juntadeandalucia.es\/ceipantoniocuevas\/files\/2018\/04\/20171222_111945-768x768.jpg 768w, https:\/\/blogsaverroes.juntadeandalucia.es\/ceipantoniocuevas\/files\/2018\/04\/20171222_111945-1024x1024.jpg 1024w, https:\/\/blogsaverroes.juntadeandalucia.es\/ceipantoniocuevas\/files\/2018\/04\/20171222_111945-100x100.jpg 100w, https:\/\/blogsaverroes.juntadeandalucia.es\/ceipantoniocuevas\/files\/2018\/04\/20171222_111945-24x24.jpg 24w, https:\/\/blogsaverroes.juntadeandalucia.es\/ceipantoniocuevas\/files\/2018\/04\/20171222_111945-36x36.jpg 36w, https:\/\/blogsaverroes.juntadeandalucia.es\/ceipantoniocuevas\/files\/2018\/04\/20171222_111945-48x48.jpg 48w, https:\/\/blogsaverroes.juntadeandalucia.es\/ceipantoniocuevas\/files\/2018\/04\/20171222_111945.jpg 1600w\" sizes=\"(max-width: 258px) 100vw, 258px\" \/><\/a><\/p>\n<h4 style=\"text-align: center\"><strong><span style=\"color: #ad1515\">\u00a1Hasta el a\u00f1o que viene!<\/span><\/strong><\/h4>\n<p>&nbsp;<\/p>\n","protected":false},"excerpt":{"rendered":"<p>FIESTA 2018 &nbsp;A pesar de la amenaza de lluvia durante toda la ma\u00f1ana, el d\u00eda nos regal\u00f3 una tarde-noche estupenda. Gracias a quienes colaboraron para que todo saliera tan bien. &nbsp; Concurso de pasos&#46;&#46;&#46;<\/p>\n","protected":false},"author":2988,"featured_media":0,"parent":2902,"menu_order":0,"comment_status":"closed","ping_status":"closed","template":"","meta":{"ngg_post_thumbnail":0,"footnotes":"","_mc_calendar":[]},"aioseo_notices":[],"_links":{"self":[{"href":"https:\/\/blogsaverroes.juntadeandalucia.es\/ceipantoniocuevas\/wp-json\/wp\/v2\/pages\/2907"}],"collection":[{"href":"https:\/\/blogsaverroes.juntadeandalucia.es\/ceipantoniocuevas\/wp-json\/wp\/v2\/pages"}],"about":[{"href":"https:\/\/blogsaverroes.juntadeandalucia.es\/ceipantoniocuevas\/wp-json\/wp\/v2\/types\/page"}],"author":[{"embeddable":true,"href":"https:\/\/blogsaverroes.juntadeandalucia.es\/ceipantoniocuevas\/wp-json\/wp\/v2\/users\/2988"}],"replies":[{"embeddable":true,"href":"https:\/\/blogsaverroes.juntadeandalucia.es\/ceipantoniocuevas\/wp-json\/wp\/v2\/comments?post=2907"}],"version-history":[{"count":16,"href":"https:\/\/blogsaverroes.juntadeandalucia.es\/ceipantoniocuevas\/wp-json\/wp\/v2\/pages\/2907\/revisions"}],"predecessor-version":[{"id":3260,"href":"https:\/\/blogsaverroes.juntadeandalucia.es\/ceipantoniocuevas\/wp-json\/wp\/v2\/pages\/2907\/revisions\/3260"}],"up":[{"embeddable":true,"href":"https:\/\/blogsaverroes.juntadeandalucia.es\/ceipantoniocuevas\/wp-json\/wp\/v2\/pages\/2902"}],"wp:attachment":[{"href":"https:\/\/blogsaverroes.juntadeandalucia.es\/ceipantoniocuevas\/wp-json\/wp\/v2\/media?parent=2907"}],"curies":[{"name":"wp","href":"https:\/\/api.w.org\/{rel}","templated":true}]}}