{"id":42,"date":"2015-03-13T08:40:47","date_gmt":"2015-03-13T08:40:47","guid":{"rendered":"http:\/\/blogsaverroes.juntadeandalucia.es\/pre\/ceip\/?page_id=42"},"modified":"2019-07-19T19:24:59","modified_gmt":"2019-07-19T18:24:59","slug":"equipo-directivo","status":"publish","type":"page","link":"https:\/\/blogsaverroes.juntadeandalucia.es\/ceipantoniocuevas\/equipo-directivo\/","title":{"rendered":"Equipo directivo"},"content":{"rendered":"<p>&nbsp;<\/p>\n<ul style=\"list-style-type: circle\">\n<li><span style=\"color: #003366\"><strong>Direcci\u00f3n:&nbsp; D\u00f1a. ISABEL GAL\u00c1N ARGANDO\u00d1A.<br \/>\n<\/strong><\/span><\/li>\n<li><span style=\"color: #003366\"><strong>Jefatura de estudios:&nbsp; D\u00f1a. SUSANA PERALBO G\u00d3MEZ.<br \/>\n<\/strong><\/span><\/li>\n<li><strong><span style=\"color: #003366\">Secretar\u00eda:&nbsp; D\u00f1a. ROC\u00cdO BEJARANO MORALES.<\/span><br \/>\n<\/strong><\/li>\n<\/ul>\n","protected":false},"excerpt":{"rendered":"<p>&nbsp; Direcci\u00f3n:&nbsp; D\u00f1a. ISABEL GAL\u00c1N ARGANDO\u00d1A. Jefatura de estudios:&nbsp; D\u00f1a. SUSANA PERALBO G\u00d3MEZ. Secretar\u00eda:&nbsp; D\u00f1a. ROC\u00cdO BEJARANO MORALES.<\/p>\n","protected":false},"author":1,"featured_media":0,"parent":0,"menu_order":0,"comment_status":"closed","ping_status":"closed","template":"page-cs.php","meta":{"ngg_post_thumbnail":0,"footnotes":"","_mc_calendar":[]},"aioseo_notices":[],"_links":{"self":[{"href":"https:\/\/blogsaverroes.juntadeandalucia.es\/ceipantoniocuevas\/wp-json\/wp\/v2\/pages\/42"}],"collection":[{"href":"https:\/\/blogsaverroes.juntadeandalucia.es\/ceipantoniocuevas\/wp-json\/wp\/v2\/pages"}],"about":[{"href":"https:\/\/blogsaverroes.juntadeandalucia.es\/ceipantoniocuevas\/wp-json\/wp\/v2\/types\/page"}],"author":[{"embeddable":true,"href":"https:\/\/blogsaverroes.juntadeandalucia.es\/ceipantoniocuevas\/wp-json\/wp\/v2\/users\/1"}],"replies":[{"embeddable":true,"href":"https:\/\/blogsaverroes.juntadeandalucia.es\/ceipantoniocuevas\/wp-json\/wp\/v2\/comments?post=42"}],"version-history":[{"count":5,"href":"https:\/\/blogsaverroes.juntadeandalucia.es\/ceipantoniocuevas\/wp-json\/wp\/v2\/pages\/42\/revisions"}],"predecessor-version":[{"id":3246,"href":"https:\/\/blogsaverroes.juntadeandalucia.es\/ceipantoniocuevas\/wp-json\/wp\/v2\/pages\/42\/revisions\/3246"}],"wp:attachment":[{"href":"https:\/\/blogsaverroes.juntadeandalucia.es\/ceipantoniocuevas\/wp-json\/wp\/v2\/media?parent=42"}],"curies":[{"name":"wp","href":"https:\/\/api.w.org\/{rel}","templated":true}]}}