{"id":4413,"date":"2023-05-16T15:26:03","date_gmt":"2023-05-16T14:26:03","guid":{"rendered":"https:\/\/blogsaverroes.juntadeandalucia.es\/ceipantoniocuevas\/?page_id=4413"},"modified":"2023-06-06T12:21:07","modified_gmt":"2023-06-06T11:21:07","slug":"tde","status":"publish","type":"page","link":"https:\/\/blogsaverroes.juntadeandalucia.es\/ceipantoniocuevas\/profesorado\/tic\/tde\/","title":{"rendered":"TDE"},"content":{"rendered":"<blockquote>\n<h1>&nbsp;&nbsp;&nbsp;<strong><span style=\"color: #008000\"> &nbsp;&nbsp;&nbsp;&nbsp;&nbsp; A.-COMPETENCIA DIGITAL DOCENTE<\/span><\/strong><\/h1>\n<\/blockquote>\n<p>&nbsp;<\/p>\n<h5>&nbsp; &nbsp; &nbsp; &nbsp; &nbsp; &nbsp; &nbsp; &nbsp; &nbsp; &nbsp; &nbsp; &nbsp; &nbsp; &nbsp; &nbsp; &nbsp; &nbsp; &nbsp; &nbsp; &nbsp; &nbsp; &nbsp; &nbsp; &nbsp; &nbsp; &nbsp; &nbsp; &nbsp; &nbsp;&nbsp; <span style=\"color: #003366\">Excelente p\u00e1gina de Ra\u00fal Diego Obreg\u00f3n<\/span><a href=\"https:\/\/www.rauldiego.es\/digcompedu\/\"><img loading=\"lazy\" decoding=\"async\" class=\"aligncenter\" src=\"https:\/\/img.genial.ly\/563f1bf51561e80814f552e2\/a9acdb36-0028-4be7-b3ba-b028db0b152b.png\" alt=\"\" width=\"341\" height=\"211\"><\/a><\/h5>\n<p>&nbsp;<\/p>\n<h5>&nbsp;&nbsp;&nbsp; &nbsp; &nbsp; &nbsp; &nbsp; &nbsp;&nbsp; &nbsp; &nbsp; &nbsp; &nbsp; &nbsp; &nbsp;&nbsp;<\/h5>\n<blockquote>\n<h1 style=\"text-align: center\"><span style=\"color: #008000\"><strong>B.-RECURSOS EDUCATIVOS EN ABIERTO<\/strong><\/span><\/h1>\n<\/blockquote>\n<h2 style=\"text-align: center\"><strong><span style=\"color: #008000\">&nbsp;&nbsp;&nbsp;&nbsp;&nbsp; A-&nbsp; PROYECTO REA\/ DUA &nbsp; &nbsp;&nbsp; JUNTA DE ANDALUC\u00cdA<\/span><\/strong><\/h2>\n<p><a href=\"https:\/\/www.juntadeandalucia.es\/educacion\/portals\/web\/transformacion-digital-educativa\/rea?s=03\"><img loading=\"lazy\" decoding=\"async\" class=\"aligncenter wp-image-6530 size-medium\" src=\"https:\/\/blogsaverroes.juntadeandalucia.es\/ieslauretum\/files\/2022\/05\/Captura-de-pantalla-2022-05-05-113836-300x164.png\" alt=\"\" width=\"300\" height=\"164\"><\/a><\/p>\n<h2><span style=\"color: #008000\">&nbsp;&nbsp;&nbsp;&nbsp;&nbsp;&nbsp;&nbsp;&nbsp;&nbsp; &nbsp; &nbsp; &nbsp; &nbsp; B-OTROS RECURSOS EDUCATIVOS EN ABIERTO<br \/>\n<\/span><\/h2>\n<p>&nbsp;&nbsp;<\/p>\n<ul>\n<li>&nbsp;&nbsp;&nbsp;<strong> &nbsp;<span style=\"color: #ff6600\">&nbsp; PORTAL EDUCATIVO DE EXTREMADURA:&nbsp; CREA<\/span><br \/>\n<\/strong><\/li>\n<\/ul>\n<p>&nbsp;&nbsp;&nbsp;&nbsp;&nbsp;&nbsp;&nbsp;&nbsp;&nbsp;&nbsp;&nbsp;&nbsp;&nbsp;&nbsp;&nbsp;&nbsp;&nbsp; <a href=\"https:\/\/rincones.educarex.es\/\"><img loading=\"lazy\" decoding=\"async\" class=\"aligncenter wp-image-4042 \" src=\"https:\/\/blogsaverroes.juntadeandalucia.es\/ieslauretum\/files\/2020\/10\/procomun_630-1-300x217.jpg\" alt=\"\" width=\"133\" height=\"97\"><\/a><\/p>\n<ul>\n<li>&nbsp;&nbsp;<strong>&nbsp; <span style=\"color: #ff6600\">PORTAL EDUCATIVO DE ARAG\u00d3N<\/span><\/strong><\/li>\n<\/ul>\n<p><a href=\"http:\/\/facilitamos.catedu.es\/\" target=\"_blank\" rel=\"noopener noreferrer\"><img loading=\"lazy\" decoding=\"async\" class=\"wp-image-4027 size-medium aligncenter\" src=\"https:\/\/blogsaverroes.juntadeandalucia.es\/ieslauretum\/files\/2020\/10\/Captura-1-300x47.jpg\" alt=\"\" width=\"300\" height=\"47\"><\/a> &nbsp;&nbsp;<\/p>\n<ul>\n<li><strong><span style=\"color: #ff6600\">PORTAL EDUCATIVO DE MURCIA<\/span><\/strong><\/li>\n<\/ul>\n<p><a href=\"http:\/\/www.educarm.es\/infantil-primaria\"><img loading=\"lazy\" decoding=\"async\" class=\"wp-image-4025 size-medium aligncenter\" src=\"https:\/\/blogsaverroes.juntadeandalucia.es\/ieslauretum\/files\/2020\/10\/Captura-300x63.jpg\" alt=\"\" width=\"300\" height=\"63\"><\/a><\/p>\n<ul>\n<li><span style=\"color: #ff6600\"><strong>PORTAL EDUCATIVO DE CASTILLA Y LE\u00d3N<\/strong><\/span><\/li>\n<\/ul>\n<p><a href=\"https:\/\/www.educa.jcyl.es\/primaria\/es?locale=es_ES\"><img loading=\"lazy\" decoding=\"async\" class=\"bannerNormalImage aligncenter\" src=\"https:\/\/www.educa.jcyl.es\/es\/banners\/694182-primariagrande2.png\" alt=\"Primaria\" width=\"190\" height=\"87\"><\/a><\/p>\n<ul>\n<li><span style=\"color: #ff6600\"><strong>EDIA<\/strong><\/span><\/li>\n<\/ul>\n<p><a href=\"https:\/\/cedec.intef.es\/recursos\/\"><img loading=\"lazy\" decoding=\"async\" class=\"aligncenter\" src=\"https:\/\/cedec.intef.es\/wp-content\/uploads\/2017\/02\/resumen_proyectoEDIA_hor_baja-e1603360016900.png\" alt=\"https:\/\/cedec.intef.es\/wp-content\/uploads\/2017\/02\/resumen_proyectoEDIA_hor_baja-e1603360016900.png\" width=\"143\" height=\"94\"><\/a><\/p>\n<ul>\n<li><a href=\"https:\/\/ceibal.edu.uy\/dispositivos-soporte\/soporte-de-plataformas\/\"><span style=\"color: #ff6600\"><strong>CEBIAL<\/strong><\/span><\/a><\/li>\n<\/ul>\n<div>&nbsp;<\/div>\n<blockquote>\n<h2 style=\"text-align: center\"><a href=\"https:\/\/view.genial.ly\/63c6633107fb1c0012fe9945\/presentation-situaciones-de-aprendizaje-con-tecnologia-digital\"><span style=\"color: #008000\">&nbsp;<strong>SITUACIONES DE APRENDIZAJE<\/strong><\/span><img loading=\"lazy\" decoding=\"async\" id=\"cc-m-imagesubtitle-image-14381129127\" class=\"aligncenter\" src=\"https:\/\/image.jimcdn.com\/app\/cms\/image\/transf\/dimension=666x10000:format=jpg\/path\/s70f5679ceb3714b2\/image\/i639c47e47dc5cbf0\/version\/1676224238\/image.jpg\" alt=\"\" data-src-width=\"2480\" data-src-height=\"1395\" data-src=\"https:\/\/image.jimcdn.com\/app\/cms\/image\/transf\/dimension=666x10000:format=jpg\/path\/s70f5679ceb3714b2\/image\/i639c47e47dc5cbf0\/version\/1676224238\/image.jpg\" data-image-id=\"9461665527\" width=\"510\" height=\"287\"><\/a><\/h2>\n<\/blockquote>\n<h2 style=\"text-align: center\">&nbsp;<span style=\"color: #008000\">GU\u00cdA EXELEARNING<\/span><\/h2>\n<blockquote>\n<h2><a href=\"https:\/\/descargas.intef.es\/cedec\/proyectoedia\/guias\/contenidos\/guia_rea_exe\/index.html\"><img loading=\"lazy\" decoding=\"async\" id=\"cc-m-imagesubtitle-image-14417758827\" class=\"aligncenter\" src=\"https:\/\/image.jimcdn.com\/app\/cms\/image\/transf\/dimension=666x10000:format=jpg\/path\/s70f5679ceb3714b2\/image\/i72543ce73fea5725\/version\/1683528668\/image.jpg\" alt=\"\" data-src-width=\"1173\" data-src-height=\"1103\" data-src=\"https:\/\/image.jimcdn.com\/app\/cms\/image\/transf\/dimension=666x10000:format=jpg\/path\/s70f5679ceb3714b2\/image\/i72543ce73fea5725\/version\/1683528668\/image.jpg\" data-image-id=\"9485800727\" width=\"452\" height=\"425\"><\/a><\/h2>\n<\/blockquote>\n<h2>&nbsp;<\/h2>\n<blockquote>\n<h1 style=\"text-align: center\"><strong><span style=\"color: #008000\">C.- SOFTWARE LIBRE Y HERRAMIENTAS DIGITALES<br \/>\n<\/span><\/strong><\/h1>\n<\/blockquote>\n<table style=\"border-collapse: collapse;width: 103.061%;height: 307px\">\n<tbody>\n<tr style=\"height: 307px\">\n<td style=\"width: 50%;height: 307px\"><a href=\"https:\/\/es.libreoffice.org\/\"><img loading=\"lazy\" decoding=\"async\" class=\"aligncenter wp-image-4403 \" src=\"https:\/\/blogsaverroes.juntadeandalucia.es\/ieslauretum\/files\/2021\/01\/Actualidad_281735631_130111399_1024x576-300x169.jpg\" alt=\"\" width=\"186\" height=\"105\"><\/a><\/td>\n<td style=\"width: 50%;height: 307px\"><a href=\"https:\/\/www.recursospdifgl.com\/ense%C3%B1anza-online\/?s=03\"><img loading=\"lazy\" decoding=\"async\" class=\"aligncenter wp-image-5901 size-medium\" src=\"https:\/\/blogsaverroes.juntadeandalucia.es\/ieslauretum\/files\/2021\/10\/1-300x211.jpg\" alt=\"\" width=\"300\" height=\"211\"><\/a><\/p>\n<h5><em><strong><span style=\"color: #ff00ff\">&nbsp;&nbsp;&nbsp;&nbsp;&nbsp;&nbsp;&nbsp;&nbsp;&nbsp;&nbsp;&nbsp;<span style=\"color: #0000ff\"> HERRAMIENTAS DIGITALES<\/span><\/span><\/strong><\/em><\/h5>\n<p><a href=\"https:\/\/view.genial.ly\/5e9aa4aab65e370dac6aa4e9\"><img decoding=\"async\" src=\"https:\/\/cdn.pixabay.com\/photo\/2020\/05\/18\/16\/17\/social-media-5187243_640.png\" alt=\"Tik Tok, Tiktok\" data-lazy-srcset=\"https:\/\/cdn.pixabay.com\/photo\/2020\/05\/18\/16\/17\/social-media-5187243_640.png 1x, https:\/\/cdn.pixabay.com\/photo\/2020\/05\/18\/16\/17\/social-media-5187243_1280.png 2x\" data-lazy-src=\"https:\/\/cdn.pixabay.com\/photo\/2020\/05\/18\/16\/17\/social-media-5187243_640.png\"><\/a><\/p>\n<p><a href=\"https:\/\/artefactosdigitales.com\/listado-de-artefactos\/\"><img decoding=\"async\" src=\"https:\/\/artefactosdigitales.com\/wp-content\/uploads\/2014\/10\/logo_ArtefactosDigitales.png\" alt=\"Artefactos Digitales\"><\/a><\/p>\n<p>&nbsp;<\/p>\n<p>&nbsp;<\/td>\n<\/tr>\n<\/tbody>\n<\/table>\n<p>&nbsp;<\/p>\n<p>&nbsp;&nbsp;<\/p>\n<blockquote>\n<h2><span style=\"color: #008000\">&nbsp;D.-<strong>RECURSOS GENIALLY PARA TODOS LOS NIVELES<\/strong><\/span><\/h2>\n<\/blockquote>\n<table style=\"border-collapse: collapse;width: 100%\">\n<tbody>\n<tr>\n<td style=\"width: 50%\"><span style=\"color: #ff00ff\"><strong>&nbsp;INFANTIL -PT -AL<\/strong><\/span><\/p>\n<p><span style=\"color: #ff00ff\"><a style=\"color: #ff00ff\" href=\"https:\/\/view.genial.ly\/5ea607a259aa2b0da8e456c7\/presentation-pt-y-al\"><img loading=\"lazy\" decoding=\"async\" class=\"wp-image-4428 aligncenter\" src=\"https:\/\/blogsaverroes.juntadeandalucia.es\/ceipantoniocuevas\/files\/2023\/05\/genially.png\" alt=\"\" width=\"73\" height=\"73\" srcset=\"https:\/\/blogsaverroes.juntadeandalucia.es\/ceipantoniocuevas\/files\/2023\/05\/genially.png 297w, https:\/\/blogsaverroes.juntadeandalucia.es\/ceipantoniocuevas\/files\/2023\/05\/genially-150x150.png 150w\" sizes=\"(max-width: 73px) 100vw, 73px\" \/><\/a><\/span><\/td>\n<td style=\"width: 50%\">&nbsp;<\/td>\n<\/tr>\n<tr>\n<td style=\"width: 50%\"><span style=\"color: #ff00ff\"><strong>PRIMERO<a style=\"color: #ff00ff\" href=\"https:\/\/view.genial.ly\/5e9c1641f69c430d825ecfbf\/presentation-1o-primaria-banco-de-recursos-20\"><img loading=\"lazy\" decoding=\"async\" class=\"wp-image-4428 aligncenter\" src=\"https:\/\/blogsaverroes.juntadeandalucia.es\/ceipantoniocuevas\/files\/2023\/05\/genially.png\" alt=\"\" width=\"86\" height=\"86\" srcset=\"https:\/\/blogsaverroes.juntadeandalucia.es\/ceipantoniocuevas\/files\/2023\/05\/genially.png 297w, https:\/\/blogsaverroes.juntadeandalucia.es\/ceipantoniocuevas\/files\/2023\/05\/genially-150x150.png 150w\" sizes=\"(max-width: 86px) 100vw, 86px\" \/><\/a><\/strong><\/span><\/td>\n<td style=\"width: 50%\"><span style=\"color: #ff00ff\"><strong>SEGUNDO<a style=\"color: #ff00ff\" href=\"https:\/\/view.genial.ly\/5e9d5235594d3b0da3e4c8a0\/presentation-2o-primaria-banco-de-recursos-20\"><img loading=\"lazy\" decoding=\"async\" class=\"wp-image-4428 aligncenter\" src=\"https:\/\/blogsaverroes.juntadeandalucia.es\/ceipantoniocuevas\/files\/2023\/05\/genially.png\" alt=\"\" width=\"85\" height=\"85\" srcset=\"https:\/\/blogsaverroes.juntadeandalucia.es\/ceipantoniocuevas\/files\/2023\/05\/genially.png 297w, https:\/\/blogsaverroes.juntadeandalucia.es\/ceipantoniocuevas\/files\/2023\/05\/genially-150x150.png 150w\" sizes=\"(max-width: 85px) 100vw, 85px\" \/><\/a><\/strong><\/span><\/td>\n<\/tr>\n<tr>\n<td style=\"width: 50%\"><span style=\"color: #ff00ff\"><strong>TERCERO<a style=\"color: #ff00ff\" href=\"https:\/\/view.genial.ly\/5e9db85d60e2f20daa4cc989\/presentation-3o-primaria-banco-de-recursos-20\"><img loading=\"lazy\" decoding=\"async\" class=\"wp-image-4428 aligncenter\" src=\"https:\/\/blogsaverroes.juntadeandalucia.es\/ceipantoniocuevas\/files\/2023\/05\/genially.png\" alt=\"\" width=\"87\" height=\"87\" srcset=\"https:\/\/blogsaverroes.juntadeandalucia.es\/ceipantoniocuevas\/files\/2023\/05\/genially.png 297w, https:\/\/blogsaverroes.juntadeandalucia.es\/ceipantoniocuevas\/files\/2023\/05\/genially-150x150.png 150w\" sizes=\"(max-width: 87px) 100vw, 87px\" \/><\/a><\/strong><\/span><\/td>\n<td style=\"width: 50%\"><span style=\"color: #ff00ff\"><strong>CUARTO<a style=\"color: #ff00ff\" href=\"https:\/\/view.genial.ly\/5e9e031860e2f20daa5019c5\/presentation-4o-primaria-banco-de-recursos-20\"><img loading=\"lazy\" decoding=\"async\" class=\"wp-image-4428 aligncenter\" src=\"https:\/\/blogsaverroes.juntadeandalucia.es\/ceipantoniocuevas\/files\/2023\/05\/genially.png\" alt=\"\" width=\"86\" height=\"86\" srcset=\"https:\/\/blogsaverroes.juntadeandalucia.es\/ceipantoniocuevas\/files\/2023\/05\/genially.png 297w, https:\/\/blogsaverroes.juntadeandalucia.es\/ceipantoniocuevas\/files\/2023\/05\/genially-150x150.png 150w\" sizes=\"(max-width: 86px) 100vw, 86px\" \/><\/a><\/strong><\/span><\/td>\n<\/tr>\n<tr>\n<td style=\"width: 50%\"><span style=\"color: #ff00ff\"><strong>QUINTO<a style=\"color: #ff00ff\" href=\"https:\/\/view.genial.ly\/5e9f2b6342b8b70da8fa696a\/presentation-5o-primaria-banco-de-recursos-20\"><img loading=\"lazy\" decoding=\"async\" class=\"wp-image-4428 aligncenter\" src=\"https:\/\/blogsaverroes.juntadeandalucia.es\/ceipantoniocuevas\/files\/2023\/05\/genially.png\" alt=\"\" width=\"87\" height=\"87\" srcset=\"https:\/\/blogsaverroes.juntadeandalucia.es\/ceipantoniocuevas\/files\/2023\/05\/genially.png 297w, https:\/\/blogsaverroes.juntadeandalucia.es\/ceipantoniocuevas\/files\/2023\/05\/genially-150x150.png 150w\" sizes=\"(max-width: 87px) 100vw, 87px\" \/><\/a><\/strong><\/span><\/td>\n<td style=\"width: 50%\"><span style=\"color: #ff00ff\"><strong>SEXTO<a style=\"color: #ff00ff\" href=\"https:\/\/view.genial.ly\/5ea05f14d407580db9dbd4f4\/presentation-6o-primaria-banco-de-recursos-20\"><img loading=\"lazy\" decoding=\"async\" class=\"wp-image-4428 aligncenter\" src=\"https:\/\/blogsaverroes.juntadeandalucia.es\/ceipantoniocuevas\/files\/2023\/05\/genially.png\" alt=\"\" width=\"87\" height=\"87\" srcset=\"https:\/\/blogsaverroes.juntadeandalucia.es\/ceipantoniocuevas\/files\/2023\/05\/genially.png 297w, https:\/\/blogsaverroes.juntadeandalucia.es\/ceipantoniocuevas\/files\/2023\/05\/genially-150x150.png 150w\" sizes=\"(max-width: 87px) 100vw, 87px\" \/><\/a><\/strong><\/span><\/td>\n<\/tr>\n<\/tbody>\n<\/table>\n<p>&nbsp;<\/p>\n<h2 style=\"text-align: center\"><span style=\"color: #008000\">PENSAMIENTO COMPUTACIONAL<\/span><\/h2>\n<p><a href=\"https:\/\/code.intef.es\/prop_didacticas\/descubre-como-fomentar-el-pensamiento-computacional-en-tu-aula-i-aclarando-conceptos\/\"><img loading=\"lazy\" decoding=\"async\" id=\"logo_h\" class=\"aligncenter\" src=\"https:\/\/code.intef.es\/wp-content\/themes\/Tema_Code\/img\/logo_code_neg.png\" alt=\"logotipo CODE INTEF\" width=\"302\" height=\"72\"><\/a><\/p>\n<p>&nbsp;<\/p>\n<p>&nbsp;<\/p>\n<h2 style=\"text-align: center\"><strong><span style=\"color: #008000\">&nbsp; INTELIGENCIA ARTIFICIAL<\/span><\/strong><\/h2>\n<p>&nbsp;&nbsp;<\/p>\n<table style=\"border-collapse: collapse;width: 100%;height: 144px\">\n<tbody>\n<tr style=\"height: 96px\">\n<td style=\"width: 33.3333%;height: 96px\">\n<div id=\"toc_container\" class=\"no_bullets\">\n<p><strong><a href=\"https:\/\/www.educaciontrespuntocero.com\/tecnologia\/apps-gratuitas-inteligencia-artificial\/#ChatGPT-Writer\">ChatGPT Writer<\/a><\/strong><\/p>\n<\/div>\n<\/td>\n<td style=\"width: 33.3333%;height: 96px\"><strong><a href=\"https:\/\/www.educaciontrespuntocero.com\/tecnologia\/apps-gratuitas-inteligencia-artificial\/#Craiyon\">Craiyon<\/a><\/strong><\/td>\n<td style=\"width: 33.3333%;height: 96px\"><strong><a href=\"https:\/\/www.educaciontrespuntocero.com\/tecnologia\/apps-gratuitas-inteligencia-artificial\/#ChatPDF\">ChatPDF<\/a><\/strong><\/td>\n<\/tr>\n<tr style=\"height: 24px\">\n<td style=\"width: 33.3333%;height: 24px\"><strong><a href=\"https:\/\/www.educaciontrespuntocero.com\/tecnologia\/apps-gratuitas-inteligencia-artificial\/#Jenni\">&nbsp;Jenni<\/a><\/strong><\/p>\n<p>&nbsp;<\/td>\n<td style=\"width: 33.3333%;height: 24px\"><strong><a href=\"https:\/\/www.educaciontrespuntocero.com\/tecnologia\/apps-gratuitas-inteligencia-artificial\/#MyHeritage\">MyHeritage<\/a><\/strong><\/td>\n<td style=\"width: 33.3333%;height: 24px\"><strong><a href=\"https:\/\/www.educaciontrespuntocero.com\/tecnologia\/apps-gratuitas-inteligencia-artificial\/#Sheetplus\">&nbsp;Sheetplus<\/a><\/strong><\/td>\n<\/tr>\n<tr style=\"height: 24px\">\n<td style=\"width: 33.3333%;height: 24px\"><strong><a href=\"https:\/\/www.educaciontrespuntocero.com\/tecnologia\/apps-gratuitas-inteligencia-artificial\/#SlidesAIio\">SlidesAI.io<\/a><\/strong><\/td>\n<td style=\"width: 33.3333%;height: 24px\"><strong><a href=\"https:\/\/www.educaciontrespuntocero.com\/tecnologia\/apps-gratuitas-inteligencia-artificial\/#Transcribemeapp\">Transcribeme.app<\/a><\/strong><\/td>\n<td style=\"width: 33.3333%;height: 24px\">&nbsp;<a href=\"https:\/\/www.synthesia.io\/features\/text-to-video?via=geekflare\"><strong><span style=\"color: #008080\">Synthesia<\/span><\/strong><\/a><\/td>\n<\/tr>\n<\/tbody>\n<\/table>\n<p><a href=\"https:\/\/www.canva.com\/design\/DAFkpyJGssM\/oWJwrxwtHURPgBYgScivRw\/watch?utm_content=DAFkpyJGssM&amp;utm_campaign=designshare&amp;utm_medium=link&amp;utm_source=publishsharelink\"><img loading=\"lazy\" decoding=\"async\" class=\"size-medium wp-image-4444 aligncenter\" src=\"https:\/\/blogsaverroes.juntadeandalucia.es\/ceipantoniocuevas\/files\/2023\/06\/Screenshot-2023-06-06-at-12-51-08-repositorio-300x169.png\" alt=\"\" width=\"300\" height=\"169\" srcset=\"https:\/\/blogsaverroes.juntadeandalucia.es\/ceipantoniocuevas\/files\/2023\/06\/Screenshot-2023-06-06-at-12-51-08-repositorio-300x169.png 300w, https:\/\/blogsaverroes.juntadeandalucia.es\/ceipantoniocuevas\/files\/2023\/06\/Screenshot-2023-06-06-at-12-51-08-repositorio.png 656w\" sizes=\"(max-width: 300px) 100vw, 300px\" \/><\/a><\/p>\n<p>&nbsp;<\/p>\n<p>&nbsp;<\/p>\n","protected":false},"excerpt":{"rendered":"<p>&nbsp;&nbsp;&nbsp; &nbsp;&nbsp;&nbsp;&nbsp;&nbsp; A.-COMPETENCIA DIGITAL DOCENTE &nbsp; &nbsp; &nbsp; &nbsp; &nbsp; &nbsp; &nbsp; &nbsp; &nbsp; &nbsp; &nbsp; &nbsp; &nbsp; &nbsp; &nbsp; &nbsp; &nbsp; &nbsp; &nbsp; &nbsp; &nbsp; &nbsp; &nbsp; &nbsp; &nbsp; &nbsp; &nbsp; &nbsp; &nbsp;&#46;&#46;&#46;<\/p>\n","protected":false},"author":2988,"featured_media":0,"parent":3684,"menu_order":0,"comment_status":"closed","ping_status":"closed","template":"","meta":{"ngg_post_thumbnail":0,"footnotes":"","_mc_calendar":[]},"aioseo_notices":[],"_links":{"self":[{"href":"https:\/\/blogsaverroes.juntadeandalucia.es\/ceipantoniocuevas\/wp-json\/wp\/v2\/pages\/4413"}],"collection":[{"href":"https:\/\/blogsaverroes.juntadeandalucia.es\/ceipantoniocuevas\/wp-json\/wp\/v2\/pages"}],"about":[{"href":"https:\/\/blogsaverroes.juntadeandalucia.es\/ceipantoniocuevas\/wp-json\/wp\/v2\/types\/page"}],"author":[{"embeddable":true,"href":"https:\/\/blogsaverroes.juntadeandalucia.es\/ceipantoniocuevas\/wp-json\/wp\/v2\/users\/2988"}],"replies":[{"embeddable":true,"href":"https:\/\/blogsaverroes.juntadeandalucia.es\/ceipantoniocuevas\/wp-json\/wp\/v2\/comments?post=4413"}],"version-history":[{"count":22,"href":"https:\/\/blogsaverroes.juntadeandalucia.es\/ceipantoniocuevas\/wp-json\/wp\/v2\/pages\/4413\/revisions"}],"predecessor-version":[{"id":4451,"href":"https:\/\/blogsaverroes.juntadeandalucia.es\/ceipantoniocuevas\/wp-json\/wp\/v2\/pages\/4413\/revisions\/4451"}],"up":[{"embeddable":true,"href":"https:\/\/blogsaverroes.juntadeandalucia.es\/ceipantoniocuevas\/wp-json\/wp\/v2\/pages\/3684"}],"wp:attachment":[{"href":"https:\/\/blogsaverroes.juntadeandalucia.es\/ceipantoniocuevas\/wp-json\/wp\/v2\/media?parent=4413"}],"curies":[{"name":"wp","href":"https:\/\/api.w.org\/{rel}","templated":true}]}}