{"id":2229,"date":"2017-08-05T15:59:53","date_gmt":"2017-08-05T15:59:53","guid":{"rendered":"https:\/\/blogsaverroes.juntadeandalucia.es\/ceipantoniomachadocda\/?page_id=2229"},"modified":"2017-08-05T16:55:55","modified_gmt":"2017-08-05T16:55:55","slug":"tertulias-dialogicas","status":"publish","type":"page","link":"https:\/\/blogsaverroes.juntadeandalucia.es\/ceipantoniomachadocda\/tertulias-dialogicas\/","title":{"rendered":"Tertulias dial\u00f3gicas"},"content":{"rendered":"<p style=\"text-align: justify\">Se trata de la construcci\u00f3n colectiva de significado y conocimiento en base al di\u00e1logo con todo el alumnado participante en la tertulia. El funcionamiento de las tertulias dial\u00f3gicas se basa en los 7 principios del Aprendizaje Dial\u00f3gico y se desarrollan en base a <strong>las mejores creaciones de la humanidad<\/strong> en distintos campos: desde la literatura hasta el arte o la m\u00fasica.<\/p>\n<p style=\"text-align: justify\">A trav\u00e9s de las tertulias dial\u00f3gicas se potencia el acercamiento directo del alumnado sin distinci\u00f3n de edad, g\u00e9nero, cultura o capacidad a la cultura cl\u00e1sica universal y al conocimiento cient\u00edfico acumulado por la humanidad a lo largo del tiempo.<\/p>\n<p style=\"text-align: justify\">Existen diferentes tipos de tertulias dial\u00f3gicas (tertulia literaria dial\u00f3gica, tertulia musicales dial\u00f3gicas, tertulias art\u00edsticas dial\u00f3gicas\u2026) , de momento en nuestro centro se realizan tertulias literarias dial\u00f3gicas.<\/p>\n<p><img loading=\"lazy\" decoding=\"async\" class=\"alignnone size-medium wp-image-2157 aligncenter\" src=\"https:\/\/blogsaverroes.juntadeandalucia.es\/ceipantoniomachadocda\/files\/2017\/07\/dscn4813-300x225.jpg\" alt=\"\" width=\"300\" height=\"225\" srcset=\"https:\/\/blogsaverroes.juntadeandalucia.es\/ceipantoniomachadocda\/files\/2017\/07\/dscn4813-300x225.jpg 300w, https:\/\/blogsaverroes.juntadeandalucia.es\/ceipantoniomachadocda\/files\/2017\/07\/dscn4813-1024x768.jpg 1024w, https:\/\/blogsaverroes.juntadeandalucia.es\/ceipantoniomachadocda\/files\/2017\/07\/dscn4813-24x18.jpg 24w, https:\/\/blogsaverroes.juntadeandalucia.es\/ceipantoniomachadocda\/files\/2017\/07\/dscn4813-36x27.jpg 36w, https:\/\/blogsaverroes.juntadeandalucia.es\/ceipantoniomachadocda\/files\/2017\/07\/dscn4813-48x36.jpg 48w, https:\/\/blogsaverroes.juntadeandalucia.es\/ceipantoniomachadocda\/files\/2017\/07\/dscn4813.jpg 1600w\" sizes=\"(max-width: 300px) 100vw, 300px\" \/><\/p>\n","protected":false},"excerpt":{"rendered":"<p>Se trata de la construcci\u00f3n colectiva de significado y conocimiento en base al di\u00e1logo con todo el alumnado participante en la tertulia. El funcionamiento de las tertulias dial\u00f3gicas se basa en los 7 principios&#46;&#46;&#46;<\/p>\n","protected":false},"author":5132,"featured_media":0,"parent":0,"menu_order":0,"comment_status":"closed","ping_status":"closed","template":"","meta":{"ngg_post_thumbnail":0,"footnotes":"","_mc_calendar":[]},"aioseo_notices":[],"_links":{"self":[{"href":"https:\/\/blogsaverroes.juntadeandalucia.es\/ceipantoniomachadocda\/wp-json\/wp\/v2\/pages\/2229"}],"collection":[{"href":"https:\/\/blogsaverroes.juntadeandalucia.es\/ceipantoniomachadocda\/wp-json\/wp\/v2\/pages"}],"about":[{"href":"https:\/\/blogsaverroes.juntadeandalucia.es\/ceipantoniomachadocda\/wp-json\/wp\/v2\/types\/page"}],"author":[{"embeddable":true,"href":"https:\/\/blogsaverroes.juntadeandalucia.es\/ceipantoniomachadocda\/wp-json\/wp\/v2\/users\/5132"}],"replies":[{"embeddable":true,"href":"https:\/\/blogsaverroes.juntadeandalucia.es\/ceipantoniomachadocda\/wp-json\/wp\/v2\/comments?post=2229"}],"version-history":[{"count":2,"href":"https:\/\/blogsaverroes.juntadeandalucia.es\/ceipantoniomachadocda\/wp-json\/wp\/v2\/pages\/2229\/revisions"}],"predecessor-version":[{"id":2270,"href":"https:\/\/blogsaverroes.juntadeandalucia.es\/ceipantoniomachadocda\/wp-json\/wp\/v2\/pages\/2229\/revisions\/2270"}],"wp:attachment":[{"href":"https:\/\/blogsaverroes.juntadeandalucia.es\/ceipantoniomachadocda\/wp-json\/wp\/v2\/media?parent=2229"}],"curies":[{"name":"wp","href":"https:\/\/api.w.org\/{rel}","templated":true}]}}