{"id":426,"date":"2015-03-20T07:05:49","date_gmt":"2015-03-20T07:05:49","guid":{"rendered":"http:\/\/blogsaverroes.juntadeandalucia.es\/pre\/ceip\/?page_id=426"},"modified":"2017-08-06T11:05:02","modified_gmt":"2017-08-06T11:05:02","slug":"materiales-recursos","status":"publish","type":"page","link":"https:\/\/blogsaverroes.juntadeandalucia.es\/ceipantoniomachadocda\/educacion-infantil\/materiales-recursos\/","title":{"rendered":"E.I. Materiales, recursos&#8230;"},"content":{"rendered":"<h4>\u00bfJugamos?<\/h4>\n<p><a title=\"Jugamos geometr\u00eda\" href=\"http:\/\/agrega.juntadeandalucia.es\/visualizar\/es\/es_2008052713_0201200\/false\" target=\"_blank\"><img loading=\"lazy\" decoding=\"async\" class=\"alignnone wp-image-1607 size-medium\" src=\"https:\/\/blogsaverroes.juntadeandalucia.es\/ceipantoniomachadocda\/files\/2015\/03\/jugamos_geometria-300x183.jpg\" alt=\"jugamos_geometria\" width=\"300\" height=\"183\" srcset=\"https:\/\/blogsaverroes.juntadeandalucia.es\/ceipantoniomachadocda\/files\/2015\/03\/jugamos_geometria-300x183.jpg 300w, https:\/\/blogsaverroes.juntadeandalucia.es\/ceipantoniomachadocda\/files\/2015\/03\/jugamos_geometria.jpg 752w\" sizes=\"(max-width: 300px) 100vw, 300px\" \/><\/a><\/p>\n<p>Secuencia did\u00e1ctica para trabajar algunos conceptos l\u00f3gico -matem\u00e1ticos, clasificaciones, seriaciones, geometr\u00eda, etc.<\/p>\n<p><a href=\"http:\/\/ntic.educacion.es\/w3\/eos\/MaterialesEducativos\/mem2009\/pequetic\/index.html\"><img loading=\"lazy\" decoding=\"async\" class=\"alignnone wp-image-2281 size-medium\" src=\"https:\/\/blogsaverroes.juntadeandalucia.es\/ceipantoniomachadocda\/files\/2015\/03\/Captura-de-pantalla-2017-08-06-a-las-12.47.03-300x225.png\" alt=\"\" width=\"300\" height=\"225\" srcset=\"https:\/\/blogsaverroes.juntadeandalucia.es\/ceipantoniomachadocda\/files\/2015\/03\/Captura-de-pantalla-2017-08-06-a-las-12.47.03-300x225.png 300w, https:\/\/blogsaverroes.juntadeandalucia.es\/ceipantoniomachadocda\/files\/2015\/03\/Captura-de-pantalla-2017-08-06-a-las-12.47.03-1024x767.png 1024w, https:\/\/blogsaverroes.juntadeandalucia.es\/ceipantoniomachadocda\/files\/2015\/03\/Captura-de-pantalla-2017-08-06-a-las-12.47.03-24x18.png 24w, https:\/\/blogsaverroes.juntadeandalucia.es\/ceipantoniomachadocda\/files\/2015\/03\/Captura-de-pantalla-2017-08-06-a-las-12.47.03-36x27.png 36w, https:\/\/blogsaverroes.juntadeandalucia.es\/ceipantoniomachadocda\/files\/2015\/03\/Captura-de-pantalla-2017-08-06-a-las-12.47.03-48x36.png 48w, https:\/\/blogsaverroes.juntadeandalucia.es\/ceipantoniomachadocda\/files\/2015\/03\/Captura-de-pantalla-2017-08-06-a-las-12.47.03.png 1594w\" sizes=\"(max-width: 300px) 100vw, 300px\" \/><\/a><\/p>\n<p>Pequetic es un conjunto de juegos did\u00e1cticos multimedia pensado para el alumnado de Infantil. Su objetivo principal es comenzar a utilizar el ordenador con los alumnos m\u00e1s peque\u00f1os.<br \/>\nA partir de divertidos juegos interactivos, como emparejar, continuar la serie o encontrar las diferencias, los alumnos pueden empezar a adentrarse en el mundo de las TIC (Tecnolog\u00eda de la Informaci\u00f3n y la Comunicaci\u00f3n).<\/p>\n<p><a href=\"http:\/\/ntic.educacion.es\/w3\/\/eos\/MaterialesEducativos\/mem2010\/ara_belbo\/archivos\/intro.html\"><img loading=\"lazy\" decoding=\"async\" class=\"alignnone wp-image-2282 size-medium\" src=\"https:\/\/blogsaverroes.juntadeandalucia.es\/ceipantoniomachadocda\/files\/2015\/03\/Captura-de-pantalla-2017-08-06-a-las-13.00.55-300x209.png\" alt=\"\" width=\"300\" height=\"209\" srcset=\"https:\/\/blogsaverroes.juntadeandalucia.es\/ceipantoniomachadocda\/files\/2015\/03\/Captura-de-pantalla-2017-08-06-a-las-13.00.55-300x209.png 300w, https:\/\/blogsaverroes.juntadeandalucia.es\/ceipantoniomachadocda\/files\/2015\/03\/Captura-de-pantalla-2017-08-06-a-las-13.00.55-24x17.png 24w, https:\/\/blogsaverroes.juntadeandalucia.es\/ceipantoniomachadocda\/files\/2015\/03\/Captura-de-pantalla-2017-08-06-a-las-13.00.55-36x25.png 36w, https:\/\/blogsaverroes.juntadeandalucia.es\/ceipantoniomachadocda\/files\/2015\/03\/Captura-de-pantalla-2017-08-06-a-las-13.00.55-48x33.png 48w, https:\/\/blogsaverroes.juntadeandalucia.es\/ceipantoniomachadocda\/files\/2015\/03\/Captura-de-pantalla-2017-08-06-a-las-13.00.55.png 508w\" sizes=\"(max-width: 300px) 100vw, 300px\" \/><\/a><\/p>\n<p>Ara y Belbo ofrece una serie de retos en el que los m\u00e1s peque\u00f1os tienen que resolver algunos retos propuestos por este dundecillo.<\/p>\n<p>&nbsp;<\/p>\n<p>&nbsp;<\/p>\n","protected":false},"excerpt":{"rendered":"<p>\u00bfJugamos? Secuencia did\u00e1ctica para trabajar algunos conceptos l\u00f3gico -matem\u00e1ticos, clasificaciones, seriaciones, geometr\u00eda, etc. Pequetic es un conjunto de juegos did\u00e1cticos multimedia pensado para el alumnado de Infantil. Su objetivo principal es comenzar a utilizar&#46;&#46;&#46;<\/p>\n","protected":false},"author":1,"featured_media":0,"parent":424,"menu_order":0,"comment_status":"open","ping_status":"open","template":"page-templates\/child-menu.php","meta":{"ngg_post_thumbnail":0,"footnotes":"","_mc_calendar":[]},"aioseo_notices":[],"_links":{"self":[{"href":"https:\/\/blogsaverroes.juntadeandalucia.es\/ceipantoniomachadocda\/wp-json\/wp\/v2\/pages\/426"}],"collection":[{"href":"https:\/\/blogsaverroes.juntadeandalucia.es\/ceipantoniomachadocda\/wp-json\/wp\/v2\/pages"}],"about":[{"href":"https:\/\/blogsaverroes.juntadeandalucia.es\/ceipantoniomachadocda\/wp-json\/wp\/v2\/types\/page"}],"author":[{"embeddable":true,"href":"https:\/\/blogsaverroes.juntadeandalucia.es\/ceipantoniomachadocda\/wp-json\/wp\/v2\/users\/1"}],"replies":[{"embeddable":true,"href":"https:\/\/blogsaverroes.juntadeandalucia.es\/ceipantoniomachadocda\/wp-json\/wp\/v2\/comments?post=426"}],"version-history":[{"count":8,"href":"https:\/\/blogsaverroes.juntadeandalucia.es\/ceipantoniomachadocda\/wp-json\/wp\/v2\/pages\/426\/revisions"}],"predecessor-version":[{"id":2284,"href":"https:\/\/blogsaverroes.juntadeandalucia.es\/ceipantoniomachadocda\/wp-json\/wp\/v2\/pages\/426\/revisions\/2284"}],"up":[{"embeddable":true,"href":"https:\/\/blogsaverroes.juntadeandalucia.es\/ceipantoniomachadocda\/wp-json\/wp\/v2\/pages\/424"}],"wp:attachment":[{"href":"https:\/\/blogsaverroes.juntadeandalucia.es\/ceipantoniomachadocda\/wp-json\/wp\/v2\/media?parent=426"}],"curies":[{"name":"wp","href":"https:\/\/api.w.org\/{rel}","templated":true}]}}