{"id":49,"date":"2015-03-13T08:47:05","date_gmt":"2015-03-13T08:47:05","guid":{"rendered":"http:\/\/blogsaverroes.juntadeandalucia.es\/pre\/ceip\/?page_id=49"},"modified":"2025-06-05T17:25:41","modified_gmt":"2025-06-05T17:25:41","slug":"proyecto-educativo","status":"publish","type":"page","link":"https:\/\/blogsaverroes.juntadeandalucia.es\/ceiparchidona\/proyecto-educativo\/","title":{"rendered":"Finalidades educativas y proyecto educativo."},"content":{"rendered":"<p><span style=\"font-weight: 400\">El Colegio de Educaci\u00f3n Infantil, Primaria San Sebasti\u00e1n de Archidona es un centro creado en el a\u00f1o 1968 como centro de ense\u00f1anza primaria en un primer momento para atender a parte de la poblaci\u00f3n del casco urbano de Archidona y sus pedan\u00edas.<\/span><\/p>\n<p><span style=\"font-weight: 400\">Desde entonces, y tras varias aplicaciones y remodelaciones, en la actualidad contamos con un total de 18 unidades de Infantil y Primaria.<\/span><\/p>\n<p><span style=\"font-weight: 400\">Como centro educativo p\u00fablico, nuestro el&nbsp; alumnado de nuestro centro es heterog\u00e9neo y plural, por lo que nuestras finalidades educativas no pueden ser otras que est\u00e9n encaminada a educar en la igualdad de derechos y obligaciones desde el respeto a la diversidad.&nbsp;<\/span><\/p>\n<p><span style=\"font-weight: 400\">Por ello tratamos que en la educaci\u00f3n de nuestro alumnado primen valores como la igualdad, autonom\u00eda y responsabilidad social y con el medio que les rodea. Para ello, a trav\u00e9s de&nbsp; nuestro proyecto educativo trataremos de contribuir al desarrollo de esas caracter\u00edsticas mediante la realizaci\u00f3n de actividades y acciones educativas que lo fomenten. Entendemos la Educaci\u00f3n en nuestro centro como un derecho fundamental que forme personas:<\/span><\/p>\n<ul>\n<li style=\"font-weight: 400\"><span style=\"font-weight: 400\">Respetuosas con los dem\u00e1s<\/span><\/li>\n<li style=\"font-weight: 400\"><span style=\"font-weight: 400\">Conocedoras y cumplidoras&nbsp; de sus derechos y libertades.<\/span><\/li>\n<li style=\"font-weight: 400\"><span style=\"font-weight: 400\">Emprendedoras en el sentido de ser capaces de mejorar y transformar positivamente el entorno que les rodea.<\/span><\/li>\n<li style=\"font-weight: 400\"><span style=\"font-weight: 400\">Conocedoras del patrimonio natural y art\u00edstico que les rodea como la mejor forma de valorarlo y conservarlo.<\/span><\/li>\n<li style=\"font-weight: 400\"><span style=\"font-weight: 400\">Saludables, entendiendo la necesidad de fomentar las actitudes positivas en cuanto a alimentaci\u00f3n y h\u00e1bitos de vida saludable a nivel individual y colectivo.<\/span><\/li>\n<li style=\"font-weight: 400\"><span style=\"font-weight: 400\">Participativas, entendiendo la necesidad de participaci\u00f3n del alumnado en la vida del centro de manera que sean capaces de aportar soluciones y mejoras al mismo.<\/span><\/li>\n<li style=\"font-weight: 400\"><span style=\"font-weight: 400\">C\u00edvicas, comprometidas con el buen uso y mantenimiento de los bienes del centro.<\/span><\/li>\n<\/ul>\n<p><span style=\"font-weight: 400\">Todo esto lo realizamos intentando que nuestro alumnado sea el protagonista de su proceso de aprendizaje, dando al mismo un papel activo. Dando prioridad al \u201caprender haciendo\u201d&nbsp; y los aprendizajes activos y reflexivos. Tratando de relacionar a nuestro alumnado con su realidad m\u00e1s cercana.<\/span><\/p>\n<p><span style=\"font-weight: 400\">Entendemos que&nbsp; nuestro centro debe ser un espacio de comunicaci\u00f3n y participaci\u00f3n democr\u00e1tica de familias, profesorado y alumnado como la mejor forma de conseguir que nuestro centro sea un lugar y una etapa que influya en la vida de nuestro alumnado y familias.<\/span><\/p>\n<p><span style=\"font-weight: 400\">Por \u00faltimo consideramos que nuestro centro debe ser un espacio de futuro, por lo que debemos integrar herramientas tecnol\u00f3gicas que hagan que nuestro alumnado sea capaz de insertarlas en su vida como instrumentos de aprendizaje.<\/span><\/p>\n<p><a href=\"https:\/\/blogsaverroes.juntadeandalucia.es\/ceiparchidona\/files\/2024\/10\/Proyecto-educativo-para-revision-2024.pdf\">Enlace al proyecto educativo&nbsp;<\/a><\/p>\n<p><a href=\"https:\/\/blogsaverroes.juntadeandalucia.es\/ceiparchidona\/files\/2025\/06\/ROF-.pdf\">Enlace al Reglamento de Organizaci\u00f3n y Funcionamiento.<\/a><\/p>\n","protected":false},"excerpt":{"rendered":"<p>El Colegio de Educaci\u00f3n Infantil, Primaria San Sebasti\u00e1n de Archidona es un centro creado en el a\u00f1o 1968 como centro de ense\u00f1anza primaria en un primer momento para atender a parte de la poblaci\u00f3n&#46;&#46;&#46;<\/p>\n","protected":false},"author":1,"featured_media":0,"parent":0,"menu_order":0,"comment_status":"open","ping_status":"open","template":"page-templates\/child-menu.php","meta":{"ngg_post_thumbnail":0,"footnotes":"","_mc_calendar":[]},"aioseo_notices":[],"_links":{"self":[{"href":"https:\/\/blogsaverroes.juntadeandalucia.es\/ceiparchidona\/wp-json\/wp\/v2\/pages\/49"}],"collection":[{"href":"https:\/\/blogsaverroes.juntadeandalucia.es\/ceiparchidona\/wp-json\/wp\/v2\/pages"}],"about":[{"href":"https:\/\/blogsaverroes.juntadeandalucia.es\/ceiparchidona\/wp-json\/wp\/v2\/types\/page"}],"author":[{"embeddable":true,"href":"https:\/\/blogsaverroes.juntadeandalucia.es\/ceiparchidona\/wp-json\/wp\/v2\/users\/1"}],"replies":[{"embeddable":true,"href":"https:\/\/blogsaverroes.juntadeandalucia.es\/ceiparchidona\/wp-json\/wp\/v2\/comments?post=49"}],"version-history":[{"count":11,"href":"https:\/\/blogsaverroes.juntadeandalucia.es\/ceiparchidona\/wp-json\/wp\/v2\/pages\/49\/revisions"}],"predecessor-version":[{"id":3113,"href":"https:\/\/blogsaverroes.juntadeandalucia.es\/ceiparchidona\/wp-json\/wp\/v2\/pages\/49\/revisions\/3113"}],"wp:attachment":[{"href":"https:\/\/blogsaverroes.juntadeandalucia.es\/ceiparchidona\/wp-json\/wp\/v2\/media?parent=49"}],"curies":[{"name":"wp","href":"https:\/\/api.w.org\/{rel}","templated":true}]}}

<p><span style="font-weight: 400">El Colegio de Educación Infantil, Primaria San Sebastián de Archidona es un centro creado en el año 1968 como centro de enseñanza primaria en un primer momento para atender a parte de la población del casco urbano de Archidona y sus pedanías.</span></p>
<p><span style="font-weight: 400">Desde entonces, y tras varias aplicaciones y remodelaciones, en la actualidad contamos con un total de 18 unidades de Infantil y Primaria.</span></p>
<p><span style="font-weight: 400">Como centro educativo público, nuestro el&nbsp; alumnado de nuestro centro es heterogéneo y plural, por lo que nuestras finalidades educativas no pueden ser otras que estén encaminada a educar en la igualdad de derechos y obligaciones desde el respeto a la diversidad.&nbsp;</span></p>
<p><span style="font-weight: 400">Por ello tratamos que en la educación de nuestro alumnado primen valores como la igualdad, autonomía y responsabilidad social y con el medio que les rodea. Para ello, a través de&nbsp; nuestro proyecto educativo trataremos de contribuir al desarrollo de esas características mediante la realización de actividades y acciones educativas que lo fomenten. Entendemos la Educación en nuestro centro como un derecho fundamental que forme personas:</span></p>
<ul>
<li style="font-weight: 400"><span style="font-weight: 400">Respetuosas con los demás</span></li>
<li style="font-weight: 400"><span style="font-weight: 400">Conocedoras y cumplidoras&nbsp; de sus derechos y libertades.</span></li>
<li style="font-weight: 400"><span style="font-weight: 400">Emprendedoras en el sentido de ser capaces de mejorar y transformar positivamente el entorno que les rodea.</span></li>
<li style="font-weight: 400"><span style="font-weight: 400">Conocedoras del patrimonio natural y artístico que les rodea como la mejor forma de valorarlo y conservarlo.</span></li>
<li style="font-weight: 400"><span style="font-weight: 400">Saludables, entendiendo la necesidad de fomentar las actitudes positivas en cuanto a alimentación y hábitos de vida saludable a nivel individual y colectivo.</span></li>
<li style="font-weight: 400"><span style="font-weight: 400">Participativas, entendiendo la necesidad de participación del alumnado en la vida del centro de manera que sean capaces de aportar soluciones y mejoras al mismo.</span></li>
<li style="font-weight: 400"><span style="font-weight: 400">Cívicas, comprometidas con el buen uso y mantenimiento de los bienes del centro.</span></li>
</ul>
<p><span style="font-weight: 400">Todo esto lo realizamos intentando que nuestro alumnado sea el protagonista de su proceso de aprendizaje, dando al mismo un papel activo. Dando prioridad al “aprender haciendo”&nbsp; y los aprendizajes activos y reflexivos. Tratando de relacionar a nuestro alumnado con su realidad más cercana.</span></p>
<p><span style="font-weight: 400">Entendemos que&nbsp; nuestro centro debe ser un espacio de comunicación y participación democrática de familias, profesorado y alumnado como la mejor forma de conseguir que nuestro centro sea un lugar y una etapa que influya en la vida de nuestro alumnado y familias.</span></p>
<p><span style="font-weight: 400">Por último consideramos que nuestro centro debe ser un espacio de futuro, por lo que debemos integrar herramientas tecnológicas que hagan que nuestro alumnado sea capaz de insertarlas en su vida como instrumentos de aprendizaje.</span></p>
<p><a href="https://blogsaverroes.juntadeandalucia.es/ceiparchidona/files/2024/10/Proyecto-educativo-para-revision-2024.pdf">Enlace al proyecto educativo&nbsp;</a></p>
<p><a href="https://blogsaverroes.juntadeandalucia.es/ceiparchidona/files/2025/06/ROF-.pdf">Enlace al Reglamento de Organización y Funcionamiento.</a></p>

<p>El Colegio de Educación Infantil, Primaria San Sebastián de Archidona es un centro creado en el año 1968 como centro de enseñanza primaria en un primer momento para atender a parte de la población&#46;&#46;&#46;</p>
