{"id":99,"date":"2015-03-16T07:22:54","date_gmt":"2015-03-16T07:22:54","guid":{"rendered":"http:\/\/blogsaverroes.juntadeandalucia.es\/pre\/ceip\/?page_id=99"},"modified":"2017-11-24T16:10:32","modified_gmt":"2017-11-24T16:10:32","slug":"comedor-escolar","status":"publish","type":"page","link":"https:\/\/blogsaverroes.juntadeandalucia.es\/ceiparchidona\/comedor-escolar\/","title":{"rendered":"Comedor escolar"},"content":{"rendered":"<h4>&nbsp;<\/h4>\n<p>Nuestro comedor escolar es un servicio complementario que resulta de gran utilidad a padres y madres para ayudarles a&nbsp;conciliar la vida laboral y familiar. Tienen una duraci\u00f3n de hasta dos horas desde que acaba la jornada escolar de la ma\u00f1ana (de 14.00 a 16.00 horas).<\/p>\n<p>Los comedores son adem\u00e1s una pieza importante&nbsp;en todas las medidas dirigidas a mejorar los h\u00e1bitos alimenticios de los ni\u00f1os y ni\u00f1as y prevenir problemas de salud como la obesidad.<\/p>\n<p>Los comedores escolares de los centros p\u00fablicos andaluces promueven una alimentaci\u00f3n saludable que est\u00e1 supervisada por nutricionistas y que, entre otros aspectos, se caracteriza por:<\/p>\n<ul>\n<li>Una mayor proporci\u00f3n de verdura en los men\u00fas<\/li>\n<li>Uso de productos de primera calidad<\/li>\n<li>Fruta fresca como postre al menos cuatro d\u00edas a la semana<\/li>\n<li>Uso de aceite de oliva virgen extra<\/li>\n<li>M\u00e1s pescado que carne, que debe ser magra<\/li>\n<li>Prohibici\u00f3n de los alimentos precocinados y limitaci\u00f3n de los fritos<\/li>\n<li>Apuesta por la dieta mediterr\u00e1nea.<\/li>\n<\/ul>\n<p><strong>Solicitudes:<\/strong><\/p>\n<p>El plazo de solicitudes para acceder al comedor escolar se abre en la primera semana del mes de junio. Una vez realizada la adjudicaci\u00f3n definitiva de plazas puede solicitarse el acceso al mismo, aunque la solicitud estar\u00eda en lista de espera hasta que hubiese vacante en las plazas del mismo.<\/p>\n<p><strong>Men\u00fas<\/strong><\/p>\n<p><a href=\"https:\/\/drive.google.com\/file\/d\/0B5KMKCSNs6EuT0pTZjA4dW8yWms\/view?usp=sharing\">Ficha t\u00e9cnica Men\u00fa 2017-18<\/a><\/p>\n<p><a href=\"https:\/\/blogsaverroes.juntadeandalucia.es\/ceiparchidona\/files\/2015\/03\/Copia-de-Menu\u0301-Comedor-2016-17-2-1.jpg\"><img loading=\"lazy\" decoding=\"async\" class=\"alignnone  wp-image-2114\" src=\"https:\/\/blogsaverroes.juntadeandalucia.es\/ceiparchidona\/files\/2015\/03\/Copia-de-Menu\u0301-Comedor-2016-17-2-1-300x212.jpg\" alt=\"\" width=\"828\" height=\"585\" srcset=\"https:\/\/blogsaverroes.juntadeandalucia.es\/ceiparchidona\/files\/2015\/03\/Copia-de-Menu\u0301-Comedor-2016-17-2-1-300x212.jpg 300w, https:\/\/blogsaverroes.juntadeandalucia.es\/ceiparchidona\/files\/2015\/03\/Copia-de-Menu\u0301-Comedor-2016-17-2-1-768x543.jpg 768w, https:\/\/blogsaverroes.juntadeandalucia.es\/ceiparchidona\/files\/2015\/03\/Copia-de-Menu\u0301-Comedor-2016-17-2-1-1024x724.jpg 1024w, https:\/\/blogsaverroes.juntadeandalucia.es\/ceiparchidona\/files\/2015\/03\/Copia-de-Menu\u0301-Comedor-2016-17-2-1-24x17.jpg 24w, https:\/\/blogsaverroes.juntadeandalucia.es\/ceiparchidona\/files\/2015\/03\/Copia-de-Menu\u0301-Comedor-2016-17-2-1-36x25.jpg 36w, https:\/\/blogsaverroes.juntadeandalucia.es\/ceiparchidona\/files\/2015\/03\/Copia-de-Menu\u0301-Comedor-2016-17-2-1-48x34.jpg 48w, https:\/\/blogsaverroes.juntadeandalucia.es\/ceiparchidona\/files\/2015\/03\/Copia-de-Menu\u0301-Comedor-2016-17-2-1.jpg 1200w\" sizes=\"(max-width: 828px) 100vw, 828px\" \/><\/a><\/p>\n<p>&nbsp;<\/p>\n<p>&nbsp;<\/p>\n<p>&nbsp;<\/p>\n<p>As\u00ed mismo damos una serie de recomendaciones para las cenas de manera que la dieta sea lo m\u00e1s equilibrada posible<a href=\"https:\/\/blogsaverroes.juntadeandalucia.es\/ceiparchidona\/files\/2015\/03\/cenas.png\"><img loading=\"lazy\" decoding=\"async\" class=\"alignnone  wp-image-2116\" src=\"https:\/\/blogsaverroes.juntadeandalucia.es\/ceiparchidona\/files\/2015\/03\/cenas-300x189.png\" alt=\"\" width=\"857\" height=\"540\" srcset=\"https:\/\/blogsaverroes.juntadeandalucia.es\/ceiparchidona\/files\/2015\/03\/cenas-300x189.png 300w, https:\/\/blogsaverroes.juntadeandalucia.es\/ceiparchidona\/files\/2015\/03\/cenas-768x483.png 768w, https:\/\/blogsaverroes.juntadeandalucia.es\/ceiparchidona\/files\/2015\/03\/cenas-1024x644.png 1024w, https:\/\/blogsaverroes.juntadeandalucia.es\/ceiparchidona\/files\/2015\/03\/cenas-24x15.png 24w, https:\/\/blogsaverroes.juntadeandalucia.es\/ceiparchidona\/files\/2015\/03\/cenas-36x23.png 36w, https:\/\/blogsaverroes.juntadeandalucia.es\/ceiparchidona\/files\/2015\/03\/cenas-48x30.png 48w, https:\/\/blogsaverroes.juntadeandalucia.es\/ceiparchidona\/files\/2015\/03\/cenas.png 1600w\" sizes=\"(max-width: 857px) 100vw, 857px\" \/><\/a><\/p>\n<p>&nbsp;<\/p>\n<p>&nbsp;<\/p>\n","protected":false},"excerpt":{"rendered":"<p>&nbsp; Nuestro comedor escolar es un servicio complementario que resulta de gran utilidad a padres y madres para ayudarles a&nbsp;conciliar la vida laboral y familiar. Tienen una duraci\u00f3n de hasta dos horas desde que&#46;&#46;&#46;<\/p>\n","protected":false},"author":1,"featured_media":0,"parent":0,"menu_order":0,"comment_status":"open","ping_status":"open","template":"page-templates\/child-menu.php","meta":{"ngg_post_thumbnail":0,"footnotes":"","_mc_calendar":[]},"aioseo_notices":[],"_links":{"self":[{"href":"https:\/\/blogsaverroes.juntadeandalucia.es\/ceiparchidona\/wp-json\/wp\/v2\/pages\/99"}],"collection":[{"href":"https:\/\/blogsaverroes.juntadeandalucia.es\/ceiparchidona\/wp-json\/wp\/v2\/pages"}],"about":[{"href":"https:\/\/blogsaverroes.juntadeandalucia.es\/ceiparchidona\/wp-json\/wp\/v2\/types\/page"}],"author":[{"embeddable":true,"href":"https:\/\/blogsaverroes.juntadeandalucia.es\/ceiparchidona\/wp-json\/wp\/v2\/users\/1"}],"replies":[{"embeddable":true,"href":"https:\/\/blogsaverroes.juntadeandalucia.es\/ceiparchidona\/wp-json\/wp\/v2\/comments?post=99"}],"version-history":[{"count":6,"href":"https:\/\/blogsaverroes.juntadeandalucia.es\/ceiparchidona\/wp-json\/wp\/v2\/pages\/99\/revisions"}],"predecessor-version":[{"id":2112,"href":"https:\/\/blogsaverroes.juntadeandalucia.es\/ceiparchidona\/wp-json\/wp\/v2\/pages\/99\/revisions\/2112"}],"wp:attachment":[{"href":"https:\/\/blogsaverroes.juntadeandalucia.es\/ceiparchidona\/wp-json\/wp\/v2\/media?parent=99"}],"curies":[{"name":"wp","href":"https:\/\/api.w.org\/{rel}","templated":true}]}}