{"id":2230,"date":"2018-04-18T17:48:46","date_gmt":"2018-04-18T17:48:46","guid":{"rendered":"https:\/\/blogsaverroes.juntadeandalucia.es\/ceiparquitectoleoz\/?page_id=2230"},"modified":"2025-11-26T12:03:44","modified_gmt":"2025-11-26T12:03:44","slug":"nuestro-colegio","status":"publish","type":"page","link":"https:\/\/blogsaverroes.juntadeandalucia.es\/ceiparquitectoleoz\/nuestro-colegio\/","title":{"rendered":"Nuestro Colegio"},"content":{"rendered":"<p><span style=\"color: #000080\">El Colegio de Educaci\u00f3n Infantil y Primaria CEIP ARQUTECTO LEOZ&nbsp; se encuentra situado en la localidad de&nbsp;SAN FERNANDO, provincia de C\u00e1diz,&nbsp; m\u00e1s concretamente en la barriada de La Ardila.&nbsp;<\/span><\/p>\n<p><span style=\"color: #000080\">La barriada de \u201cLa Ardila\u201d, situada en la parte oeste de San Fernando, est\u00e1 constituida por un n\u00facleo de viviendas entre la calle Real y la Avenida Pery Junquera, a la entrada de la ciudad viniendo desde C\u00e1diz.<\/span><\/p>\n<p><span style=\"color: #000080\">En la barriada coexisten otro centro de Educaci\u00f3n Infantil y Primaria y tres institutos de Educaci\u00f3n Secundaria, adem\u00e1s de otras instalaciones de servicios: Centro C\u00edvico, Parroquia y Centro de Salud.<\/span><\/p>\n<p><span style=\"color: #000080\">El colegio abri\u00f3 sus puertas por primera vez en septiembre de 1980. Dos caracter\u00edsticas han definido singularmente al Centro: su intensa vinculaci\u00f3n y relaci\u00f3n con el entorno y su permanente proceso de renovaci\u00f3n y actualizaci\u00f3n.<\/span><\/p>\n<p><span style=\"color: #000080\"><strong>Zonas exteriores y patios <\/strong><\/span><\/p>\n<p><span style=\"color: #000080\">El Colegio, est\u00e1 emplazado en una parcela de 8.500 m2, que consta de dos edificios (1.600 m2 y 576 m2 construidos respectivamente) y un local cerrado habilitado como gimnasio (189 m2).<\/span><\/p>\n<p><span style=\"color: #000080\">El espacio exterior que rodea a las construcciones o edificaciones, de grandes dimensiones consta de tres patios exteriores, un patio interior dentro del edificio principal, un peque\u00f1o huerto y una calle interior separando los dos edificios&nbsp; que hace las veces de patio.<\/span><\/p>\n<p><span style=\"color: #000080\"><strong>El emblema <\/strong>del colegio es una paloma representada con el logo de la Junta de Andaluc\u00eda que tiene como alas un libro abierto en cuyas p\u00e1ginas se observan las iniciales del nombre del centro.<\/span><\/p>\n<p><a href=\"https:\/\/blogsaverroes.juntadeandalucia.es\/ceiparquitectoleoz\/files\/2018\/04\/Emblema.jpg\"><img loading=\"lazy\" decoding=\"async\" class=\"aligncenter wp-image-2222\" src=\"https:\/\/blogsaverroes.juntadeandalucia.es\/ceiparquitectoleoz\/files\/2018\/04\/Emblema.jpg\" alt=\"\" width=\"268\" height=\"172\" srcset=\"https:\/\/blogsaverroes.juntadeandalucia.es\/ceiparquitectoleoz\/files\/2018\/04\/Emblema.jpg 179w, https:\/\/blogsaverroes.juntadeandalucia.es\/ceiparquitectoleoz\/files\/2018\/04\/Emblema-24x15.jpg 24w, https:\/\/blogsaverroes.juntadeandalucia.es\/ceiparquitectoleoz\/files\/2018\/04\/Emblema-36x23.jpg 36w, https:\/\/blogsaverroes.juntadeandalucia.es\/ceiparquitectoleoz\/files\/2018\/04\/Emblema-48x31.jpg 48w\" sizes=\"(max-width: 268px) 100vw, 268px\" \/><\/a><\/p>\n<p><span style=\"color: #000080\">Adem\u00e1s ofertamos:<\/span><\/p>\n<p><span style=\"color: #000080\">&#8211; Aula matinal<\/span><\/p>\n<p><span style=\"color: #000080\">&#8211; Comedor escolar<\/span><\/p>\n<p><span style=\"color: #000080\">&#8211; Programa de Refuerzo, Orientaci\u00f3n y Apoyo en los centros docentes p\u00fablicos de Andaluc\u00eda.&nbsp;<\/span><\/p>\n<p><span style=\"color: #000080\">&#8211; Proyecto M\u00e1s Deporte.<\/span><\/p>\n<p><span style=\"color: #000080\">-Actividades extraescolares.<\/span><\/p>\n<p><span style=\"color: #000080\">&nbsp;&nbsp;&nbsp;&nbsp;&nbsp;&nbsp; Para cualquier informaci\u00f3n que necesiten no duden en ponerse en contacto con nosotros a trav\u00e9s de nuestro &nbsp;correo electr\u00f3nico:&nbsp;11007260.edu@juntadeandalucia.es, o bien llamando al Telf.&nbsp;956943280-956243281<\/span><\/p>\n","protected":false},"excerpt":{"rendered":"<p>El Colegio de Educaci\u00f3n Infantil y Primaria CEIP ARQUTECTO LEOZ&nbsp; se encuentra situado en la localidad de&nbsp;SAN FERNANDO, provincia de C\u00e1diz,&nbsp; m\u00e1s concretamente en la barriada de La Ardila.&nbsp; La barriada de \u201cLa Ardila\u201d,&#46;&#46;&#46;<\/p>\n","protected":false},"author":6131,"featured_media":0,"parent":0,"menu_order":0,"comment_status":"closed","ping_status":"closed","template":"","meta":{"ngg_post_thumbnail":0,"footnotes":"","_mc_calendar":[]},"aioseo_notices":[],"_links":{"self":[{"href":"https:\/\/blogsaverroes.juntadeandalucia.es\/ceiparquitectoleoz\/wp-json\/wp\/v2\/pages\/2230"}],"collection":[{"href":"https:\/\/blogsaverroes.juntadeandalucia.es\/ceiparquitectoleoz\/wp-json\/wp\/v2\/pages"}],"about":[{"href":"https:\/\/blogsaverroes.juntadeandalucia.es\/ceiparquitectoleoz\/wp-json\/wp\/v2\/types\/page"}],"author":[{"embeddable":true,"href":"https:\/\/blogsaverroes.juntadeandalucia.es\/ceiparquitectoleoz\/wp-json\/wp\/v2\/users\/6131"}],"replies":[{"embeddable":true,"href":"https:\/\/blogsaverroes.juntadeandalucia.es\/ceiparquitectoleoz\/wp-json\/wp\/v2\/comments?post=2230"}],"version-history":[{"count":6,"href":"https:\/\/blogsaverroes.juntadeandalucia.es\/ceiparquitectoleoz\/wp-json\/wp\/v2\/pages\/2230\/revisions"}],"predecessor-version":[{"id":4258,"href":"https:\/\/blogsaverroes.juntadeandalucia.es\/ceiparquitectoleoz\/wp-json\/wp\/v2\/pages\/2230\/revisions\/4258"}],"wp:attachment":[{"href":"https:\/\/blogsaverroes.juntadeandalucia.es\/ceiparquitectoleoz\/wp-json\/wp\/v2\/media?parent=2230"}],"curies":[{"name":"wp","href":"https:\/\/api.w.org\/{rel}","templated":true}]}}

<p><span style="color: #000080">El Colegio de Educación Infantil y Primaria CEIP ARQUTECTO LEOZ&nbsp; se encuentra situado en la localidad de&nbsp;SAN FERNANDO, provincia de Cádiz,&nbsp; más concretamente en la barriada de La Ardila.&nbsp;</span></p>
<p><span style="color: #000080">La barriada de “La Ardila”, situada en la parte oeste de San Fernando, está constituida por un núcleo de viviendas entre la calle Real y la Avenida Pery Junquera, a la entrada de la ciudad viniendo desde Cádiz.</span></p>
<p><span style="color: #000080">En la barriada coexisten otro centro de Educación Infantil y Primaria y tres institutos de Educación Secundaria, además de otras instalaciones de servicios: Centro Cívico, Parroquia y Centro de Salud.</span></p>
<p><span style="color: #000080">El colegio abrió sus puertas por primera vez en septiembre de 1980. Dos características han definido singularmente al Centro: su intensa vinculación y relación con el entorno y su permanente proceso de renovación y actualización.</span></p>
<p><span style="color: #000080"><strong>Zonas exteriores y patios </strong></span></p>
<p><span style="color: #000080">El Colegio, está emplazado en una parcela de 8.500 m2, que consta de dos edificios (1.600 m2 y 576 m2 construidos respectivamente) y un local cerrado habilitado como gimnasio (189 m2).</span></p>
<p><span style="color: #000080">El espacio exterior que rodea a las construcciones o edificaciones, de grandes dimensiones consta de tres patios exteriores, un patio interior dentro del edificio principal, un pequeño huerto y una calle interior separando los dos edificios&nbsp; que hace las veces de patio.</span></p>
<p><span style="color: #000080"><strong>El emblema </strong>del colegio es una paloma representada con el logo de la Junta de Andalucía que tiene como alas un libro abierto en cuyas páginas se observan las iniciales del nombre del centro.</span></p>
<p><a href="https://blogsaverroes.juntadeandalucia.es/ceiparquitectoleoz/files/2018/04/Emblema.jpg"><img loading="lazy" decoding="async" class="aligncenter wp-image-2222" src="https://blogsaverroes.juntadeandalucia.es/ceiparquitectoleoz/files/2018/04/Emblema.jpg" alt="" width="268" height="172" srcset="https://blogsaverroes.juntadeandalucia.es/ceiparquitectoleoz/files/2018/04/Emblema.jpg 179w, https://blogsaverroes.juntadeandalucia.es/ceiparquitectoleoz/files/2018/04/Emblema-24x15.jpg 24w, https://blogsaverroes.juntadeandalucia.es/ceiparquitectoleoz/files/2018/04/Emblema-36x23.jpg 36w, https://blogsaverroes.juntadeandalucia.es/ceiparquitectoleoz/files/2018/04/Emblema-48x31.jpg 48w" sizes="(max-width: 268px) 100vw, 268px" /></a></p>
<p><span style="color: #000080">Además ofertamos:</span></p>
<p><span style="color: #000080">&#8211; Aula matinal</span></p>
<p><span style="color: #000080">&#8211; Comedor escolar</span></p>
<p><span style="color: #000080">&#8211; Programa de Refuerzo, Orientación y Apoyo en los centros docentes públicos de Andalucía.&nbsp;</span></p>
<p><span style="color: #000080">&#8211; Proyecto Más Deporte.</span></p>
<p><span style="color: #000080">-Actividades extraescolares.</span></p>
<p><span style="color: #000080">&nbsp;&nbsp;&nbsp;&nbsp;&nbsp;&nbsp; Para cualquier información que necesiten no duden en ponerse en contacto con nosotros a través de nuestro &nbsp;correo electrónico:&nbsp;11007260.edu@juntadeandalucia.es, o bien llamando al Telf.&nbsp;956943280-956243281</span></p>

<p>El Colegio de Educación Infantil y Primaria CEIP ARQUTECTO LEOZ&nbsp; se encuentra situado en la localidad de&nbsp;SAN FERNANDO, provincia de Cádiz,&nbsp; más concretamente en la barriada de La Ardila.&nbsp; La barriada de “La Ardila”,&#46;&#46;&#46;</p>
