{"id":2265,"date":"2018-04-22T18:57:40","date_gmt":"2018-04-22T18:57:40","guid":{"rendered":"https:\/\/blogsaverroes.juntadeandalucia.es\/ceiparquitectoleoz\/?page_id=2265"},"modified":"2018-04-30T18:21:39","modified_gmt":"2018-04-30T18:21:39","slug":"claustro-profesores","status":"publish","type":"page","link":"https:\/\/blogsaverroes.juntadeandalucia.es\/ceiparquitectoleoz\/claustro-profesores\/","title":{"rendered":"Claustro de Profesores"},"content":{"rendered":"<p style=\"text-align: center\">&nbsp;<a href=\"https:\/\/blogsaverroes.juntadeandalucia.es\/ceiparquitectoleoz\/files\/2018\/04\/images.jpg\"><img loading=\"lazy\" decoding=\"async\" class=\"alignnone size-medium wp-image-2269\" src=\"https:\/\/blogsaverroes.juntadeandalucia.es\/ceiparquitectoleoz\/files\/2018\/04\/images.jpg\" alt=\"\" width=\"280\" height=\"180\" srcset=\"https:\/\/blogsaverroes.juntadeandalucia.es\/ceiparquitectoleoz\/files\/2018\/04\/images.jpg 280w, https:\/\/blogsaverroes.juntadeandalucia.es\/ceiparquitectoleoz\/files\/2018\/04\/images-24x15.jpg 24w, https:\/\/blogsaverroes.juntadeandalucia.es\/ceiparquitectoleoz\/files\/2018\/04\/images-36x23.jpg 36w, https:\/\/blogsaverroes.juntadeandalucia.es\/ceiparquitectoleoz\/files\/2018\/04\/images-48x31.jpg 48w\" sizes=\"(max-width: 280px) 100vw, 280px\" \/>&nbsp; &nbsp;&nbsp;&nbsp; &nbsp; &nbsp; &nbsp;<\/a><a href=\"https:\/\/blogsaverroes.juntadeandalucia.es\/ceiparquitectoleoz\/files\/2018\/04\/claustro.gif\"><img loading=\"lazy\" decoding=\"async\" class=\"alignnone wp-image-2268\" src=\"https:\/\/blogsaverroes.juntadeandalucia.es\/ceiparquitectoleoz\/files\/2018\/04\/claustro-300x300.gif\" alt=\"\" width=\"212\" height=\"212\" srcset=\"https:\/\/blogsaverroes.juntadeandalucia.es\/ceiparquitectoleoz\/files\/2018\/04\/claustro-300x300.gif 300w, https:\/\/blogsaverroes.juntadeandalucia.es\/ceiparquitectoleoz\/files\/2018\/04\/claustro-150x150.gif 150w, https:\/\/blogsaverroes.juntadeandalucia.es\/ceiparquitectoleoz\/files\/2018\/04\/claustro-100x100.gif 100w, https:\/\/blogsaverroes.juntadeandalucia.es\/ceiparquitectoleoz\/files\/2018\/04\/claustro-160x160.gif 160w, https:\/\/blogsaverroes.juntadeandalucia.es\/ceiparquitectoleoz\/files\/2018\/04\/claustro-320x320.gif 320w, https:\/\/blogsaverroes.juntadeandalucia.es\/ceiparquitectoleoz\/files\/2018\/04\/claustro-24x24.gif 24w, https:\/\/blogsaverroes.juntadeandalucia.es\/ceiparquitectoleoz\/files\/2018\/04\/claustro-36x36.gif 36w, https:\/\/blogsaverroes.juntadeandalucia.es\/ceiparquitectoleoz\/files\/2018\/04\/claustro-48x48.gif 48w\" sizes=\"(max-width: 212px) 100vw, 212px\" \/><\/a><\/p>\n<p><span style=\"color: #993366\"><strong><em>EDUCACI\u00d3N INFANTIL:<\/em><\/strong><\/span><\/p>\n<table width=\"574\">\n<tbody>\n<tr>\n<td style=\"width: 116px\"><span style=\"color: #993366\"><strong>I3A<\/strong><\/span><\/td>\n<td style=\"width: 299px\"><span style=\"color: #993366\"><strong>MAR\u00cdA ANGUSTIAS CASTILLO WAGNER<\/strong><\/span><\/td>\n<td style=\"width: 137px\"><span style=\"color: #993366\"><strong>AULA 13<\/strong><\/span><\/td>\n<\/tr>\n<tr>\n<td style=\"width: 116px\"><span style=\"color: #993366\"><strong>I3B<\/strong><\/span><\/td>\n<td style=\"width: 299px\"><span style=\"color: #993366\"><strong>VICTORIA<\/strong>.<strong>LORENZO BLANCO<\/strong><\/span><\/td>\n<td style=\"width: 137px\"><span style=\"color: #993366\"><strong>AULA11<\/strong><\/span><\/td>\n<\/tr>\n<tr>\n<td style=\"width: 116px\"><span style=\"color: #993366\"><strong>I4A<\/strong><\/span><\/td>\n<td style=\"width: 299px\"><span style=\"color: #993366\"><strong>MARGARITA BERENGUER MONZ\u00d3N<\/strong><\/span><\/td>\n<td style=\"width: 137px\"><span style=\"color: #993366\"><strong>AULA 12<\/strong><\/span><\/td>\n<\/tr>\n<tr>\n<td style=\"width: 116px\"><span style=\"color: #993366\"><strong>I4B<\/strong><\/span><\/td>\n<td style=\"width: 299px\"><span style=\"color: #993366\"><strong>VALME ROMERO REINA<\/strong><\/span><\/td>\n<td style=\"width: 137px\"><span style=\"color: #993366\"><strong>AULA 10<\/strong><\/span><\/td>\n<\/tr>\n<tr>\n<td style=\"width: 116px\"><span style=\"color: #993366\"><strong>I5A<\/strong><\/span><\/td>\n<td style=\"width: 299px\"><span style=\"color: #993366\"><strong>INMACULADA JARDINES CEREZO<\/strong><\/span><\/td>\n<td style=\"width: 137px\"><span style=\"color: #993366\"><strong>AULA 17<\/strong><\/span><\/td>\n<\/tr>\n<tr>\n<td style=\"width: 116px\"><span style=\"color: #993366\"><strong>I5B<\/strong><\/span><\/td>\n<td style=\"width: 299px\"><span style=\"color: #993366\"><strong>ANA MAR\u00cdA GARC\u00cdA CRUZ<\/strong><\/span><\/td>\n<td style=\"width: 137px\"><span style=\"color: #993366\"><strong>AULA 22<\/strong><\/span><\/td>\n<\/tr>\n<tr>\n<td style=\"width: 116px\"><span style=\"color: #993366\"><strong>Apoyo Infantil<\/strong><\/span><\/td>\n<td style=\"width: 299px\"><span style=\"color: #993366\"><strong>MERCEDES FERN\u00c1NDEZ MONTERO<\/strong><\/span><\/td>\n<td style=\"width: 137px\"><span style=\"color: #993366\"><strong>&nbsp;<\/strong><\/span><\/td>\n<\/tr>\n<\/tbody>\n<\/table>\n<p>&nbsp;<\/p>\n<p><span style=\"color: #339966\"><strong><em>EDUCACI\u00d3N PRIMARIA:<\/em><\/strong><\/span><\/p>\n<table width=\"574\">\n<tbody>\n<tr>\n<td width=\"121\"><span style=\"color: #339966\">&nbsp;<strong>1\u00baA<\/strong><\/span><\/td>\n<td width=\"312\"><span style=\"color: #339966\"><strong>MAR\u00cdA DEL MAR DELGADO ROMERO<\/strong><\/span><\/td>\n<td width=\"142\"><span style=\"color: #339966\"><strong>AULA 19<\/strong><\/span><\/td>\n<\/tr>\n<tr>\n<td width=\"121\"><span style=\"color: #339966\"><strong>2\u00baA<\/strong><\/span><\/td>\n<td width=\"312\"><span style=\"color: #339966\"><strong>CRISTINA AGUIRREZABALA VALERO DE BERNAB\u00c9<\/strong><\/span><\/td>\n<td width=\"142\"><span style=\"color: #339966\"><strong>AULA 20<\/strong><\/span><\/td>\n<\/tr>\n<tr>\n<td width=\"121\"><span style=\"color: #339966\"><strong>2\u00baB<\/strong><\/span><\/td>\n<td width=\"312\"><span style=\"color: #339966\"><strong>ASUNCI\u00d3N&nbsp; RODR\u00cdGUEZ MU\u00d1OZ<\/strong><\/span><\/td>\n<td width=\"142\"><span style=\"color: #339966\"><strong>AULA 18<\/strong><\/span><\/td>\n<\/tr>\n<\/tbody>\n<\/table>\n<p>&nbsp;<\/p>\n<p><span style=\"color: #3366ff\"><strong>SEGUNDO CICLO:<\/strong><\/span><\/p>\n<table width=\"574\">\n<tbody>\n<tr>\n<td width=\"121\"><span style=\"color: #3366ff\"><strong>3\u00baA<\/strong><\/span><\/td>\n<td width=\"312\"><span style=\"color: #3366ff\"><strong>MIRIAN DE LA OLIVA S\u00c1NCHEZ ROMERO<\/strong><\/span><\/td>\n<td width=\"142\"><span style=\"color: #3366ff\"><strong>AULA 1<\/strong><\/span><\/td>\n<\/tr>\n<tr>\n<td width=\"121\"><span style=\"color: #3366ff\"><strong>3\u00baB<\/strong><\/span><\/td>\n<td width=\"312\"><span style=\"color: #3366ff\"><strong>M\u00aa DEL CARMEN CHERNICHERO MESA<\/strong><\/span><\/td>\n<td width=\"142\"><span style=\"color: #3366ff\"><strong>AULA 6<\/strong><\/span><\/td>\n<\/tr>\n<tr>\n<td width=\"121\"><span style=\"color: #3366ff\"><strong>4\u00baA<\/strong><\/span><\/td>\n<td width=\"312\"><span style=\"color: #3366ff\"><strong>MANUEL JOS\u00c9 SANTIAGO MONTERO<\/strong><\/span><\/td>\n<td width=\"142\"><span style=\"color: #3366ff\"><strong>AULA 3<\/strong><\/span><\/td>\n<\/tr>\n<tr>\n<td width=\"121\"><span style=\"color: #3366ff\"><strong>4\u00baB<\/strong><\/span><\/td>\n<td width=\"312\"><span style=\"color: #3366ff\"><strong>MANUEL QUINTERO D\u00d3M\u00cdNGUEZ<\/strong><\/span><\/td>\n<td width=\"142\"><span style=\"color: #3366ff\"><strong>AULA 4<\/strong><\/span><\/td>\n<\/tr>\n<\/tbody>\n<\/table>\n<p>&nbsp;<\/p>\n<p><span style=\"color: #ff0000\"><strong>TERCER CICLO:<\/strong>&nbsp;<\/span><\/p>\n<table width=\"574\">\n<tbody>\n<tr>\n<td width=\"121\"><span style=\"color: #ff0000\"><strong>5\u00baA<\/strong><\/span><\/td>\n<td width=\"312\"><span style=\"color: #ff0000\"><strong>M\u00aa DEL CARMEN SIXTO NOGUEIRA<\/strong><\/span><\/td>\n<td width=\"142\"><span style=\"color: #ff0000\"><strong>AULA 24<\/strong><\/span><\/td>\n<\/tr>\n<tr>\n<td width=\"121\"><span style=\"color: #ff0000\"><strong>5\u00baB<\/strong><\/span><\/td>\n<td width=\"312\"><span style=\"color: #ff0000\"><strong>VER\u00d3NICA RIVERA&nbsp; SAN EMETERIO<\/strong><\/span><\/td>\n<td width=\"142\"><span style=\"color: #ff0000\"><strong>AULA 9<\/strong><\/span><\/td>\n<\/tr>\n<tr>\n<td width=\"121\"><span style=\"color: #ff0000\"><strong>5\u00baC<\/strong><\/span><\/td>\n<td width=\"312\"><span style=\"color: #ff0000\"><strong>ANTONIO JUAN LOZANO MEDINA<\/strong><\/span><\/td>\n<td width=\"142\"><span style=\"color: #ff0000\"><strong>AULA 5<\/strong><\/span><\/td>\n<\/tr>\n<tr>\n<td width=\"121\"><span style=\"color: #ff0000\"><strong>6\u00baA<\/strong><\/span><\/td>\n<td width=\"312\"><span style=\"color: #ff0000\"><strong>LOURDES ASTORGA ARZUA&nbsp;<\/strong><\/span><\/td>\n<td width=\"142\"><span style=\"color: #ff0000\"><strong>AULA 7<\/strong><\/span><\/td>\n<\/tr>\n<tr>\n<td width=\"121\"><span style=\"color: #ff0000\"><strong>6\u00baB<\/strong><\/span><\/td>\n<td width=\"312\"><span style=\"color: #ff0000\"><strong>PILAR MEDINA TOLEDO<\/strong><\/span><\/td>\n<td width=\"142\"><span style=\"color: #ff0000\"><strong>AULA 8<\/strong><\/span><\/td>\n<\/tr>\n<tr>\n<td width=\"121\"><span style=\"color: #ff0000\"><strong>6\u00baC<\/strong><\/span><\/td>\n<td width=\"312\"><span style=\"color: #ff0000\"><strong>M\u00aa PILAR GARC\u00cdA REALES<\/strong><\/span><\/td>\n<td width=\"142\"><span style=\"color: #ff0000\"><strong>AULA 2<\/strong><\/span><\/td>\n<\/tr>\n<\/tbody>\n<\/table>\n<p>&nbsp;<\/p>\n<p>&nbsp;<span style=\"color: #ff9900\"><strong>MAESTROS ESPECIALISTAS<\/strong><\/span><\/p>\n<table style=\"width: 584px;height: 166px\">\n<tbody>\n<tr>\n<td style=\"width: 119px\"><span style=\"color: #ff9900\"><strong>ED. F\u00cdSICA<\/strong><\/span><\/td>\n<td style=\"width: 451px\"><span style=\"color: #ff9900\"><strong>FRANCISCO JOS\u00c9 GERENA S\u00c1NCHEZ<\/strong><\/span><\/td>\n<\/tr>\n<tr>\n<td style=\"width: 119px\"><span style=\"color: #ff9900\"><strong>INGL\u00c9S INFANTIL<\/strong><\/span><\/td>\n<td style=\"width: 451px\"><span style=\"color: #ff9900\"><strong>VER\u00d3NICA RIVERA SAN EMETERIO<\/strong><\/span><\/td>\n<\/tr>\n<tr>\n<td style=\"width: 119px\"><span style=\"color: #ff9900\"><strong>INGL\u00c9S PRIMARIA<\/strong><\/span><\/td>\n<td style=\"width: 451px\"><span style=\"color: #ff9900\"><strong>MAR\u00cdA DEL MAR DELGADO ROMERO<\/strong><\/span><\/td>\n<\/tr>\n<tr>\n<td style=\"width: 119px\"><span style=\"color: #ff9900\"><strong>INGL\u00c9S PRIMARIA<\/strong><\/span><\/td>\n<td style=\"width: 451px\"><span style=\"color: #ff9900\"><strong>MIRIAN DE LA OLIVA S\u00c1NCHEZ ROMERO<\/strong><\/span><\/td>\n<\/tr>\n<tr>\n<td style=\"width: 119px\"><span style=\"color: #ff9900\"><strong>INGL\u00c9S PRIMARIA<\/strong><\/span><\/td>\n<td style=\"width: 451px\"><span style=\"color: #ff9900\"><strong>PILAR MEDINA TOLEDO<\/strong><\/span><\/td>\n<\/tr>\n<tr>\n<td style=\"width: 119px\"><span style=\"color: #ff9900\"><strong>FRANC\u00c9S PRIMARIA<\/strong><\/span><\/td>\n<td style=\"width: 451px\"><span style=\"color: #ff9900\"><strong>MAR\u00cdA DEL CARMEN MOLINA FACIO<\/strong> <\/span><\/td>\n<\/tr>\n<\/tbody>\n<\/table>\n<p>&nbsp;<\/p>\n<p><span style=\"color: #00ccff\"><strong>APOYO A LA INTEGRACI\u00d3N<\/strong><\/span><\/p>\n<p><span style=\"color: #00ccff\"><strong>Maestra de Pedagog\u00eda Terap\u00e9utica<\/strong><\/span><\/p>\n<table width=\"574\">\n<tbody>\n<tr>\n<td width=\"121\"><span style=\"color: #00ccff\"><strong>PT<\/strong><\/span><\/td>\n<td width=\"312\"><span style=\"color: #00ccff\"><strong>M\u00ba DE LOS \u00c1NGELES CERRO BALEATO<\/strong><\/span><\/td>\n<td width=\"142\"><span style=\"color: #00ccff\"><strong>AULA 15<\/strong><\/span><\/td>\n<\/tr>\n<\/tbody>\n<\/table>\n<p>&nbsp;<\/p>\n<p><span style=\"color: #00ccff\"><strong>Maestra de Atenci\u00f3n a la Diversidad<\/strong><\/span><\/p>\n<table width=\"574\">\n<tbody>\n<tr>\n<td width=\"121\"><span style=\"color: #00ccff\"><strong>AT.DIV.<\/strong><\/span><\/td>\n<td width=\"312\"><span style=\"color: #00ccff\"><strong>M\u00aa DEL CARMEN BOH\u00d3RQUEZ GUTI\u00c9RREZ<\/strong><\/span><\/td>\n<td width=\"142\"><span style=\"color: #00ccff\"><strong>AULA 14<\/strong><\/span><\/td>\n<\/tr>\n<\/tbody>\n<\/table>\n<p>&nbsp;<\/p>\n<p><span style=\"color: #00ccff\"><strong>Maestra de Audici\u00f3n y Lenguaje<\/strong><\/span><\/p>\n<table width=\"574\">\n<tbody>\n<tr>\n<td width=\"121\"><span style=\"color: #00ccff\"><strong>LOGOPEDA<\/strong><\/span><\/td>\n<td width=\"454\"><span style=\"color: #00ccff\"><strong>ANTONIA JIM\u00c9MEZ CEREZO<\/strong><\/span><\/td>\n<\/tr>\n<\/tbody>\n<\/table>\n<p>&nbsp;<\/p>\n<p><span style=\"color: #ff00ff\"><strong>MAESTRAS DE RELIGI\u00d3N:<\/strong><\/span><\/p>\n<table style=\"width: 568px\">\n<tbody>\n<tr>\n<td style=\"width: 184px\"><span style=\"color: #ff00ff\"><strong>RELIGI\u00d3N CAT\u00d3LICA<\/strong><\/span><\/td>\n<td style=\"width: 374px\"><span style=\"color: #ff00ff\"><strong>M\u00aa DEL CARMEN SAELICES GONZ\u00c1LEZ<\/strong><\/span><\/td>\n<\/tr>\n<tr>\n<td style=\"width: 184px\"><span style=\"color: #ff00ff\"><strong>RELIGI\u00d3N CAT\u00d3LICA<\/strong><\/span><\/td>\n<td style=\"width: 374px\"><span style=\"color: #ff00ff\"><strong>M\u00aa DEL CARMEN NETO MORALES<\/strong><\/span><\/td>\n<\/tr>\n<tr>\n<td style=\"width: 184px\"><span style=\"color: #ff00ff\"><strong>RELIGI\u00d3N CAT\u00d3LICA<\/strong><\/span><\/td>\n<td style=\"width: 374px\"><span style=\"color: #ff00ff\"><strong>ASUNCI\u00d3N BARROSO CASTA\u00d1O<\/strong><\/span><\/td>\n<\/tr>\n<tr>\n<td style=\"width: 184px\">&nbsp;<\/td>\n<td style=\"width: 374px\">&nbsp;<\/td>\n<\/tr>\n<\/tbody>\n<\/table>\n<p>&nbsp;<\/p>\n","protected":false},"excerpt":{"rendered":"<p>&nbsp;&nbsp; &nbsp;&nbsp;&nbsp; &nbsp; &nbsp; &nbsp; EDUCACI\u00d3N INFANTIL: I3A MAR\u00cdA ANGUSTIAS CASTILLO WAGNER AULA 13 I3B VICTORIA.LORENZO BLANCO AULA11 I4A MARGARITA BERENGUER MONZ\u00d3N AULA 12 I4B VALME ROMERO REINA AULA 10 I5A INMACULADA JARDINES CEREZO&#46;&#46;&#46;<\/p>\n","protected":false},"author":6131,"featured_media":0,"parent":0,"menu_order":0,"comment_status":"closed","ping_status":"closed","template":"","meta":{"ngg_post_thumbnail":0,"footnotes":"","_mc_calendar":[]},"aioseo_notices":[],"_links":{"self":[{"href":"https:\/\/blogsaverroes.juntadeandalucia.es\/ceiparquitectoleoz\/wp-json\/wp\/v2\/pages\/2265"}],"collection":[{"href":"https:\/\/blogsaverroes.juntadeandalucia.es\/ceiparquitectoleoz\/wp-json\/wp\/v2\/pages"}],"about":[{"href":"https:\/\/blogsaverroes.juntadeandalucia.es\/ceiparquitectoleoz\/wp-json\/wp\/v2\/types\/page"}],"author":[{"embeddable":true,"href":"https:\/\/blogsaverroes.juntadeandalucia.es\/ceiparquitectoleoz\/wp-json\/wp\/v2\/users\/6131"}],"replies":[{"embeddable":true,"href":"https:\/\/blogsaverroes.juntadeandalucia.es\/ceiparquitectoleoz\/wp-json\/wp\/v2\/comments?post=2265"}],"version-history":[{"count":4,"href":"https:\/\/blogsaverroes.juntadeandalucia.es\/ceiparquitectoleoz\/wp-json\/wp\/v2\/pages\/2265\/revisions"}],"predecessor-version":[{"id":2340,"href":"https:\/\/blogsaverroes.juntadeandalucia.es\/ceiparquitectoleoz\/wp-json\/wp\/v2\/pages\/2265\/revisions\/2340"}],"wp:attachment":[{"href":"https:\/\/blogsaverroes.juntadeandalucia.es\/ceiparquitectoleoz\/wp-json\/wp\/v2\/media?parent=2265"}],"curies":[{"name":"wp","href":"https:\/\/api.w.org\/{rel}","templated":true}]}}