{"id":2429,"date":"2018-05-03T18:05:08","date_gmt":"2018-05-03T18:05:08","guid":{"rendered":"https:\/\/blogsaverroes.juntadeandalucia.es\/ceiparquitectoleoz\/?page_id=2429"},"modified":"2019-05-19T18:48:23","modified_gmt":"2019-05-19T18:48:23","slug":"prueba-escala-2018-19","status":"publish","type":"page","link":"https:\/\/blogsaverroes.juntadeandalucia.es\/ceiparquitectoleoz\/prueba-escala-2018-19\/","title":{"rendered":"Prueba ESCALA 2018-19"},"content":{"rendered":"<p><span style=\"color: #993300\">Se informa a la Comunidad Educativa que en este&nbsp;mes de mayo (D\u00cdAS 21 y 22 ) se van a realizar las <strong><em>Pruebas de Evaluaci\u00f3n:&nbsp; ESCALA de 2018- 2019<\/em><\/strong>.&nbsp;<\/span><\/p>\n<p>&nbsp;<\/p>\n<p><span style=\"color: #993300\"><strong><em>La prueba de evaluaci\u00f3n ESCALA<\/em><\/strong>&nbsp;tiene como finalidad comprobar el nivel de adquisici\u00f3n de las competencias en Comunicaci\u00f3n ling\u00fc\u00edstica y Razonamiento matem\u00e1tico del alumnado de <strong>segundo de Educaci\u00f3n Primaria<\/strong>. Adem\u00e1s, se aplicar\u00e1 una prueba de lectura individual a una muestra de alumnado de cada centro.<\/span><\/p>\n<p><span style=\"color: #993300\"><strong><em>DOCUMENTACI\u00d3N DE INTER\u00c9S:&nbsp;&nbsp;<\/em><\/strong><\/span><a href=\"https:\/\/www.juntadeandalucia.es\/boja\/2019\/64\/22\" target=\"_blank\" rel=\"noopener\">Informaci\u00f3n ESCALA 2018-19<\/a><\/p>\n<p><span style=\"color: #993300\">La evaluaci\u00f3n ESCALA es un instrumento que nos permite conocer tanto las competencias del alumnado como la situaci\u00f3n de los centros y del Sistema Educativo Andaluz en su totalidad. Desde su inicio en el curso 2010-11 son, con esta, ya siete las ediciones que se han llevado a cabo, lo que significa que este proceso de evaluaci\u00f3n se ha entendido como un instrumento estrat\u00e9gico de mejora. La Consejer\u00eda de Educaci\u00f3n considera fundamental disponer de un buen y potente sistema de evaluaci\u00f3n, con caracter\u00edsticas propias y adecuado a nuestro modelo educativo.<\/span><\/p>\n<p><span style=\"color: #993300\">La evaluaci\u00f3n ESCALA, por un lado, facilita a la Administraci\u00f3n educativa una informaci\u00f3n amplia, rigurosa y permanente y, por otro, se ha convertido en una referencia clave para orientar su pol\u00edtica educativa y dar coherencia a sus estrategias de atenci\u00f3n, formaci\u00f3n y asesoramiento de los centros y de sus equipos docentes. Se trata de una acci\u00f3n desarrollada por la Agencia Andaluza de Evaluaci\u00f3n Educativa, que s\u00f3lo es posible con la implicaci\u00f3n de los centros educativos, sus equipos directivos y profesorado, y con la colaboraci\u00f3n de la inspecci\u00f3n educativa. Sirvan estas l\u00edneas para agradecer la participaci\u00f3n y compromiso de todas las personas que intervienen.<\/span><\/p>\n<p>&nbsp;<\/p>\n","protected":false},"excerpt":{"rendered":"<p>Se informa a la Comunidad Educativa que en este&nbsp;mes de mayo (D\u00cdAS 21 y 22 ) se van a realizar las Pruebas de Evaluaci\u00f3n:&nbsp; ESCALA de 2018- 2019.&nbsp; &nbsp; La prueba de evaluaci\u00f3n ESCALA&nbsp;tiene&#46;&#46;&#46;<\/p>\n","protected":false},"author":6131,"featured_media":0,"parent":0,"menu_order":0,"comment_status":"closed","ping_status":"closed","template":"","meta":{"ngg_post_thumbnail":0,"footnotes":"","_mc_calendar":[]},"aioseo_notices":[],"_links":{"self":[{"href":"https:\/\/blogsaverroes.juntadeandalucia.es\/ceiparquitectoleoz\/wp-json\/wp\/v2\/pages\/2429"}],"collection":[{"href":"https:\/\/blogsaverroes.juntadeandalucia.es\/ceiparquitectoleoz\/wp-json\/wp\/v2\/pages"}],"about":[{"href":"https:\/\/blogsaverroes.juntadeandalucia.es\/ceiparquitectoleoz\/wp-json\/wp\/v2\/types\/page"}],"author":[{"embeddable":true,"href":"https:\/\/blogsaverroes.juntadeandalucia.es\/ceiparquitectoleoz\/wp-json\/wp\/v2\/users\/6131"}],"replies":[{"embeddable":true,"href":"https:\/\/blogsaverroes.juntadeandalucia.es\/ceiparquitectoleoz\/wp-json\/wp\/v2\/comments?post=2429"}],"version-history":[{"count":5,"href":"https:\/\/blogsaverroes.juntadeandalucia.es\/ceiparquitectoleoz\/wp-json\/wp\/v2\/pages\/2429\/revisions"}],"predecessor-version":[{"id":3102,"href":"https:\/\/blogsaverroes.juntadeandalucia.es\/ceiparquitectoleoz\/wp-json\/wp\/v2\/pages\/2429\/revisions\/3102"}],"wp:attachment":[{"href":"https:\/\/blogsaverroes.juntadeandalucia.es\/ceiparquitectoleoz\/wp-json\/wp\/v2\/media?parent=2429"}],"curies":[{"name":"wp","href":"https:\/\/api.w.org\/{rel}","templated":true}]}}

<p><span style="color: #993300">Se informa a la Comunidad Educativa que en este&nbsp;mes de mayo (DÍAS 21 y 22 ) se van a realizar las <strong><em>Pruebas de Evaluación:&nbsp; ESCALA de 2018- 2019</em></strong>.&nbsp;</span></p>
<p>&nbsp;</p>
<p><span style="color: #993300"><strong><em>La prueba de evaluación ESCALA</em></strong>&nbsp;tiene como finalidad comprobar el nivel de adquisición de las competencias en Comunicación lingüística y Razonamiento matemático del alumnado de <strong>segundo de Educación Primaria</strong>. Además, se aplicará una prueba de lectura individual a una muestra de alumnado de cada centro.</span></p>
<p><span style="color: #993300"><strong><em>DOCUMENTACIÓN DE INTERÉS:&nbsp;&nbsp;</em></strong></span><a href="https://www.juntadeandalucia.es/boja/2019/64/22" target="_blank" rel="noopener">Información ESCALA 2018-19</a></p>
<p><span style="color: #993300">La evaluación ESCALA es un instrumento que nos permite conocer tanto las competencias del alumnado como la situación de los centros y del Sistema Educativo Andaluz en su totalidad. Desde su inicio en el curso 2010-11 son, con esta, ya siete las ediciones que se han llevado a cabo, lo que significa que este proceso de evaluación se ha entendido como un instrumento estratégico de mejora. La Consejería de Educación considera fundamental disponer de un buen y potente sistema de evaluación, con características propias y adecuado a nuestro modelo educativo.</span></p>
<p><span style="color: #993300">La evaluación ESCALA, por un lado, facilita a la Administración educativa una información amplia, rigurosa y permanente y, por otro, se ha convertido en una referencia clave para orientar su política educativa y dar coherencia a sus estrategias de atención, formación y asesoramiento de los centros y de sus equipos docentes. Se trata de una acción desarrollada por la Agencia Andaluza de Evaluación Educativa, que sólo es posible con la implicación de los centros educativos, sus equipos directivos y profesorado, y con la colaboración de la inspección educativa. Sirvan estas líneas para agradecer la participación y compromiso de todas las personas que intervienen.</span></p>
<p>&nbsp;</p>

<p>Se informa a la Comunidad Educativa que en este&nbsp;mes de mayo (DÍAS 21 y 22 ) se van a realizar las Pruebas de Evaluación:&nbsp; ESCALA de 2018- 2019.&nbsp; &nbsp; La prueba de evaluación ESCALA&nbsp;tiene&#46;&#46;&#46;</p>
