{"id":2624,"date":"2018-06-24T10:06:42","date_gmt":"2018-06-24T10:06:42","guid":{"rendered":"https:\/\/blogsaverroes.juntadeandalucia.es\/ceiparquitectoleoz\/?page_id=2624"},"modified":"2019-06-16T18:05:47","modified_gmt":"2019-06-16T18:05:47","slug":"transito-infantil-primaria","status":"publish","type":"page","link":"https:\/\/blogsaverroes.juntadeandalucia.es\/ceiparquitectoleoz\/transito-infantil-primaria\/","title":{"rendered":"Tr\u00e1nsito Infantil-Primaria"},"content":{"rendered":"<p><a href=\"https:\/\/blogsaverroes.juntadeandalucia.es\/ceiparquitectoleoz\/files\/2018\/06\/TRANSITO-A-PRIMARIA.jpg\"><img loading=\"lazy\" decoding=\"async\" class=\"aligncenter wp-image-3149 size-medium\" src=\"https:\/\/blogsaverroes.juntadeandalucia.es\/ceiparquitectoleoz\/files\/2018\/06\/TRANSITO-A-PRIMARIA-300x169.jpg\" alt=\"\" width=\"300\" height=\"169\" srcset=\"https:\/\/blogsaverroes.juntadeandalucia.es\/ceiparquitectoleoz\/files\/2018\/06\/TRANSITO-A-PRIMARIA-300x169.jpg 300w, https:\/\/blogsaverroes.juntadeandalucia.es\/ceiparquitectoleoz\/files\/2018\/06\/TRANSITO-A-PRIMARIA-768x432.jpg 768w, https:\/\/blogsaverroes.juntadeandalucia.es\/ceiparquitectoleoz\/files\/2018\/06\/TRANSITO-A-PRIMARIA-24x14.jpg 24w, https:\/\/blogsaverroes.juntadeandalucia.es\/ceiparquitectoleoz\/files\/2018\/06\/TRANSITO-A-PRIMARIA-36x20.jpg 36w, https:\/\/blogsaverroes.juntadeandalucia.es\/ceiparquitectoleoz\/files\/2018\/06\/TRANSITO-A-PRIMARIA-48x27.jpg 48w, https:\/\/blogsaverroes.juntadeandalucia.es\/ceiparquitectoleoz\/files\/2018\/06\/TRANSITO-A-PRIMARIA.jpg 860w\" sizes=\"(max-width: 300px) 100vw, 300px\" \/><\/a><\/p>\n<p style=\"text-align: center\">&nbsp;<\/p>\n<p style=\"text-align: left\"><b><span style=\"font-family: Calibri\"><span style=\"color: #000000\">REUNI\u00d3N TR\u00c1NSITO DE INFANTIL DE 5 A\u00d1OS A PRIMARIA.&nbsp;<\/span><\/span><\/b><\/p>\n<p><b><span style=\"color: #000000;font-family: Calibri\">Se convoca a los padres de 5 a\u00f1os &nbsp;&nbsp;a la&nbsp; REUNI\u00d3N TR\u00c1NSITO INFANTIL de 5 a\u00f1os \/ PRIMARIA<\/span><\/b><\/p>\n<p><b><span style=\"color: #000000;font-family: Calibri\">DIA: 10 DE JUNIO DE 2019. <\/span><\/b><\/p>\n<p><b><span style=\"color: #000000;font-family: Calibri\">HORA DE COMIENZO: 17:00 h. <\/span><\/b><\/p>\n<p><b><span style=\"color: #000000;font-family: Calibri\">HORA DE FINALIZACI\u00d3N: 18:00 h. <\/span><\/b><\/p>\n<p><b><span style=\"color: #000000;font-family: Calibri\">LUGAR: Biblioteca del Centro (Edificio de Infantil, 2\u00aa planta)<\/span><\/b><\/p>\n<p><b><span style=\"color: #000000;font-family: Calibri\">El &nbsp;orden del d\u00eda ser\u00e1 el siguiente:<\/span><\/b><\/p>\n<p><span style=\"font-family: Calibri\"><span style=\"color: #000000\">&nbsp;<b>ORDEN DEL D\u00cdA: <\/b><\/span><\/span><\/p>\n<p><span style=\"font-family: Calibri\"><span style=\"color: #000000\">&#8211; <b>Saludo y Bienvenida. <\/b><\/span><\/span><\/p>\n<p><span style=\"font-family: Calibri\"><span style=\"color: #000000\">&#8211; <b>Presentaci\u00f3n. <\/b><\/span><\/span><\/p>\n<p><span style=\"font-family: Calibri\"><span style=\"color: #000000\">&#8211; <b>POWER POINT: PASO DE INFANTIL A PRIMARIA. <\/b><\/span><\/span><\/p>\n<p><span style=\"font-family: Calibri\"><span style=\"color: #000000\">\uf0fc <b>A NIVEL ESCOLAR. <\/b><\/span><\/span><\/p>\n<p><span style=\"font-family: Calibri\"><span style=\"color: #000000\">\uf0fc <b>A NIVEL EVOLUTIVO. <\/b><\/span><\/span><\/p>\n<p><span style=\"font-family: Calibri\"><span style=\"color: #000000\">&#8211; <b>Cuestionario de Altas Capacidades Familias. <\/b><\/span><\/span><\/p>\n<p><span style=\"font-family: Calibri\"><span style=\"color: #000000\">&#8211; <b>Ruegos y preguntas. <\/b><\/span><\/span><\/p>\n<p>&nbsp;<\/p>\n<p><a href=\"https:\/\/drive.google.com\/file\/d\/1DbF69M-8FZ6W1_hFWkupirDH996B1H5S\/view?usp=sharing\" target=\"_blank\" rel=\"noopener\">Hacer clic para abrir la Presentaci\u00f3n PowerPoint<\/a><\/p>\n<p>&nbsp;<\/p>\n<p><span style=\"color: #0000ff\"><strong>EL PASO DE INFANTIL A PRIMARIA<\/strong><\/span><\/p>\n<p><span style=\"color: #0000ff\">Para los ni\u00f1os\/as, el paso de Educaci\u00f3n Infantil a Primaria es un cambio significativo y puede tener diferentes implicaciones:<\/span><\/p>\n<p><span style=\"color: #0000ff\">\u2013 Casi siempre cambian de tutor o tutora.<\/span><\/p>\n<p><span style=\"color: #0000ff\">\u2013 Van a tener m\u00e1s profesores.<\/span><\/p>\n<p><span style=\"color: #0000ff\">\u2013 El m\u00e9todo de trabajo suele ser tambi\u00e9n &nbsp;diferente.<\/span><\/p>\n<p><span style=\"color: #0000ff\">-Tienen nuevas asignaturas.<\/span><\/p>\n<p><span style=\"color: #0000ff\">\u2013 En algunos casos, tambi\u00e9n supone un cambio de espacio.<\/span><\/p>\n<p><span style=\"color: #0000ff\">&nbsp;De todas formas el cambio no tiene que ser vivido como algo negativo. Para muchos ni\u00f1os\/as es un signo evidente de que van siendo mayores y casi siempre, esto es para ellos reforzante.<\/span><\/p>\n<p><span style=\"color: #0000ff\">Pero algunos alumnos\/as tienen algunos miedos y preocupaciones y ciertas dificultades para adaptarse.<\/span><\/p>\n<p><span style=\"color: #0000ff\">Algunas pautas a las familias para que el tr\u00e1nsito sea lo m\u00e1s llevadero posible.<\/span><\/p>\n<ol>\n<li><span style=\"color: #0000ff\"><strong>ENV\u00cdEN MENSAJES POSITIVOS SOBRE LA NUEVA ETAPA<\/strong><\/span><\/li>\n<\/ol>\n<p><span style=\"color: #0000ff\">\u2013 H\u00e1blenle de la nueva etapa con mensajes de ilusi\u00f3n y de posibilidades.<\/span><\/p>\n<p><span style=\"color: #0000ff\">\u2013 Pueden resaltar todas las cosas que espera aprender, de las asignaturas y sus contenidos desde una visi\u00f3n positiva. &nbsp;<\/span><\/p>\n<ol>\n<li><span style=\"color: #0000ff\"><strong>NO UTILICEN EXPRESIONE S NEGATIVAS<\/strong><\/span><\/li>\n<\/ol>\n<p><span style=\"color: #0000ff\">\u2013 Junto con la pauta anterior, deben evitar mensajes negativos del tipo \u201cte vas a enterar cuando empieces primero\u201d o expresiones negativas: \u201csi sigues as\u00ed suspender\u00e1s tendr\u00e1s que repetir\u201d.<\/span><\/p>\n<p><span style=\"color: #0000ff\">\u2013 Este tipo de comentarios o amenazas no suelen mejorar el comportamiento o las actitudes, al contrario, suelen empeorar las cosas y no son la mejor forma de corregirles.<\/span><\/p>\n<ol>\n<li><span style=\"color: #0000ff\"><strong>ANTICIPE DE FORMA REALISTA LOS ACONTECIMIENTOS<\/strong><\/span><\/li>\n<\/ol>\n<p><span style=\"color: #0000ff\">\u2013 Conforme se vaya a acercando el momento de incorporarse, es adecuado anticiparle los acontecimientos de manera realista.<\/span><\/p>\n<p><span style=\"color: #0000ff\">\u2013 Por ejemplo, que va a seguir con los mismos compa\u00f1eros, que va cambiar de tutor, que tendr\u00e1 m\u00e1s profesores, otras asignaturas\u2026<\/span><\/p>\n<p><span style=\"color: #0000ff\">\u2013 Qu\u00edtenle importancia a los rumores o comentarios negativos sobre las novedades que va a tener, sobre todo los comentarios que se hacen sobre los nuevos profesores y su supuesta severidad.<\/span><\/p>\n<ol>\n<li><span style=\"color: #0000ff\"><strong>LOS PRIMEROS D\u00cdAS DE CLASE<\/strong><\/span><\/li>\n<\/ol>\n<p><span style=\"color: #0000ff\">\u2013 Est\u00e9n especialmente atentos los primeros d\u00edas de clase a sus comentarios y actitudes<\/span><\/p>\n<p><span style=\"color: #0000ff\">. \u2013 Vivan y compartan con el ni\u00f1o\/a &nbsp;esos primeros d\u00edas intentando transmitir ilusi\u00f3n: revisando los nuevos libros, adquiriendo el material para el nuevo curso\u2026<\/span><\/p>\n<p><span style=\"color: #0000ff\">\u2013 An\u00edmenle desde el principio a dedicar un tiempo diario al trabajo escolar en casa. Ser\u00e1 la mejor medida para que tenga la sensaci\u00f3n de que puede controlar y dominar la situaci\u00f3n.<\/span><\/p>\n<ol>\n<li><span style=\"color: #0000ff\"><strong>SI SU HIJO\/A TIENE DIFICULTADES ESPECIALES<\/strong><\/span><\/li>\n<\/ol>\n<p><span style=\"color: #0000ff\">\u2013 Si su hijo\/a &nbsp;tiene especiales dificultades no deben preocuparse. Generalmente esta informaci\u00f3n se pasa a los nuevos profesores y desde el comienzo se tienen en cuenta por si necesitara alg\u00fan tipo de apoyo educativo.<\/span><\/p>\n<p><span style=\"color: #0000ff\">\u2013 En todo caso, es conveniente que cuanto antes fije una entrevista con su nuevo tutor o tutora, donde le recuerde, por ejemplo, si su hijo\/a &nbsp;tiene un informe psicopedag\u00f3gico, las dificultades que presenta o qu\u00e9 medidas se han venido adoptando hasta ahora.<\/span><\/p>\n<ol>\n<li><span style=\"color: #0000ff\"><strong>ACUDA A LAS REUNIONES Y MANTENGA CONTACTO CON SU TUTOR O TUTORA<\/strong><\/span><\/li>\n<\/ol>\n<p><span style=\"color: #0000ff\">\u2013 Suele haber una reuni\u00f3n informativa con las familias para informar del comienzo de curso y de la organizaci\u00f3n del grupo. Es de suma importancia que acudan a esa reuni\u00f3n, que se informen y planteen las dudas que crean convenientes. Para los ni\u00f1os\/as tambi\u00e9n es un signo de que a sus padres les interesan sus estudios.<\/span><\/p>\n<p><span style=\"color: #0000ff\">\u2013 Procuren mantener una tutor\u00eda con su tutor\/a. En esa entrevista podr\u00e1n conocer de primera mano la adaptaci\u00f3n de su hijo o hija a la nueva etapa, podr\u00e1n informar a su tutor\/a de alg\u00fan aspecto que deba tener en cuenta y recoger las pautas que les faciliten.<\/span><\/p>\n<p style=\"text-align: left\"><span style=\"color: #0000ff\">&nbsp; &nbsp; &nbsp; &nbsp; &nbsp; &nbsp; &nbsp; &nbsp; &nbsp; &nbsp; &nbsp; &nbsp; &nbsp; &nbsp; &nbsp; &nbsp; &nbsp; &nbsp; &nbsp; &nbsp; &nbsp; &nbsp; &nbsp; &nbsp; &nbsp; &nbsp; &nbsp; &nbsp; &nbsp; &nbsp; &nbsp; &nbsp; &nbsp; &nbsp; &nbsp; &nbsp; &nbsp; &nbsp; &nbsp; &nbsp; &nbsp; &nbsp; &nbsp; &nbsp; &nbsp; &nbsp; &nbsp; &nbsp; &nbsp; &nbsp; &nbsp; &nbsp; &nbsp; &nbsp; &nbsp;&nbsp; EQUIPO DOCENTE DEL 1\u00ba CICLO<\/span><\/p>\n<p>&nbsp;<\/p>\n","protected":false},"excerpt":{"rendered":"<p>&nbsp; REUNI\u00d3N TR\u00c1NSITO DE INFANTIL DE 5 A\u00d1OS A PRIMARIA.&nbsp; Se convoca a los padres de 5 a\u00f1os &nbsp;&nbsp;a la&nbsp; REUNI\u00d3N TR\u00c1NSITO INFANTIL de 5 a\u00f1os \/ PRIMARIA DIA: 10 DE JUNIO DE 2019.&#46;&#46;&#46;<\/p>\n","protected":false},"author":6131,"featured_media":0,"parent":0,"menu_order":0,"comment_status":"closed","ping_status":"closed","template":"","meta":{"ngg_post_thumbnail":0,"footnotes":"","_mc_calendar":[]},"aioseo_notices":[],"_links":{"self":[{"href":"https:\/\/blogsaverroes.juntadeandalucia.es\/ceiparquitectoleoz\/wp-json\/wp\/v2\/pages\/2624"}],"collection":[{"href":"https:\/\/blogsaverroes.juntadeandalucia.es\/ceiparquitectoleoz\/wp-json\/wp\/v2\/pages"}],"about":[{"href":"https:\/\/blogsaverroes.juntadeandalucia.es\/ceiparquitectoleoz\/wp-json\/wp\/v2\/types\/page"}],"author":[{"embeddable":true,"href":"https:\/\/blogsaverroes.juntadeandalucia.es\/ceiparquitectoleoz\/wp-json\/wp\/v2\/users\/6131"}],"replies":[{"embeddable":true,"href":"https:\/\/blogsaverroes.juntadeandalucia.es\/ceiparquitectoleoz\/wp-json\/wp\/v2\/comments?post=2624"}],"version-history":[{"count":6,"href":"https:\/\/blogsaverroes.juntadeandalucia.es\/ceiparquitectoleoz\/wp-json\/wp\/v2\/pages\/2624\/revisions"}],"predecessor-version":[{"id":3150,"href":"https:\/\/blogsaverroes.juntadeandalucia.es\/ceiparquitectoleoz\/wp-json\/wp\/v2\/pages\/2624\/revisions\/3150"}],"wp:attachment":[{"href":"https:\/\/blogsaverroes.juntadeandalucia.es\/ceiparquitectoleoz\/wp-json\/wp\/v2\/media?parent=2624"}],"curies":[{"name":"wp","href":"https:\/\/api.w.org\/{rel}","templated":true}]}}