{"id":2704,"date":"2018-09-24T09:37:37","date_gmt":"2018-09-24T09:37:37","guid":{"rendered":"https:\/\/blogsaverroes.juntadeandalucia.es\/ceiparquitectoleoz\/?page_id=2704"},"modified":"2018-09-24T09:38:30","modified_gmt":"2018-09-24T09:38:30","slug":"elecciones-consejo-escolar-2018-2019","status":"publish","type":"page","link":"https:\/\/blogsaverroes.juntadeandalucia.es\/ceiparquitectoleoz\/elecciones-consejo-escolar-2018-2019\/","title":{"rendered":"Elecciones Consejo Escolar 2018-2019"},"content":{"rendered":"<p><a href=\"https:\/\/blogsaverroes.juntadeandalucia.es\/ceiparquitectoleoz\/files\/2018\/09\/participa-en-el-consejo-escolar_2.jpg\"><img loading=\"lazy\" decoding=\"async\" class=\"size-medium wp-image-2706 aligncenter\" src=\"https:\/\/blogsaverroes.juntadeandalucia.es\/ceiparquitectoleoz\/files\/2018\/09\/participa-en-el-consejo-escolar_2-300x155.jpg\" alt=\"\" width=\"300\" height=\"155\" srcset=\"https:\/\/blogsaverroes.juntadeandalucia.es\/ceiparquitectoleoz\/files\/2018\/09\/participa-en-el-consejo-escolar_2-300x155.jpg 300w, https:\/\/blogsaverroes.juntadeandalucia.es\/ceiparquitectoleoz\/files\/2018\/09\/participa-en-el-consejo-escolar_2-24x12.jpg 24w, https:\/\/blogsaverroes.juntadeandalucia.es\/ceiparquitectoleoz\/files\/2018\/09\/participa-en-el-consejo-escolar_2-36x19.jpg 36w, https:\/\/blogsaverroes.juntadeandalucia.es\/ceiparquitectoleoz\/files\/2018\/09\/participa-en-el-consejo-escolar_2-48x25.jpg 48w, https:\/\/blogsaverroes.juntadeandalucia.es\/ceiparquitectoleoz\/files\/2018\/09\/participa-en-el-consejo-escolar_2.jpg 620w\" sizes=\"(max-width: 300px) 100vw, 300px\" \/><\/a><\/p>\n<p><a href=\"https:\/\/blogsaverroes.juntadeandalucia.es\/ceiparquitectoleoz\/files\/2018\/09\/calendario-renovaci\u00f3n-consejo-escolar-ARQUITECTO-LEOZ.jpg\"><img loading=\"lazy\" decoding=\"async\" class=\"size-medium wp-image-2705 aligncenter\" src=\"https:\/\/blogsaverroes.juntadeandalucia.es\/ceiparquitectoleoz\/files\/2018\/09\/calendario-renovaci\u00f3n-consejo-escolar-ARQUITECTO-LEOZ-300x225.jpg\" alt=\"\" width=\"300\" height=\"225\" srcset=\"https:\/\/blogsaverroes.juntadeandalucia.es\/ceiparquitectoleoz\/files\/2018\/09\/calendario-renovaci\u00f3n-consejo-escolar-ARQUITECTO-LEOZ-300x225.jpg 300w, https:\/\/blogsaverroes.juntadeandalucia.es\/ceiparquitectoleoz\/files\/2018\/09\/calendario-renovaci\u00f3n-consejo-escolar-ARQUITECTO-LEOZ-24x18.jpg 24w, https:\/\/blogsaverroes.juntadeandalucia.es\/ceiparquitectoleoz\/files\/2018\/09\/calendario-renovaci\u00f3n-consejo-escolar-ARQUITECTO-LEOZ-36x27.jpg 36w, https:\/\/blogsaverroes.juntadeandalucia.es\/ceiparquitectoleoz\/files\/2018\/09\/calendario-renovaci\u00f3n-consejo-escolar-ARQUITECTO-LEOZ-48x36.jpg 48w, https:\/\/blogsaverroes.juntadeandalucia.es\/ceiparquitectoleoz\/files\/2018\/09\/calendario-renovaci\u00f3n-consejo-escolar-ARQUITECTO-LEOZ.jpg 960w\" sizes=\"(max-width: 300px) 100vw, 300px\" \/><\/a><\/p>\n<p><strong>Resoluci\u00f3n de 28 de junio de 2018, de la Direcci\u00f3n General de Participaci\u00f3n y Equidad, por la que se establece el calendario para el desarrollo de las elecciones de representantes en los Consejos Escolares de los centros docentes sostenidos con fondos p\u00fablicos de la Comunidad Aut\u00f3noma de Andaluc\u00eda, a excepci\u00f3n de los centros espec\u00edficos de educaci\u00f3n permanente de personas adultas para el curso 2018\/2019.<\/strong><\/p>\n<p><span style=\"color: #333399\">Mediante Orden de la Consejer\u00eda de Educaci\u00f3n de 7 de octubre de 2010 (BOJA n\u00fam.&nbsp;200, de 13 de octubre de 2010), se regul\u00f3 el desarrollo de los procesos electorales para la renovaci\u00f3n y constituci\u00f3n de los Consejos Escolares de los centros docentes sostenidos con fondos p\u00fablicos de la Comunidad Aut\u00f3noma de Andaluc\u00eda, a excepci\u00f3n de los centros espec\u00edficos de educaci\u00f3n permanente de personas adultas, y se efectu\u00f3 su convocatoria para el a\u00f1o 2010.<\/span><\/p>\n<p><span style=\"color: #333399\">El art\u00edculo 2 de la referida Orden atribuye en la persona titular de la Direcci\u00f3n General competente en materia de participaci\u00f3n la capacidad para efectuar futuras convocatorias para la elecci\u00f3n de los componentes de los Consejos Escolares.<\/span><\/p>\n<p><span style=\"color: #333399\">En su virtud, conforme al citado art\u00edculo 2 de la Orden de 7 de octubre de 2010, por la que se regula el desarrollo de los procesos electorales para la renovaci\u00f3n y constituci\u00f3n de los Consejos Escolares de los centros docentes sostenidos con fondos p\u00fablicos de la Comunidad Aut\u00f3noma de Andaluc\u00eda, a excepci\u00f3n de los centros espec\u00edficos de educaci\u00f3n permanente de personas adultas, y se efect\u00faa su convocatoria para el a\u00f1o 2010 y el art\u00edculo 12 del Decreto 207\/2015, de 14 de julio, por el que se regula la estructura org\u00e1nica de la Consejer\u00eda de Educaci\u00f3n,<\/span><\/p>\n<p><span style=\"color: #333399\">RESUELVO<\/span><\/p>\n<p><span style=\"color: #333399\">Primero. Los procesos electorales para la renovaci\u00f3n y constituci\u00f3n de los Consejos Escolares a llevar a cabo en los centros docentes sostenidos con fondos p\u00fablicos, a excepci\u00f3n de los centros espec\u00edficos de educaci\u00f3n permanente de personas adultas, se desarrollar\u00e1n de acuerdo con el siguiente calendario:<\/span><\/p>\n<ol>\n<li><span style=\"color: #333399\">La Junta Electoral se constituir\u00e1 entre los d\u00edas 24 al 28 de septiembre de 2018 (ambos inclusive).<\/span><\/li>\n<li><span style=\"color: #333399\">El plazo de admisi\u00f3n de candidaturas ser\u00e1 el comprendido entre los d\u00edas 4 y 18 de octubre de 2018 (ambos inclusive). Las candidaturas se presentar\u00e1n en el centro docente correspondiente coincidiendo con el horario escolar.<\/span><\/li>\n<li><span style=\"color: #333399\">La Junta Electoral har\u00e1 p\u00fablica la lista provisional de candidatos y candidatas el 19 de octubre y la lista definitiva el 23 de octubre de 2018.<\/span><\/li>\n<li><span style=\"color: #333399\">La campa\u00f1a electoral se llevar\u00e1 a cabo desde el 24 de octubre hasta 9 de noviembre de 2018 (ambos inclusive).<\/span><\/li>\n<li><span style=\"color: #333399\">Las papeletas de voto deber\u00e1n estar confeccionadas con anterioridad al d\u00eda 26 de octubre de 2018.<\/span><\/li>\n<li><span style=\"color: #333399\">La celebraci\u00f3n de las elecciones tendr\u00e1 lugar durante los siguientes d\u00edas:<\/span><\/li>\n<li><span style=\"color: #333399\">a) 13 de noviembre elecciones del sector padres, madres y tutores del alumnado.<\/span><\/li>\n<li><span style=\"color: #333399\">b) 14 de noviembre elecciones del sector del alumnado.<\/span><\/li>\n<li><span style=\"color: #333399\">c) 15 de noviembre elecciones del sector del profesorado, del personal de administraci\u00f3n y servicios y, en su caso, del personal de atenci\u00f3n educativa complementaria.<\/span><\/li>\n<li><span style=\"color: #333399\">La proclamaci\u00f3n de representantes electos deber\u00e1 realizarse antes del 28 de noviembre de 2018.<\/span><\/li>\n<li><span style=\"color: #333399\">La constituci\u00f3n del nuevo Consejo Escolar deber\u00e1 realizarse antes del 14 de diciembre de 2018.<\/span><\/li>\n<\/ol>\n<p><span style=\"color: #333399\">Segundo. En el supuesto de que por razones excepcionales y justificadas la elecci\u00f3n de los representantes de los distintos sectores no se pudiera llevar a cabo de acuerdo con el calendario fijado en el apartado anterior, la correspondiente Delegaci\u00f3n Territorial de Educaci\u00f3n podr\u00e1 autorizar, por escrito, el cambio de fecha de dicha elecci\u00f3n que, en todo caso, se llevar\u00e1 a cabo en el plazo m\u00e1s breve posible.<\/span><\/p>\n<p><span style=\"color: #333399\">Tercero. De conformidad con el art\u00edculo 2 de la Orden de 7 de octubre de 2010, por la que se regula el desarrollo de los procesos electorales para la renovaci\u00f3n y constituci\u00f3n de los Consejos Escolares de los centros docentes sostenidos con fondos p\u00fablicos de la Comunidad Aut\u00f3noma de Andaluc\u00eda, a excepci\u00f3n de los centros espec\u00edficos de educaci\u00f3n permanente de personas adultas, y se efect\u00faa su convocatoria para el a\u00f1o 2010, no podr\u00e1n celebrarse elecciones a representantes de los distintos sectores de la comunidad educativa los d\u00edas que hayan sido declarados no lectivos.<\/span><\/p>\n<p><span style=\"color: #333399\">Cuarto. De acuerdo con lo dispuesto en el art\u00edculo 126.5 de la Ley Org\u00e1nica 2\/2006, de 3 de mayo, los alumnos y las alumnas podr\u00e1n ser elegidos miembros del Consejo Escolar a partir del primer curso de la educaci\u00f3n secundaria obligatoria.<\/span><\/p>\n<p><span style=\"color: #333399\">Quinto. 1. De conformidad con el art\u00edculo 11 de la Orden de 7 de octubre de 2010, las madres, los padres y los representantes legales del alumnado podr\u00e1n participar en la votaci\u00f3n enviando su voto a la correspondiente Mesa electoral del centro por correo certificado o entreg\u00e1ndolo a la persona titular de la Direcci\u00f3n del mismo antes de la realizaci\u00f3n del escrutinio. A tal efecto, la Junta electoral de cada centro informar\u00e1 oportunamente a los mismos para lo que les remitir\u00e1 la papeleta de voto y las instrucciones correspondientes, que incluir\u00e1n el n\u00famero m\u00e1ximo de personas candidatas que pueden ser votadas.<\/span><\/p>\n<ol start=\"2\">\n<li><span style=\"color: #333399\">Para garantizar el secreto del voto, la identidad de la persona votante y evitar posibles duplicidades se utilizar\u00e1 el sistema de doble sobre. El sobre exterior se dirigir\u00e1 por correo certificado a la Mesa electoral de madres, padres y representantes legales del alumnado, o bien, se entregar\u00e1 durante los cinco d\u00edas h\u00e1biles anteriores al de la votaci\u00f3n a la persona titular de la Direcci\u00f3n del centro que lo custodiar\u00e1 hasta su entrega a dicha Mesa electoral. El sobre contendr\u00e1 firma manuscrita y coincidente con la que aparece en el documento de identificaci\u00f3n que aporte, fotocopia del DNI o de otro documento acreditativo equivalente, y un segundo sobre en blanco y cerrado en cuyo interior se habr\u00e1 incluido la papeleta de voto.<\/span><\/li>\n<li><span style=\"color: #333399\">En el caso de que el sobre al que se refiere el p\u00e1rrafo anterior sea entregado a la persona titular de la Direcci\u00f3n del centro, esta expedir\u00e1 un documento con un recib\u00ed como justificante de la entrega y, elaborar\u00e1 una relaci\u00f3n detallada con el nombre y apellidos de las personas votantes que ser\u00e1 entregada a la Mesa electoral, junto con todos los sobres antes del escrutinio.<\/span><\/li>\n<li><span style=\"color: #333399\">La Mesa electoral comprobar\u00e1 que las personas votantes que utilicen la modalidad de voto no presencial, est\u00e1n incluidos en el censo electoral. Los votos recibidos una vez finalizado el escrutinio no ser\u00e1n tenidos en cuenta.<\/span><\/li>\n<\/ol>\n<p><span style=\"color: #333399\">Sexto. En la Constituci\u00f3n, modificaci\u00f3n o renovaci\u00f3n de los Consejos Escolares, a fin de garantizar la representaci\u00f3n equilibrada de hombres y mujeres, se actuar\u00e1 conforme a los previsto en el art\u00edculo 135.3 de la Ley 17\/2007, de 10 de diciembre, de Educaci\u00f3n de Andaluc\u00eda, y en el art\u00edculo 18.2 de la Ley 12\/2007, de 26 de noviembre, de promoci\u00f3n de la igualdad de g\u00e9nero en Andaluc\u00eda.<\/span><\/p>\n<p><span style=\"color: #333399\">S\u00e9ptimo. Una vez constituida la Junta electoral, esta solicitar\u00e1 a la asociaci\u00f3n de madres y padres del alumnado, legalmente constituida, con mayor n\u00famero de personas asociadas del centro, la designaci\u00f3n de su representante en el Consejo Escolar. La asociaci\u00f3n de madres y padres deber\u00e1 comunicarlo a la Junta electoral dentro del plazo de admisi\u00f3n de candidaturas. En caso de que la asociaci\u00f3n de madres y padres no designe a su representante en este plazo, las personas representantes del sector de madres y padres del alumnado ser\u00e1n elegidas todas por votaci\u00f3n, no pudi\u00e9ndose llevar a cabo dicha designaci\u00f3n hasta el siguiente proceso electoral. Es requisito indispensable para la asociaci\u00f3n de madres y padres estar inscrita en el Censo de Entidades Colaboradoras de la Ense\u00f1anza, lo que certificar\u00e1, ante la Junta electoral, mediante copia de la resoluci\u00f3n de inscripci\u00f3n en el Censo.<\/span><\/p>\n<p><span style=\"color: #333399\">Octavo. 1. Las personas titulares de las Delegaciones Territoriales de Educaci\u00f3n, en el \u00e1mbito de sus competencias, dar\u00e1n traslado de esta Resoluci\u00f3n a todos los centros docentes a los que se refiere la misma.<\/span><\/p>\n<ol start=\"2\">\n<li><span style=\"color: #333399\">Las personas titulares de la direcci\u00f3n de los centros docentes arbitrar\u00e1n las medidas necesarias para que la presente Resoluci\u00f3n sea conocida por todos los sectores de la comunidad educativa, para lo cual facilitar\u00e1n copia de la misma al Consejo Escolar, al Claustro de Profesorado, a las asociaciones de madres y padres del alumnado, a las asociaciones del alumnado, al personal de administraci\u00f3n y servicios y, en su caso, al de atenci\u00f3n educativa complementaria y colocar\u00e1 copia en el tabl\u00f3n de anuncios del centro.<\/span><\/li>\n<\/ol>\n<p>&nbsp;<\/p>\n","protected":false},"excerpt":{"rendered":"<p>Resoluci\u00f3n de 28 de junio de 2018, de la Direcci\u00f3n General de Participaci\u00f3n y Equidad, por la que se establece el calendario para el desarrollo de las elecciones de representantes en los Consejos Escolares&#46;&#46;&#46;<\/p>\n","protected":false},"author":6131,"featured_media":0,"parent":0,"menu_order":0,"comment_status":"closed","ping_status":"closed","template":"","meta":{"ngg_post_thumbnail":0,"footnotes":"","_mc_calendar":[]},"aioseo_notices":[],"_links":{"self":[{"href":"https:\/\/blogsaverroes.juntadeandalucia.es\/ceiparquitectoleoz\/wp-json\/wp\/v2\/pages\/2704"}],"collection":[{"href":"https:\/\/blogsaverroes.juntadeandalucia.es\/ceiparquitectoleoz\/wp-json\/wp\/v2\/pages"}],"about":[{"href":"https:\/\/blogsaverroes.juntadeandalucia.es\/ceiparquitectoleoz\/wp-json\/wp\/v2\/types\/page"}],"author":[{"embeddable":true,"href":"https:\/\/blogsaverroes.juntadeandalucia.es\/ceiparquitectoleoz\/wp-json\/wp\/v2\/users\/6131"}],"replies":[{"embeddable":true,"href":"https:\/\/blogsaverroes.juntadeandalucia.es\/ceiparquitectoleoz\/wp-json\/wp\/v2\/comments?post=2704"}],"version-history":[{"count":1,"href":"https:\/\/blogsaverroes.juntadeandalucia.es\/ceiparquitectoleoz\/wp-json\/wp\/v2\/pages\/2704\/revisions"}],"predecessor-version":[{"id":2707,"href":"https:\/\/blogsaverroes.juntadeandalucia.es\/ceiparquitectoleoz\/wp-json\/wp\/v2\/pages\/2704\/revisions\/2707"}],"wp:attachment":[{"href":"https:\/\/blogsaverroes.juntadeandalucia.es\/ceiparquitectoleoz\/wp-json\/wp\/v2\/media?parent=2704"}],"curies":[{"name":"wp","href":"https:\/\/api.w.org\/{rel}","templated":true}]}}