{"id":2941,"date":"2019-03-11T09:29:22","date_gmt":"2019-03-11T09:29:22","guid":{"rendered":"https:\/\/blogsaverroes.juntadeandalucia.es\/ceiparquitectoleoz\/?page_id=2941"},"modified":"2019-03-11T09:29:22","modified_gmt":"2019-03-11T09:29:22","slug":"donacion-de-sangre","status":"publish","type":"page","link":"https:\/\/blogsaverroes.juntadeandalucia.es\/ceiparquitectoleoz\/donacion-de-sangre\/","title":{"rendered":"donaci\u00f3n de sangre"},"content":{"rendered":"<p><span style=\"color: #993300\"><strong>Solidaridad y salud &#8211;&nbsp;<\/strong><strong>Educaci\u00f3n en valores <\/strong><\/span><\/p>\n<p><span style=\"color: #993300\">Trabajamos en el desarrollo de actitudes y valores dentro de las propuestas did\u00e1cticas para tratar y evaluar la adquisici\u00f3n por el alumnado de los est\u00e1ndares de aprendizaje relacionados con la responsabilidad, la perseverancia, el respeto, la tolerancia, la gratitud, la creatividad, la autoestima y el trabajo cooperativo.<\/span><\/p>\n<p><span style=\"color: #993300\">Un valor muy destacable a tratar en la Unidad did\u00e1ctica de la Nutrici\u00f3n Humana en CCNN de 6\u00ba de primaria es la gratitud y el respeto al conocer la importancia de las donaciones de sangre.<\/span><\/p>\n<p><span style=\"color: #993300\">A veces, la salud de las personas depende de la solidaridad de otras. Esto significa que hay personas que no dudan en hacer un peque\u00f1o esfuerzo por su parte para ayudar a alguien. El alumnado de sexto ha estado investigando sobre el tema y han preparado una campa\u00f1a solidaria <strong>para animar a las personas a donar sangre.<\/strong><\/span><\/p>\n<p><a href=\"https:\/\/blogsaverroes.juntadeandalucia.es\/ceiparquitectoleoz\/files\/2019\/03\/IMG-20190227-WA0143.jpg\" target=\"_blank\" rel=\"noopener\"><img loading=\"lazy\" decoding=\"async\" class=\"alignnone wp-image-2942 size-medium\" src=\"https:\/\/blogsaverroes.juntadeandalucia.es\/ceiparquitectoleoz\/files\/2019\/03\/IMG-20190227-WA0143-300x208.jpg\" alt=\"\" width=\"300\" height=\"208\" srcset=\"https:\/\/blogsaverroes.juntadeandalucia.es\/ceiparquitectoleoz\/files\/2019\/03\/IMG-20190227-WA0143-300x208.jpg 300w, https:\/\/blogsaverroes.juntadeandalucia.es\/ceiparquitectoleoz\/files\/2019\/03\/IMG-20190227-WA0143-1024x710.jpg 1024w, https:\/\/blogsaverroes.juntadeandalucia.es\/ceiparquitectoleoz\/files\/2019\/03\/IMG-20190227-WA0143-24x17.jpg 24w, https:\/\/blogsaverroes.juntadeandalucia.es\/ceiparquitectoleoz\/files\/2019\/03\/IMG-20190227-WA0143-36x25.jpg 36w, https:\/\/blogsaverroes.juntadeandalucia.es\/ceiparquitectoleoz\/files\/2019\/03\/IMG-20190227-WA0143-48x33.jpg 48w, https:\/\/blogsaverroes.juntadeandalucia.es\/ceiparquitectoleoz\/files\/2019\/03\/IMG-20190227-WA0143.jpg 1297w\" sizes=\"(max-width: 300px) 100vw, 300px\" \/><\/a><\/p>\n","protected":false},"excerpt":{"rendered":"<p>Solidaridad y salud &#8211;&nbsp;Educaci\u00f3n en valores Trabajamos en el desarrollo de actitudes y valores dentro de las propuestas did\u00e1cticas para tratar y evaluar la adquisici\u00f3n por el alumnado de los est\u00e1ndares de aprendizaje relacionados&#46;&#46;&#46;<\/p>\n","protected":false},"author":6131,"featured_media":0,"parent":0,"menu_order":0,"comment_status":"closed","ping_status":"closed","template":"","meta":{"ngg_post_thumbnail":0,"footnotes":"","_mc_calendar":[]},"aioseo_notices":[],"_links":{"self":[{"href":"https:\/\/blogsaverroes.juntadeandalucia.es\/ceiparquitectoleoz\/wp-json\/wp\/v2\/pages\/2941"}],"collection":[{"href":"https:\/\/blogsaverroes.juntadeandalucia.es\/ceiparquitectoleoz\/wp-json\/wp\/v2\/pages"}],"about":[{"href":"https:\/\/blogsaverroes.juntadeandalucia.es\/ceiparquitectoleoz\/wp-json\/wp\/v2\/types\/page"}],"author":[{"embeddable":true,"href":"https:\/\/blogsaverroes.juntadeandalucia.es\/ceiparquitectoleoz\/wp-json\/wp\/v2\/users\/6131"}],"replies":[{"embeddable":true,"href":"https:\/\/blogsaverroes.juntadeandalucia.es\/ceiparquitectoleoz\/wp-json\/wp\/v2\/comments?post=2941"}],"version-history":[{"count":1,"href":"https:\/\/blogsaverroes.juntadeandalucia.es\/ceiparquitectoleoz\/wp-json\/wp\/v2\/pages\/2941\/revisions"}],"predecessor-version":[{"id":2943,"href":"https:\/\/blogsaverroes.juntadeandalucia.es\/ceiparquitectoleoz\/wp-json\/wp\/v2\/pages\/2941\/revisions\/2943"}],"wp:attachment":[{"href":"https:\/\/blogsaverroes.juntadeandalucia.es\/ceiparquitectoleoz\/wp-json\/wp\/v2\/media?parent=2941"}],"curies":[{"name":"wp","href":"https:\/\/api.w.org\/{rel}","templated":true}]}}