{"id":3217,"date":"2019-09-23T08:03:12","date_gmt":"2019-09-23T08:03:12","guid":{"rendered":"https:\/\/blogsaverroes.juntadeandalucia.es\/ceiparquitectoleoz\/?page_id=3217"},"modified":"2019-10-03T07:07:55","modified_gmt":"2019-10-03T07:07:55","slug":"parlamento-de-los-ninos","status":"publish","type":"page","link":"https:\/\/blogsaverroes.juntadeandalucia.es\/ceiparquitectoleoz\/parlamento-de-los-ninos\/","title":{"rendered":"Parlamento de los Ni\u00f1os"},"content":{"rendered":"<p><span style=\"color: #993300\"><strong>El Parlamento de los ni\u00f1os de San Fernando.<\/strong><\/span><\/p>\n<p><span style=\"color: #993300\">Dentro de la <em>programaci\u00f3n del 24 de Septiembre<\/em>, sobre <em>la conmemoraci\u00f3n de Las Cortes<\/em> <em>de La Isla de 1810<\/em>, el jueves 19 de septiembre el Teatro de Las Cortes se convirti\u00f3 en el Parlamento de los ni\u00f1os de San Fernando.<\/span><\/p>\n<p><span style=\"color: #993300\">Alumnos de varios colegios de San Fernando se transformaron por un momento en diputados para debatir sobre el cambio clim\u00e1tico y la necesidad de tomar medidas.&nbsp; Reclamaron a la administraci\u00f3n y a los ciudadanos su implicaci\u00f3n en la lucha contra el cambio clim\u00e1tico en un debate cuya&nbsp; intenci\u00f3n era aprender el valor del di\u00e1logo como principio de la democracia.<\/span><\/p>\n<p><span style=\"color: #993300\">Una edici\u00f3n que se centra precisamente en esa lucha por la sostenibilidad y el medio ambiente.<\/span><\/p>\n<p><span style=\"color: #993300\">&nbsp;Mario, alumno nuestro de 6\u00ba de primaria, en representaci\u00f3n del colegio y de su curso fue el protagonista, que debati\u00f3 las cuestiones que m\u00e1s les preocupan a nuestros j\u00f3venes.<\/span><\/p>\n<p><img loading=\"lazy\" decoding=\"async\" class=\"alignnone size-full wp-image-2615\" src=\"https:\/\/blogsaverroes.juntadeandalucia.es\/ceiparquitectoleoz\/files\/2015\/03\/IconoVideo.jpg\" alt=\"\" width=\"53\" height=\"52\" srcset=\"https:\/\/blogsaverroes.juntadeandalucia.es\/ceiparquitectoleoz\/files\/2015\/03\/IconoVideo.jpg 53w, https:\/\/blogsaverroes.juntadeandalucia.es\/ceiparquitectoleoz\/files\/2015\/03\/IconoVideo-150x150.jpg 150w, https:\/\/blogsaverroes.juntadeandalucia.es\/ceiparquitectoleoz\/files\/2015\/03\/IconoVideo-100x100.jpg 100w, https:\/\/blogsaverroes.juntadeandalucia.es\/ceiparquitectoleoz\/files\/2015\/03\/IconoVideo-160x160.jpg 160w, https:\/\/blogsaverroes.juntadeandalucia.es\/ceiparquitectoleoz\/files\/2015\/03\/IconoVideo-320x320.jpg 320w, https:\/\/blogsaverroes.juntadeandalucia.es\/ceiparquitectoleoz\/files\/2015\/03\/IconoVideo-24x24.jpg 24w, https:\/\/blogsaverroes.juntadeandalucia.es\/ceiparquitectoleoz\/files\/2015\/03\/IconoVideo-36x36.jpg 36w, https:\/\/blogsaverroes.juntadeandalucia.es\/ceiparquitectoleoz\/files\/2015\/03\/IconoVideo-48x48.jpg 48w\" sizes=\"(max-width: 53px) 100vw, 53px\" \/><a href=\"https:\/\/drive.google.com\/open?id=17S5dRs9K5RL0mVdSOkoDku64fgHZuoSk\" target=\"_blank\" rel=\"noopener noreferrer\">Hacer clic para abrir el video Parlamento de los Ni\u00f1os en una pesta\u00f1a nueva<\/a><\/p>\n<p><a href=\"https:\/\/blogsaverroes.juntadeandalucia.es\/ceiparquitectoleoz\/files\/2019\/09\/el-parlamento-de-ninos-y-ninas-tiene-las-ideas-claras-sobre-el-clima.jpg\" target=\"_blank\" rel=\"noopener noreferrer\"><img loading=\"lazy\" decoding=\"async\" class=\"alignnone wp-image-3219 size-medium\" src=\"https:\/\/blogsaverroes.juntadeandalucia.es\/ceiparquitectoleoz\/files\/2019\/09\/el-parlamento-de-ninos-y-ninas-tiene-las-ideas-claras-sobre-el-clima-300x200.jpg\" alt=\"\" width=\"300\" height=\"200\" srcset=\"https:\/\/blogsaverroes.juntadeandalucia.es\/ceiparquitectoleoz\/files\/2019\/09\/el-parlamento-de-ninos-y-ninas-tiene-las-ideas-claras-sobre-el-clima-300x200.jpg 300w, https:\/\/blogsaverroes.juntadeandalucia.es\/ceiparquitectoleoz\/files\/2019\/09\/el-parlamento-de-ninos-y-ninas-tiene-las-ideas-claras-sobre-el-clima-768x511.jpg 768w, https:\/\/blogsaverroes.juntadeandalucia.es\/ceiparquitectoleoz\/files\/2019\/09\/el-parlamento-de-ninos-y-ninas-tiene-las-ideas-claras-sobre-el-clima-1024x681.jpg 1024w, https:\/\/blogsaverroes.juntadeandalucia.es\/ceiparquitectoleoz\/files\/2019\/09\/el-parlamento-de-ninos-y-ninas-tiene-las-ideas-claras-sobre-el-clima-24x16.jpg 24w, https:\/\/blogsaverroes.juntadeandalucia.es\/ceiparquitectoleoz\/files\/2019\/09\/el-parlamento-de-ninos-y-ninas-tiene-las-ideas-claras-sobre-el-clima-36x24.jpg 36w, https:\/\/blogsaverroes.juntadeandalucia.es\/ceiparquitectoleoz\/files\/2019\/09\/el-parlamento-de-ninos-y-ninas-tiene-las-ideas-claras-sobre-el-clima-48x32.jpg 48w, https:\/\/blogsaverroes.juntadeandalucia.es\/ceiparquitectoleoz\/files\/2019\/09\/el-parlamento-de-ninos-y-ninas-tiene-las-ideas-claras-sobre-el-clima.jpg 1400w\" sizes=\"(max-width: 300px) 100vw, 300px\" \/><\/a> <a href=\"https:\/\/blogsaverroes.juntadeandalucia.es\/ceiparquitectoleoz\/files\/2019\/09\/IMG-20190919-WA0010.jpg\" target=\"_blank\" rel=\"noopener noreferrer\"><img loading=\"lazy\" decoding=\"async\" class=\"alignnone wp-image-3220 size-medium\" src=\"https:\/\/blogsaverroes.juntadeandalucia.es\/ceiparquitectoleoz\/files\/2019\/09\/IMG-20190919-WA0010-300x169.jpg\" alt=\"\" width=\"300\" height=\"169\" srcset=\"https:\/\/blogsaverroes.juntadeandalucia.es\/ceiparquitectoleoz\/files\/2019\/09\/IMG-20190919-WA0010-300x169.jpg 300w, https:\/\/blogsaverroes.juntadeandalucia.es\/ceiparquitectoleoz\/files\/2019\/09\/IMG-20190919-WA0010-768x432.jpg 768w, https:\/\/blogsaverroes.juntadeandalucia.es\/ceiparquitectoleoz\/files\/2019\/09\/IMG-20190919-WA0010-1024x576.jpg 1024w, https:\/\/blogsaverroes.juntadeandalucia.es\/ceiparquitectoleoz\/files\/2019\/09\/IMG-20190919-WA0010-24x14.jpg 24w, https:\/\/blogsaverroes.juntadeandalucia.es\/ceiparquitectoleoz\/files\/2019\/09\/IMG-20190919-WA0010-36x20.jpg 36w, https:\/\/blogsaverroes.juntadeandalucia.es\/ceiparquitectoleoz\/files\/2019\/09\/IMG-20190919-WA0010-48x27.jpg 48w, https:\/\/blogsaverroes.juntadeandalucia.es\/ceiparquitectoleoz\/files\/2019\/09\/IMG-20190919-WA0010.jpg 1600w\" sizes=\"(max-width: 300px) 100vw, 300px\" \/><\/a> <a href=\"https:\/\/blogsaverroes.juntadeandalucia.es\/ceiparquitectoleoz\/files\/2019\/09\/participantes-debate-Teatro-Cortes-alcaldesa_1393071074_108069725_667x375.jpg\" target=\"_blank\" rel=\"noopener noreferrer\"><img loading=\"lazy\" decoding=\"async\" class=\"alignnone wp-image-3223 size-medium\" src=\"https:\/\/blogsaverroes.juntadeandalucia.es\/ceiparquitectoleoz\/files\/2019\/09\/participantes-debate-Teatro-Cortes-alcaldesa_1393071074_108069725_667x375-300x169.jpg\" alt=\"\" width=\"300\" height=\"169\" srcset=\"https:\/\/blogsaverroes.juntadeandalucia.es\/ceiparquitectoleoz\/files\/2019\/09\/participantes-debate-Teatro-Cortes-alcaldesa_1393071074_108069725_667x375-300x169.jpg 300w, https:\/\/blogsaverroes.juntadeandalucia.es\/ceiparquitectoleoz\/files\/2019\/09\/participantes-debate-Teatro-Cortes-alcaldesa_1393071074_108069725_667x375-24x13.jpg 24w, https:\/\/blogsaverroes.juntadeandalucia.es\/ceiparquitectoleoz\/files\/2019\/09\/participantes-debate-Teatro-Cortes-alcaldesa_1393071074_108069725_667x375-36x20.jpg 36w, https:\/\/blogsaverroes.juntadeandalucia.es\/ceiparquitectoleoz\/files\/2019\/09\/participantes-debate-Teatro-Cortes-alcaldesa_1393071074_108069725_667x375-48x27.jpg 48w, https:\/\/blogsaverroes.juntadeandalucia.es\/ceiparquitectoleoz\/files\/2019\/09\/participantes-debate-Teatro-Cortes-alcaldesa_1393071074_108069725_667x375.jpg 667w\" sizes=\"(max-width: 300px) 100vw, 300px\" \/><\/a> <a href=\"https:\/\/blogsaverroes.juntadeandalucia.es\/ceiparquitectoleoz\/files\/2019\/09\/IMG-20190919-WA0013.jpg\" target=\"_blank\" rel=\"noopener noreferrer\"><img loading=\"lazy\" decoding=\"async\" class=\"alignnone wp-image-3221 size-medium\" src=\"https:\/\/blogsaverroes.juntadeandalucia.es\/ceiparquitectoleoz\/files\/2019\/09\/IMG-20190919-WA0013-169x300.jpg\" alt=\"\" width=\"169\" height=\"300\" srcset=\"https:\/\/blogsaverroes.juntadeandalucia.es\/ceiparquitectoleoz\/files\/2019\/09\/IMG-20190919-WA0013-169x300.jpg 169w, https:\/\/blogsaverroes.juntadeandalucia.es\/ceiparquitectoleoz\/files\/2019\/09\/IMG-20190919-WA0013-768x1365.jpg 768w, https:\/\/blogsaverroes.juntadeandalucia.es\/ceiparquitectoleoz\/files\/2019\/09\/IMG-20190919-WA0013-576x1024.jpg 576w, https:\/\/blogsaverroes.juntadeandalucia.es\/ceiparquitectoleoz\/files\/2019\/09\/IMG-20190919-WA0013-14x24.jpg 14w, https:\/\/blogsaverroes.juntadeandalucia.es\/ceiparquitectoleoz\/files\/2019\/09\/IMG-20190919-WA0013-20x36.jpg 20w, https:\/\/blogsaverroes.juntadeandalucia.es\/ceiparquitectoleoz\/files\/2019\/09\/IMG-20190919-WA0013-27x48.jpg 27w, https:\/\/blogsaverroes.juntadeandalucia.es\/ceiparquitectoleoz\/files\/2019\/09\/IMG-20190919-WA0013.jpg 900w\" sizes=\"(max-width: 169px) 100vw, 169px\" \/><\/a>&nbsp;<\/p>\n","protected":false},"excerpt":{"rendered":"<p>El Parlamento de los ni\u00f1os de San Fernando. Dentro de la programaci\u00f3n del 24 de Septiembre, sobre la conmemoraci\u00f3n de Las Cortes de La Isla de 1810, el jueves 19 de septiembre el Teatro&#46;&#46;&#46;<\/p>\n","protected":false},"author":6131,"featured_media":0,"parent":0,"menu_order":0,"comment_status":"closed","ping_status":"closed","template":"","meta":{"ngg_post_thumbnail":0,"footnotes":"","_mc_calendar":[]},"aioseo_notices":[],"_links":{"self":[{"href":"https:\/\/blogsaverroes.juntadeandalucia.es\/ceiparquitectoleoz\/wp-json\/wp\/v2\/pages\/3217"}],"collection":[{"href":"https:\/\/blogsaverroes.juntadeandalucia.es\/ceiparquitectoleoz\/wp-json\/wp\/v2\/pages"}],"about":[{"href":"https:\/\/blogsaverroes.juntadeandalucia.es\/ceiparquitectoleoz\/wp-json\/wp\/v2\/types\/page"}],"author":[{"embeddable":true,"href":"https:\/\/blogsaverroes.juntadeandalucia.es\/ceiparquitectoleoz\/wp-json\/wp\/v2\/users\/6131"}],"replies":[{"embeddable":true,"href":"https:\/\/blogsaverroes.juntadeandalucia.es\/ceiparquitectoleoz\/wp-json\/wp\/v2\/comments?post=3217"}],"version-history":[{"count":8,"href":"https:\/\/blogsaverroes.juntadeandalucia.es\/ceiparquitectoleoz\/wp-json\/wp\/v2\/pages\/3217\/revisions"}],"predecessor-version":[{"id":3242,"href":"https:\/\/blogsaverroes.juntadeandalucia.es\/ceiparquitectoleoz\/wp-json\/wp\/v2\/pages\/3217\/revisions\/3242"}],"wp:attachment":[{"href":"https:\/\/blogsaverroes.juntadeandalucia.es\/ceiparquitectoleoz\/wp-json\/wp\/v2\/media?parent=3217"}],"curies":[{"name":"wp","href":"https:\/\/api.w.org\/{rel}","templated":true}]}}

Parlamento de los Niños

<p><span style="color: #993300"><strong>El Parlamento de los niños de San Fernando.</strong></span></p>
<p><span style="color: #993300">Dentro de la <em>programación del 24 de Septiembre</em>, sobre <em>la conmemoración de Las Cortes</em> <em>de La Isla de 1810</em>, el jueves 19 de septiembre el Teatro de Las Cortes se convirtió en el Parlamento de los niños de San Fernando.</span></p>
<p><span style="color: #993300">Alumnos de varios colegios de San Fernando se transformaron por un momento en diputados para debatir sobre el cambio climático y la necesidad de tomar medidas.&nbsp; Reclamaron a la administración y a los ciudadanos su implicación en la lucha contra el cambio climático en un debate cuya&nbsp; intención era aprender el valor del diálogo como principio de la democracia.</span></p>
<p><span style="color: #993300">Una edición que se centra precisamente en esa lucha por la sostenibilidad y el medio ambiente.</span></p>
<p><span style="color: #993300">&nbsp;Mario, alumno nuestro de 6º de primaria, en representación del colegio y de su curso fue el protagonista, que debatió las cuestiones que más les preocupan a nuestros jóvenes.</span></p>
<p><img loading="lazy" decoding="async" class="alignnone size-full wp-image-2615" src="https://blogsaverroes.juntadeandalucia.es/ceiparquitectoleoz/files/2015/03/IconoVideo.jpg" alt="" width="53" height="52" srcset="https://blogsaverroes.juntadeandalucia.es/ceiparquitectoleoz/files/2015/03/IconoVideo.jpg 53w, https://blogsaverroes.juntadeandalucia.es/ceiparquitectoleoz/files/2015/03/IconoVideo-150x150.jpg 150w, https://blogsaverroes.juntadeandalucia.es/ceiparquitectoleoz/files/2015/03/IconoVideo-100x100.jpg 100w, https://blogsaverroes.juntadeandalucia.es/ceiparquitectoleoz/files/2015/03/IconoVideo-160x160.jpg 160w, https://blogsaverroes.juntadeandalucia.es/ceiparquitectoleoz/files/2015/03/IconoVideo-320x320.jpg 320w, https://blogsaverroes.juntadeandalucia.es/ceiparquitectoleoz/files/2015/03/IconoVideo-24x24.jpg 24w, https://blogsaverroes.juntadeandalucia.es/ceiparquitectoleoz/files/2015/03/IconoVideo-36x36.jpg 36w, https://blogsaverroes.juntadeandalucia.es/ceiparquitectoleoz/files/2015/03/IconoVideo-48x48.jpg 48w" sizes="(max-width: 53px) 100vw, 53px" /><a href="https://drive.google.com/open?id=17S5dRs9K5RL0mVdSOkoDku64fgHZuoSk" target="_blank" rel="noopener noreferrer">Hacer clic para abrir el video Parlamento de los Niños en una pestaña nueva</a></p>
<p><a href="https://blogsaverroes.juntadeandalucia.es/ceiparquitectoleoz/files/2019/09/el-parlamento-de-ninos-y-ninas-tiene-las-ideas-claras-sobre-el-clima.jpg" target="_blank" rel="noopener noreferrer"><img loading="lazy" decoding="async" class="alignnone wp-image-3219 size-medium" src="https://blogsaverroes.juntadeandalucia.es/ceiparquitectoleoz/files/2019/09/el-parlamento-de-ninos-y-ninas-tiene-las-ideas-claras-sobre-el-clima-300x200.jpg" alt="" width="300" height="200" srcset="https://blogsaverroes.juntadeandalucia.es/ceiparquitectoleoz/files/2019/09/el-parlamento-de-ninos-y-ninas-tiene-las-ideas-claras-sobre-el-clima-300x200.jpg 300w, https://blogsaverroes.juntadeandalucia.es/ceiparquitectoleoz/files/2019/09/el-parlamento-de-ninos-y-ninas-tiene-las-ideas-claras-sobre-el-clima-768x511.jpg 768w, https://blogsaverroes.juntadeandalucia.es/ceiparquitectoleoz/files/2019/09/el-parlamento-de-ninos-y-ninas-tiene-las-ideas-claras-sobre-el-clima-1024x681.jpg 1024w, https://blogsaverroes.juntadeandalucia.es/ceiparquitectoleoz/files/2019/09/el-parlamento-de-ninos-y-ninas-tiene-las-ideas-claras-sobre-el-clima-24x16.jpg 24w, https://blogsaverroes.juntadeandalucia.es/ceiparquitectoleoz/files/2019/09/el-parlamento-de-ninos-y-ninas-tiene-las-ideas-claras-sobre-el-clima-36x24.jpg 36w, https://blogsaverroes.juntadeandalucia.es/ceiparquitectoleoz/files/2019/09/el-parlamento-de-ninos-y-ninas-tiene-las-ideas-claras-sobre-el-clima-48x32.jpg 48w, https://blogsaverroes.juntadeandalucia.es/ceiparquitectoleoz/files/2019/09/el-parlamento-de-ninos-y-ninas-tiene-las-ideas-claras-sobre-el-clima.jpg 1400w" sizes="(max-width: 300px) 100vw, 300px" /></a> <a href="https://blogsaverroes.juntadeandalucia.es/ceiparquitectoleoz/files/2019/09/IMG-20190919-WA0010.jpg" target="_blank" rel="noopener noreferrer"><img loading="lazy" decoding="async" class="alignnone wp-image-3220 size-medium" src="https://blogsaverroes.juntadeandalucia.es/ceiparquitectoleoz/files/2019/09/IMG-20190919-WA0010-300x169.jpg" alt="" width="300" height="169" srcset="https://blogsaverroes.juntadeandalucia.es/ceiparquitectoleoz/files/2019/09/IMG-20190919-WA0010-300x169.jpg 300w, https://blogsaverroes.juntadeandalucia.es/ceiparquitectoleoz/files/2019/09/IMG-20190919-WA0010-768x432.jpg 768w, https://blogsaverroes.juntadeandalucia.es/ceiparquitectoleoz/files/2019/09/IMG-20190919-WA0010-1024x576.jpg 1024w, https://blogsaverroes.juntadeandalucia.es/ceiparquitectoleoz/files/2019/09/IMG-20190919-WA0010-24x14.jpg 24w, https://blogsaverroes.juntadeandalucia.es/ceiparquitectoleoz/files/2019/09/IMG-20190919-WA0010-36x20.jpg 36w, https://blogsaverroes.juntadeandalucia.es/ceiparquitectoleoz/files/2019/09/IMG-20190919-WA0010-48x27.jpg 48w, https://blogsaverroes.juntadeandalucia.es/ceiparquitectoleoz/files/2019/09/IMG-20190919-WA0010.jpg 1600w" sizes="(max-width: 300px) 100vw, 300px" /></a> <a href="https://blogsaverroes.juntadeandalucia.es/ceiparquitectoleoz/files/2019/09/participantes-debate-Teatro-Cortes-alcaldesa_1393071074_108069725_667x375.jpg" target="_blank" rel="noopener noreferrer"><img loading="lazy" decoding="async" class="alignnone wp-image-3223 size-medium" src="https://blogsaverroes.juntadeandalucia.es/ceiparquitectoleoz/files/2019/09/participantes-debate-Teatro-Cortes-alcaldesa_1393071074_108069725_667x375-300x169.jpg" alt="" width="300" height="169" srcset="https://blogsaverroes.juntadeandalucia.es/ceiparquitectoleoz/files/2019/09/participantes-debate-Teatro-Cortes-alcaldesa_1393071074_108069725_667x375-300x169.jpg 300w, https://blogsaverroes.juntadeandalucia.es/ceiparquitectoleoz/files/2019/09/participantes-debate-Teatro-Cortes-alcaldesa_1393071074_108069725_667x375-24x13.jpg 24w, https://blogsaverroes.juntadeandalucia.es/ceiparquitectoleoz/files/2019/09/participantes-debate-Teatro-Cortes-alcaldesa_1393071074_108069725_667x375-36x20.jpg 36w, https://blogsaverroes.juntadeandalucia.es/ceiparquitectoleoz/files/2019/09/participantes-debate-Teatro-Cortes-alcaldesa_1393071074_108069725_667x375-48x27.jpg 48w, https://blogsaverroes.juntadeandalucia.es/ceiparquitectoleoz/files/2019/09/participantes-debate-Teatro-Cortes-alcaldesa_1393071074_108069725_667x375.jpg 667w" sizes="(max-width: 300px) 100vw, 300px" /></a> <a href="https://blogsaverroes.juntadeandalucia.es/ceiparquitectoleoz/files/2019/09/IMG-20190919-WA0013.jpg" target="_blank" rel="noopener noreferrer"><img loading="lazy" decoding="async" class="alignnone wp-image-3221 size-medium" src="https://blogsaverroes.juntadeandalucia.es/ceiparquitectoleoz/files/2019/09/IMG-20190919-WA0013-169x300.jpg" alt="" width="169" height="300" srcset="https://blogsaverroes.juntadeandalucia.es/ceiparquitectoleoz/files/2019/09/IMG-20190919-WA0013-169x300.jpg 169w, https://blogsaverroes.juntadeandalucia.es/ceiparquitectoleoz/files/2019/09/IMG-20190919-WA0013-768x1365.jpg 768w, https://blogsaverroes.juntadeandalucia.es/ceiparquitectoleoz/files/2019/09/IMG-20190919-WA0013-576x1024.jpg 576w, https://blogsaverroes.juntadeandalucia.es/ceiparquitectoleoz/files/2019/09/IMG-20190919-WA0013-14x24.jpg 14w, https://blogsaverroes.juntadeandalucia.es/ceiparquitectoleoz/files/2019/09/IMG-20190919-WA0013-20x36.jpg 20w, https://blogsaverroes.juntadeandalucia.es/ceiparquitectoleoz/files/2019/09/IMG-20190919-WA0013-27x48.jpg 27w, https://blogsaverroes.juntadeandalucia.es/ceiparquitectoleoz/files/2019/09/IMG-20190919-WA0013.jpg 900w" sizes="(max-width: 169px) 100vw, 169px" /></a>&nbsp;</p>

<p>El Parlamento de los niños de San Fernando. Dentro de la programación del 24 de Septiembre, sobre la conmemoración de Las Cortes de La Isla de 1810, el jueves 19 de septiembre el Teatro&#46;&#46;&#46;</p>
