{"id":3392,"date":"2020-03-09T08:40:22","date_gmt":"2020-03-09T08:40:22","guid":{"rendered":"https:\/\/blogsaverroes.juntadeandalucia.es\/ceiparquitectoleoz\/?page_id=3392"},"modified":"2021-06-27T20:32:21","modified_gmt":"2021-06-27T20:32:21","slug":"andalucia-profundiza","status":"publish","type":"page","link":"https:\/\/blogsaverroes.juntadeandalucia.es\/ceiparquitectoleoz\/andalucia-profundiza\/","title":{"rendered":"Andaluc\u00eda Profundiza"},"content":{"rendered":"<p><span style=\"color: #008000\"><strong>&nbsp;<img loading=\"lazy\" decoding=\"async\" class=\"wp-image-3393 size-thumbnail aligncenter\" src=\"https:\/\/blogsaverroes.juntadeandalucia.es\/ceiparquitectoleoz\/files\/2020\/03\/2bbd7afff8f70384dec787afcc37bb9d_400x400-150x150.jpg\" alt=\"\" width=\"150\" height=\"150\" srcset=\"https:\/\/blogsaverroes.juntadeandalucia.es\/ceiparquitectoleoz\/files\/2020\/03\/2bbd7afff8f70384dec787afcc37bb9d_400x400-150x150.jpg 150w, https:\/\/blogsaverroes.juntadeandalucia.es\/ceiparquitectoleoz\/files\/2020\/03\/2bbd7afff8f70384dec787afcc37bb9d_400x400-300x300.jpg 300w, https:\/\/blogsaverroes.juntadeandalucia.es\/ceiparquitectoleoz\/files\/2020\/03\/2bbd7afff8f70384dec787afcc37bb9d_400x400-100x100.jpg 100w, https:\/\/blogsaverroes.juntadeandalucia.es\/ceiparquitectoleoz\/files\/2020\/03\/2bbd7afff8f70384dec787afcc37bb9d_400x400-160x160.jpg 160w, https:\/\/blogsaverroes.juntadeandalucia.es\/ceiparquitectoleoz\/files\/2020\/03\/2bbd7afff8f70384dec787afcc37bb9d_400x400-320x320.jpg 320w, https:\/\/blogsaverroes.juntadeandalucia.es\/ceiparquitectoleoz\/files\/2020\/03\/2bbd7afff8f70384dec787afcc37bb9d_400x400-24x24.jpg 24w, https:\/\/blogsaverroes.juntadeandalucia.es\/ceiparquitectoleoz\/files\/2020\/03\/2bbd7afff8f70384dec787afcc37bb9d_400x400-36x36.jpg 36w, https:\/\/blogsaverroes.juntadeandalucia.es\/ceiparquitectoleoz\/files\/2020\/03\/2bbd7afff8f70384dec787afcc37bb9d_400x400-48x48.jpg 48w, https:\/\/blogsaverroes.juntadeandalucia.es\/ceiparquitectoleoz\/files\/2020\/03\/2bbd7afff8f70384dec787afcc37bb9d_400x400.jpg 400w\" sizes=\"(max-width: 150px) 100vw, 150px\" \/><\/strong><\/span><\/p>\n<p><span style=\"color: #008000\"><strong><span style=\"color: #000000\">PROGRAMA DE INVESTIGACI\u00d3N 2020-21<\/span><\/strong><\/span><\/p>\n<p><span style=\"color: #008000\">Este curso continuamos&nbsp; en nuestro centro el proyecto \u201cPROFUNDIZA\u201d, proyecto que tuvimos que abandonar el curso pasado por lo acontecido con el COVID.<\/span><\/p>\n<p><span style=\"color: #008000\"><strong>A continuaci\u00f3n presentamos el resultado de nuestro trabajo: <a href=\"https:\/\/view.genial.ly\/607e933a0cd6d30d0ea72462\" target=\"_blank\" rel=\"noopener noreferrer\">haz clic aqu\u00ed para ver la presentaci\u00f3n<\/a><\/strong><\/span><\/p>\n<p>&nbsp;<\/p>\n<p><span style=\"color: #008000\"><strong><span style=\"color: #000000\">PROGRAMA DE INVESTIGACI\u00d3N 2019-20<\/span><\/strong><\/span><\/p>\n<p><span style=\"color: #008000\">El jueves d\u00eda 5 de marzo del 2020 comenzamos en nuestro centro el proyecto \u201cPROFUNDIZA\u201d.<\/span><\/p>\n<p><span style=\"color: #008000\"><strong>ANDALUC\u00cdA PROFUNDIZA<\/strong> es un <strong>programa<\/strong> puesto en marcha por la Consejer\u00eda de Educaci\u00f3n de la Junta de <strong>Andaluc\u00eda<\/strong> para la profundizaci\u00f3n de conocimientos en Educaci\u00f3n Primaria (2\u00ba y 3\u00ba ciclos)<\/span><\/p>\n<p><span style=\"color: #008000\">A trav\u00e9s de este&nbsp;programa los estudiantes podr\u00e1n participar&nbsp;desde en proyectos de investigaci\u00f3n en los centros&nbsp;educativos en&nbsp;horario extraescolar que, tomando como centro de inter\u00e9s elementos del propio curr\u00edculo, les permitir\u00e1n abordar el conocimiento desde otras perspectivas y desarrollar&nbsp;de manera activa las competencias&nbsp;b\u00e1sicas.<\/span><\/p>\n<p><span style=\"color: #008000\">Partiendo del trabajo que estamos realizando sobre el peri\u00f3dico\u2026<\/span><\/p>\n<p><span style=\"color: #008000\">Aprovechando el 40\u00ba aniversario de nuestro colegio 1980 \u2013 2020.<\/span><\/p>\n<p><span style=\"color: #008000\">Con una tem\u00e1tica cercana al alumnado y familias.<\/span><\/p>\n<p><span style=\"color: #008000\"><strong>Realizaremos un reportaje period\u00edstico de investigaci\u00f3n sobre<\/strong><strong>\u2026.<\/strong><\/span><\/p>\n<p><span style=\"color: #008000\"><strong>\u201cMi colegio, 40 a\u00f1os de historia\u201d<\/strong><\/span><\/p>\n<p><span style=\"color: #008000\"><strong>&nbsp;<\/strong><strong>Realizaremos..<\/strong><\/span><\/p>\n<p><span style=\"color: #008000\">Entrevistas a antiguos alumnos\/as (an\u00e9cdotas, recuerdos\u2026).<\/span><\/p>\n<p><span style=\"color: #008000\">Entrevista a antiguos maestros\/as, personal\u2026<\/span><\/p>\n<p><span style=\"color: #008000\">Investigaremos sobre nuestro nombre (Leoz\u2026)<\/span><\/p>\n<p><span style=\"color: #008000\">Buscaremos im\u00e1genes, documentaci\u00f3n..<\/span><\/p>\n<p><span style=\"color: #008000\">Lo plasmaremos en un trabajo final (carteler\u00eda, v\u00eddeo, presentaci\u00f3n\u2026 ) para su divulgaci\u00f3n.<\/span><\/p>\n<p><span style=\"color: #008000\">Aprenderemos, investigaremos,&#8230;<\/span><\/p>\n<p><span style=\"color: #008000\">Si tienes alguna an\u00e9cdota o documento antiguo que puedas aportar para la investigaci\u00f3n, env\u00edala a la siguiente direcci\u00f3n: <a style=\"color: #008000\" href=\"mailto:ceiparquitectoleozprofundiza40@gmail.com\">ceiparquitectoleozprofundiza40@gmail.com<\/a><\/span><\/p>\n<p><a href=\"https:\/\/blogsaverroes.juntadeandalucia.es\/ceiparquitectoleoz\/files\/2020\/03\/IMG_20200305_161518.jpg\" target=\"_blank\" rel=\"noopener noreferrer\"><img loading=\"lazy\" decoding=\"async\" class=\"alignnone wp-image-3396 size-medium\" src=\"https:\/\/blogsaverroes.juntadeandalucia.es\/ceiparquitectoleoz\/files\/2020\/03\/IMG_20200305_161518-225x300.jpg\" alt=\"\" width=\"225\" height=\"300\" srcset=\"https:\/\/blogsaverroes.juntadeandalucia.es\/ceiparquitectoleoz\/files\/2020\/03\/IMG_20200305_161518-225x300.jpg 225w, https:\/\/blogsaverroes.juntadeandalucia.es\/ceiparquitectoleoz\/files\/2020\/03\/IMG_20200305_161518-768x1024.jpg 768w, https:\/\/blogsaverroes.juntadeandalucia.es\/ceiparquitectoleoz\/files\/2020\/03\/IMG_20200305_161518-18x24.jpg 18w, https:\/\/blogsaverroes.juntadeandalucia.es\/ceiparquitectoleoz\/files\/2020\/03\/IMG_20200305_161518-27x36.jpg 27w, https:\/\/blogsaverroes.juntadeandalucia.es\/ceiparquitectoleoz\/files\/2020\/03\/IMG_20200305_161518-36x48.jpg 36w, https:\/\/blogsaverroes.juntadeandalucia.es\/ceiparquitectoleoz\/files\/2020\/03\/IMG_20200305_161518.jpg 1200w\" sizes=\"(max-width: 225px) 100vw, 225px\" \/><\/a> <a href=\"https:\/\/blogsaverroes.juntadeandalucia.es\/ceiparquitectoleoz\/files\/2020\/03\/IMG_20200305_170114.jpg\" target=\"_blank\" rel=\"noopener noreferrer\"><img loading=\"lazy\" decoding=\"async\" class=\"alignnone wp-image-3398 size-medium\" src=\"https:\/\/blogsaverroes.juntadeandalucia.es\/ceiparquitectoleoz\/files\/2020\/03\/IMG_20200305_170114-225x300.jpg\" alt=\"\" width=\"225\" height=\"300\" srcset=\"https:\/\/blogsaverroes.juntadeandalucia.es\/ceiparquitectoleoz\/files\/2020\/03\/IMG_20200305_170114-225x300.jpg 225w, https:\/\/blogsaverroes.juntadeandalucia.es\/ceiparquitectoleoz\/files\/2020\/03\/IMG_20200305_170114-768x1024.jpg 768w, https:\/\/blogsaverroes.juntadeandalucia.es\/ceiparquitectoleoz\/files\/2020\/03\/IMG_20200305_170114-18x24.jpg 18w, https:\/\/blogsaverroes.juntadeandalucia.es\/ceiparquitectoleoz\/files\/2020\/03\/IMG_20200305_170114-27x36.jpg 27w, https:\/\/blogsaverroes.juntadeandalucia.es\/ceiparquitectoleoz\/files\/2020\/03\/IMG_20200305_170114-36x48.jpg 36w, https:\/\/blogsaverroes.juntadeandalucia.es\/ceiparquitectoleoz\/files\/2020\/03\/IMG_20200305_170114.jpg 1200w\" sizes=\"(max-width: 225px) 100vw, 225px\" \/><\/a><\/p>\n","protected":false},"excerpt":{"rendered":"<p>&nbsp; PROGRAMA DE INVESTIGACI\u00d3N 2020-21 Este curso continuamos&nbsp; en nuestro centro el proyecto \u201cPROFUNDIZA\u201d, proyecto que tuvimos que abandonar el curso pasado por lo acontecido con el COVID. A continuaci\u00f3n presentamos el resultado de&#46;&#46;&#46;<\/p>\n","protected":false},"author":6131,"featured_media":0,"parent":0,"menu_order":0,"comment_status":"closed","ping_status":"closed","template":"","meta":{"ngg_post_thumbnail":0,"footnotes":"","_mc_calendar":[]},"aioseo_notices":[],"_links":{"self":[{"href":"https:\/\/blogsaverroes.juntadeandalucia.es\/ceiparquitectoleoz\/wp-json\/wp\/v2\/pages\/3392"}],"collection":[{"href":"https:\/\/blogsaverroes.juntadeandalucia.es\/ceiparquitectoleoz\/wp-json\/wp\/v2\/pages"}],"about":[{"href":"https:\/\/blogsaverroes.juntadeandalucia.es\/ceiparquitectoleoz\/wp-json\/wp\/v2\/types\/page"}],"author":[{"embeddable":true,"href":"https:\/\/blogsaverroes.juntadeandalucia.es\/ceiparquitectoleoz\/wp-json\/wp\/v2\/users\/6131"}],"replies":[{"embeddable":true,"href":"https:\/\/blogsaverroes.juntadeandalucia.es\/ceiparquitectoleoz\/wp-json\/wp\/v2\/comments?post=3392"}],"version-history":[{"count":4,"href":"https:\/\/blogsaverroes.juntadeandalucia.es\/ceiparquitectoleoz\/wp-json\/wp\/v2\/pages\/3392\/revisions"}],"predecessor-version":[{"id":3629,"href":"https:\/\/blogsaverroes.juntadeandalucia.es\/ceiparquitectoleoz\/wp-json\/wp\/v2\/pages\/3392\/revisions\/3629"}],"wp:attachment":[{"href":"https:\/\/blogsaverroes.juntadeandalucia.es\/ceiparquitectoleoz\/wp-json\/wp\/v2\/media?parent=3392"}],"curies":[{"name":"wp","href":"https:\/\/api.w.org\/{rel}","templated":true}]}}

Andalucía Profundiza

<p><span style="color: #008000"><strong>&nbsp;<img loading="lazy" decoding="async" class="wp-image-3393 size-thumbnail aligncenter" src="https://blogsaverroes.juntadeandalucia.es/ceiparquitectoleoz/files/2020/03/2bbd7afff8f70384dec787afcc37bb9d_400x400-150x150.jpg" alt="" width="150" height="150" srcset="https://blogsaverroes.juntadeandalucia.es/ceiparquitectoleoz/files/2020/03/2bbd7afff8f70384dec787afcc37bb9d_400x400-150x150.jpg 150w, https://blogsaverroes.juntadeandalucia.es/ceiparquitectoleoz/files/2020/03/2bbd7afff8f70384dec787afcc37bb9d_400x400-300x300.jpg 300w, https://blogsaverroes.juntadeandalucia.es/ceiparquitectoleoz/files/2020/03/2bbd7afff8f70384dec787afcc37bb9d_400x400-100x100.jpg 100w, https://blogsaverroes.juntadeandalucia.es/ceiparquitectoleoz/files/2020/03/2bbd7afff8f70384dec787afcc37bb9d_400x400-160x160.jpg 160w, https://blogsaverroes.juntadeandalucia.es/ceiparquitectoleoz/files/2020/03/2bbd7afff8f70384dec787afcc37bb9d_400x400-320x320.jpg 320w, https://blogsaverroes.juntadeandalucia.es/ceiparquitectoleoz/files/2020/03/2bbd7afff8f70384dec787afcc37bb9d_400x400-24x24.jpg 24w, https://blogsaverroes.juntadeandalucia.es/ceiparquitectoleoz/files/2020/03/2bbd7afff8f70384dec787afcc37bb9d_400x400-36x36.jpg 36w, https://blogsaverroes.juntadeandalucia.es/ceiparquitectoleoz/files/2020/03/2bbd7afff8f70384dec787afcc37bb9d_400x400-48x48.jpg 48w, https://blogsaverroes.juntadeandalucia.es/ceiparquitectoleoz/files/2020/03/2bbd7afff8f70384dec787afcc37bb9d_400x400.jpg 400w" sizes="(max-width: 150px) 100vw, 150px" /></strong></span></p>
<p><span style="color: #008000"><strong><span style="color: #000000">PROGRAMA DE INVESTIGACIÓN 2020-21</span></strong></span></p>
<p><span style="color: #008000">Este curso continuamos&nbsp; en nuestro centro el proyecto “PROFUNDIZA”, proyecto que tuvimos que abandonar el curso pasado por lo acontecido con el COVID.</span></p>
<p><span style="color: #008000"><strong>A continuación presentamos el resultado de nuestro trabajo: <a href="https://view.genial.ly/607e933a0cd6d30d0ea72462" target="_blank" rel="noopener noreferrer">haz clic aquí para ver la presentación</a></strong></span></p>
<p>&nbsp;</p>
<p><span style="color: #008000"><strong><span style="color: #000000">PROGRAMA DE INVESTIGACIÓN 2019-20</span></strong></span></p>
<p><span style="color: #008000">El jueves día 5 de marzo del 2020 comenzamos en nuestro centro el proyecto “PROFUNDIZA”.</span></p>
<p><span style="color: #008000"><strong>ANDALUCÍA PROFUNDIZA</strong> es un <strong>programa</strong> puesto en marcha por la Consejería de Educación de la Junta de <strong>Andalucía</strong> para la profundización de conocimientos en Educación Primaria (2º y 3º ciclos)</span></p>
<p><span style="color: #008000">A través de este&nbsp;programa los estudiantes podrán participar&nbsp;desde en proyectos de investigación en los centros&nbsp;educativos en&nbsp;horario extraescolar que, tomando como centro de interés elementos del propio currículo, les permitirán abordar el conocimiento desde otras perspectivas y desarrollar&nbsp;de manera activa las competencias&nbsp;básicas.</span></p>
<p><span style="color: #008000">Partiendo del trabajo que estamos realizando sobre el periódico…</span></p>
<p><span style="color: #008000">Aprovechando el 40º aniversario de nuestro colegio 1980 – 2020.</span></p>
<p><span style="color: #008000">Con una temática cercana al alumnado y familias.</span></p>
<p><span style="color: #008000"><strong>Realizaremos un reportaje periodístico de investigación sobre</strong><strong>….</strong></span></p>
<p><span style="color: #008000"><strong>“Mi colegio, 40 años de historia”</strong></span></p>
<p><span style="color: #008000"><strong>&nbsp;</strong><strong>Realizaremos..</strong></span></p>
<p><span style="color: #008000">Entrevistas a antiguos alumnos/as (anécdotas, recuerdos…).</span></p>
<p><span style="color: #008000">Entrevista a antiguos maestros/as, personal…</span></p>
<p><span style="color: #008000">Investigaremos sobre nuestro nombre (Leoz…)</span></p>
<p><span style="color: #008000">Buscaremos imágenes, documentación..</span></p>
<p><span style="color: #008000">Lo plasmaremos en un trabajo final (cartelería, vídeo, presentación… ) para su divulgación.</span></p>
<p><span style="color: #008000">Aprenderemos, investigaremos,&#8230;</span></p>
<p><span style="color: #008000">Si tienes alguna anécdota o documento antiguo que puedas aportar para la investigación, envíala a la siguiente dirección: <a style="color: #008000" href="mailto:ceiparquitectoleozprofundiza40@gmail.com">ceiparquitectoleozprofundiza40@gmail.com</a></span></p>
<p><a href="https://blogsaverroes.juntadeandalucia.es/ceiparquitectoleoz/files/2020/03/IMG_20200305_161518.jpg" target="_blank" rel="noopener noreferrer"><img loading="lazy" decoding="async" class="alignnone wp-image-3396 size-medium" src="https://blogsaverroes.juntadeandalucia.es/ceiparquitectoleoz/files/2020/03/IMG_20200305_161518-225x300.jpg" alt="" width="225" height="300" srcset="https://blogsaverroes.juntadeandalucia.es/ceiparquitectoleoz/files/2020/03/IMG_20200305_161518-225x300.jpg 225w, https://blogsaverroes.juntadeandalucia.es/ceiparquitectoleoz/files/2020/03/IMG_20200305_161518-768x1024.jpg 768w, https://blogsaverroes.juntadeandalucia.es/ceiparquitectoleoz/files/2020/03/IMG_20200305_161518-18x24.jpg 18w, https://blogsaverroes.juntadeandalucia.es/ceiparquitectoleoz/files/2020/03/IMG_20200305_161518-27x36.jpg 27w, https://blogsaverroes.juntadeandalucia.es/ceiparquitectoleoz/files/2020/03/IMG_20200305_161518-36x48.jpg 36w, https://blogsaverroes.juntadeandalucia.es/ceiparquitectoleoz/files/2020/03/IMG_20200305_161518.jpg 1200w" sizes="(max-width: 225px) 100vw, 225px" /></a> <a href="https://blogsaverroes.juntadeandalucia.es/ceiparquitectoleoz/files/2020/03/IMG_20200305_170114.jpg" target="_blank" rel="noopener noreferrer"><img loading="lazy" decoding="async" class="alignnone wp-image-3398 size-medium" src="https://blogsaverroes.juntadeandalucia.es/ceiparquitectoleoz/files/2020/03/IMG_20200305_170114-225x300.jpg" alt="" width="225" height="300" srcset="https://blogsaverroes.juntadeandalucia.es/ceiparquitectoleoz/files/2020/03/IMG_20200305_170114-225x300.jpg 225w, https://blogsaverroes.juntadeandalucia.es/ceiparquitectoleoz/files/2020/03/IMG_20200305_170114-768x1024.jpg 768w, https://blogsaverroes.juntadeandalucia.es/ceiparquitectoleoz/files/2020/03/IMG_20200305_170114-18x24.jpg 18w, https://blogsaverroes.juntadeandalucia.es/ceiparquitectoleoz/files/2020/03/IMG_20200305_170114-27x36.jpg 27w, https://blogsaverroes.juntadeandalucia.es/ceiparquitectoleoz/files/2020/03/IMG_20200305_170114-36x48.jpg 36w, https://blogsaverroes.juntadeandalucia.es/ceiparquitectoleoz/files/2020/03/IMG_20200305_170114.jpg 1200w" sizes="(max-width: 225px) 100vw, 225px" /></a></p>

<p>&nbsp; PROGRAMA DE INVESTIGACIÓN 2020-21 Este curso continuamos&nbsp; en nuestro centro el proyecto “PROFUNDIZA”, proyecto que tuvimos que abandonar el curso pasado por lo acontecido con el COVID. A continuación presentamos el resultado de&#46;&#46;&#46;</p>
