{"id":424,"date":"2015-03-20T07:05:20","date_gmt":"2015-03-20T07:05:20","guid":{"rendered":"http:\/\/blogsaverroes.juntadeandalucia.es\/pre\/ceip\/?page_id=424"},"modified":"2019-03-08T10:42:22","modified_gmt":"2019-03-08T10:42:22","slug":"educacion-infantil","status":"publish","type":"page","link":"https:\/\/blogsaverroes.juntadeandalucia.es\/ceiparquitectoleoz\/educacion-infantil\/","title":{"rendered":"Educaci\u00f3n infantil"},"content":{"rendered":"<p><strong>En esta secci\u00f3n iremos publicando todas las actividades relacionadas con la etapa de Educaci\u00f3n Infantil.<\/strong><\/p>\n<h3><strong><span style=\"color: #008000\">TALLERES D\u00cdA DE ANDALUC\u00cdA 2018\/2019<\/span><\/strong><\/h3>\n<p><span style=\"color: #008000\">En el D\u00eda de Andaluc\u00eda Infantil represent\u00f3 una sencilla poes\u00eda dramatizada llamada <strong>\u201cSomos andaluces\u201d;&nbsp;<\/strong>para ello cada clase aprendi\u00f3 una estrofa que se correspond\u00eda con un personaje de la poes\u00eda.<\/span><\/p>\n<p><span style=\"color: #008000\">Los alumnos realizaron los complementos de cada disfraz que caracterizaban a los personajes.<\/span><\/p>\n<p><span style=\"color: #008000\">Confeccionaron entre todos una bandera con los personajes de la poes\u00eda dramatizada para adornar los pasillos y ense\u00f1ar nuestros colores.<\/span><\/p>\n<p><span style=\"color: #008000\">Aqu\u00ed os dejamos fotos de la actividad.<\/span><\/p>\n<p><a href=\"https:\/\/blogsaverroes.juntadeandalucia.es\/ceiparquitectoleoz\/files\/2015\/03\/IMG-20190227-WA0046.jpg\" target=\"_blank\" rel=\"noopener\"><img loading=\"lazy\" decoding=\"async\" class=\"alignnone wp-image-2855 size-medium\" src=\"https:\/\/blogsaverroes.juntadeandalucia.es\/ceiparquitectoleoz\/files\/2015\/03\/IMG-20190227-WA0046-300x169.jpg\" alt=\"\" width=\"300\" height=\"169\" srcset=\"https:\/\/blogsaverroes.juntadeandalucia.es\/ceiparquitectoleoz\/files\/2015\/03\/IMG-20190227-WA0046-300x169.jpg 300w, https:\/\/blogsaverroes.juntadeandalucia.es\/ceiparquitectoleoz\/files\/2015\/03\/IMG-20190227-WA0046-1024x576.jpg 1024w, https:\/\/blogsaverroes.juntadeandalucia.es\/ceiparquitectoleoz\/files\/2015\/03\/IMG-20190227-WA0046-24x14.jpg 24w, https:\/\/blogsaverroes.juntadeandalucia.es\/ceiparquitectoleoz\/files\/2015\/03\/IMG-20190227-WA0046-36x20.jpg 36w, https:\/\/blogsaverroes.juntadeandalucia.es\/ceiparquitectoleoz\/files\/2015\/03\/IMG-20190227-WA0046-48x27.jpg 48w, https:\/\/blogsaverroes.juntadeandalucia.es\/ceiparquitectoleoz\/files\/2015\/03\/IMG-20190227-WA0046.jpg 1600w\" sizes=\"(max-width: 300px) 100vw, 300px\" \/><\/a> <a href=\"https:\/\/blogsaverroes.juntadeandalucia.es\/ceiparquitectoleoz\/files\/2015\/03\/IMG-20190227-WA0047.jpg\" target=\"_blank\" rel=\"noopener\"><img loading=\"lazy\" decoding=\"async\" class=\"alignnone wp-image-2856 size-medium\" src=\"https:\/\/blogsaverroes.juntadeandalucia.es\/ceiparquitectoleoz\/files\/2015\/03\/IMG-20190227-WA0047-300x169.jpg\" alt=\"\" width=\"300\" height=\"169\" srcset=\"https:\/\/blogsaverroes.juntadeandalucia.es\/ceiparquitectoleoz\/files\/2015\/03\/IMG-20190227-WA0047-300x169.jpg 300w, https:\/\/blogsaverroes.juntadeandalucia.es\/ceiparquitectoleoz\/files\/2015\/03\/IMG-20190227-WA0047-1024x576.jpg 1024w, https:\/\/blogsaverroes.juntadeandalucia.es\/ceiparquitectoleoz\/files\/2015\/03\/IMG-20190227-WA0047-24x14.jpg 24w, https:\/\/blogsaverroes.juntadeandalucia.es\/ceiparquitectoleoz\/files\/2015\/03\/IMG-20190227-WA0047-36x20.jpg 36w, https:\/\/blogsaverroes.juntadeandalucia.es\/ceiparquitectoleoz\/files\/2015\/03\/IMG-20190227-WA0047-48x27.jpg 48w, https:\/\/blogsaverroes.juntadeandalucia.es\/ceiparquitectoleoz\/files\/2015\/03\/IMG-20190227-WA0047.jpg 1600w\" sizes=\"(max-width: 300px) 100vw, 300px\" \/><\/a> <a href=\"https:\/\/blogsaverroes.juntadeandalucia.es\/ceiparquitectoleoz\/files\/2015\/03\/IMG-20190227-WA0048.jpg\" target=\"_blank\" rel=\"noopener\"><img loading=\"lazy\" decoding=\"async\" class=\"alignnone wp-image-2857 size-medium\" src=\"https:\/\/blogsaverroes.juntadeandalucia.es\/ceiparquitectoleoz\/files\/2015\/03\/IMG-20190227-WA0048-300x169.jpg\" alt=\"\" width=\"300\" height=\"169\" srcset=\"https:\/\/blogsaverroes.juntadeandalucia.es\/ceiparquitectoleoz\/files\/2015\/03\/IMG-20190227-WA0048-300x169.jpg 300w, https:\/\/blogsaverroes.juntadeandalucia.es\/ceiparquitectoleoz\/files\/2015\/03\/IMG-20190227-WA0048-1024x576.jpg 1024w, https:\/\/blogsaverroes.juntadeandalucia.es\/ceiparquitectoleoz\/files\/2015\/03\/IMG-20190227-WA0048-24x14.jpg 24w, https:\/\/blogsaverroes.juntadeandalucia.es\/ceiparquitectoleoz\/files\/2015\/03\/IMG-20190227-WA0048-36x20.jpg 36w, https:\/\/blogsaverroes.juntadeandalucia.es\/ceiparquitectoleoz\/files\/2015\/03\/IMG-20190227-WA0048-48x27.jpg 48w, https:\/\/blogsaverroes.juntadeandalucia.es\/ceiparquitectoleoz\/files\/2015\/03\/IMG-20190227-WA0048.jpg 1600w\" sizes=\"(max-width: 300px) 100vw, 300px\" \/><\/a><\/p>\n<p><img loading=\"lazy\" decoding=\"async\" class=\"alignnone size-full wp-image-2615\" src=\"https:\/\/blogsaverroes.juntadeandalucia.es\/ceiparquitectoleoz\/files\/2015\/03\/IconoVideo.jpg\" alt=\"\" width=\"53\" height=\"52\" srcset=\"https:\/\/blogsaverroes.juntadeandalucia.es\/ceiparquitectoleoz\/files\/2015\/03\/IconoVideo.jpg 53w, https:\/\/blogsaverroes.juntadeandalucia.es\/ceiparquitectoleoz\/files\/2015\/03\/IconoVideo-150x150.jpg 150w, https:\/\/blogsaverroes.juntadeandalucia.es\/ceiparquitectoleoz\/files\/2015\/03\/IconoVideo-100x100.jpg 100w, https:\/\/blogsaverroes.juntadeandalucia.es\/ceiparquitectoleoz\/files\/2015\/03\/IconoVideo-160x160.jpg 160w, https:\/\/blogsaverroes.juntadeandalucia.es\/ceiparquitectoleoz\/files\/2015\/03\/IconoVideo-320x320.jpg 320w, https:\/\/blogsaverroes.juntadeandalucia.es\/ceiparquitectoleoz\/files\/2015\/03\/IconoVideo-24x24.jpg 24w, https:\/\/blogsaverroes.juntadeandalucia.es\/ceiparquitectoleoz\/files\/2015\/03\/IconoVideo-36x36.jpg 36w, https:\/\/blogsaverroes.juntadeandalucia.es\/ceiparquitectoleoz\/files\/2015\/03\/IconoVideo-48x48.jpg 48w\" sizes=\"(max-width: 53px) 100vw, 53px\" \/>&nbsp;<a href=\"https:\/\/drive.google.com\/file\/d\/1J8HrMLKbMF_MysKo1XgEkjfDFNpltwdy\/view?usp=sharing\" target=\"_blank\" rel=\"noopener\">Hacer clic para abrir el&nbsp; video Dia de Andalucia 2019 de Ed. Infantil en una pesta\u00f1a nueva<\/a><\/p>\n<p>&nbsp;<\/p>\n<p>&nbsp;<\/p>\n<p>&#8212;&#8212;&#8212;&#8212;&#8212;&#8212;&#8212;&#8212;&#8212;&#8212;&#8212;&#8212;&#8212;&#8212;&#8212;&#8212;&#8212;&#8212;&#8212;&#8212;&#8212;&#8212;&#8212;&#8212;&#8212;&#8212;&#8212;&#8212;&#8212;&#8212;&#8212;&#8212;&#8212;&#8212;&#8212;&#8212;&#8212;&#8212;&#8212;&#8212;&#8212;&#8212;<\/p>\n<p><img loading=\"lazy\" decoding=\"async\" class=\"alignnone size-full wp-image-2615\" src=\"https:\/\/blogsaverroes.juntadeandalucia.es\/ceiparquitectoleoz\/files\/2015\/03\/IconoVideo.jpg\" alt=\"\" width=\"53\" height=\"52\" srcset=\"https:\/\/blogsaverroes.juntadeandalucia.es\/ceiparquitectoleoz\/files\/2015\/03\/IconoVideo.jpg 53w, https:\/\/blogsaverroes.juntadeandalucia.es\/ceiparquitectoleoz\/files\/2015\/03\/IconoVideo-150x150.jpg 150w, https:\/\/blogsaverroes.juntadeandalucia.es\/ceiparquitectoleoz\/files\/2015\/03\/IconoVideo-100x100.jpg 100w, https:\/\/blogsaverroes.juntadeandalucia.es\/ceiparquitectoleoz\/files\/2015\/03\/IconoVideo-160x160.jpg 160w, https:\/\/blogsaverroes.juntadeandalucia.es\/ceiparquitectoleoz\/files\/2015\/03\/IconoVideo-320x320.jpg 320w, https:\/\/blogsaverroes.juntadeandalucia.es\/ceiparquitectoleoz\/files\/2015\/03\/IconoVideo-24x24.jpg 24w, https:\/\/blogsaverroes.juntadeandalucia.es\/ceiparquitectoleoz\/files\/2015\/03\/IconoVideo-36x36.jpg 36w, https:\/\/blogsaverroes.juntadeandalucia.es\/ceiparquitectoleoz\/files\/2015\/03\/IconoVideo-48x48.jpg 48w\" sizes=\"(max-width: 53px) 100vw, 53px\" \/>&nbsp;<a href=\"https:\/\/drive.google.com\/file\/d\/1KSVx3Kv2hbeR3XRSwqtE7-5dHvxoUmrI\/view?usp=sharing\" target=\"_blank\" rel=\"noopener\">Hacer clic para abrir el&nbsp; video Actividades Infantil 17-18 en una pesta\u00f1a nueva<\/a><\/p>\n<p><span style=\"color: #008000\"><strong>CONCURSO \u00abAPRENDEMOS A ESTAR SANOS\u00bb<\/strong><\/span><\/p>\n<p><img loading=\"lazy\" decoding=\"async\" class=\"alignnone wp-image-2539 \" src=\"https:\/\/blogsaverroes.juntadeandalucia.es\/ceiparquitectoleoz\/files\/2015\/03\/vidasana2018-1024x276.jpg\" alt=\"\" width=\"620\" height=\"167\" srcset=\"https:\/\/blogsaverroes.juntadeandalucia.es\/ceiparquitectoleoz\/files\/2015\/03\/vidasana2018.jpg 1024w, https:\/\/blogsaverroes.juntadeandalucia.es\/ceiparquitectoleoz\/files\/2015\/03\/vidasana2018-300x81.jpg 300w, https:\/\/blogsaverroes.juntadeandalucia.es\/ceiparquitectoleoz\/files\/2015\/03\/vidasana2018-24x6.jpg 24w, https:\/\/blogsaverroes.juntadeandalucia.es\/ceiparquitectoleoz\/files\/2015\/03\/vidasana2018-36x10.jpg 36w, https:\/\/blogsaverroes.juntadeandalucia.es\/ceiparquitectoleoz\/files\/2015\/03\/vidasana2018-48x13.jpg 48w\" sizes=\"(max-width: 620px) 100vw, 620px\" \/>&nbsp;<\/p>\n<p><span style=\"color: #008000\">La Fundaci\u00f3n Caser y la Junta de Andaluc\u00eda, &nbsp;convocan los <strong>premios VIDA SANA <\/strong>para fomentar e impulsar acciones de promoci\u00f3n de la salud y h\u00e1bitos saludables<\/span><\/p>\n<p><span style=\"color: #008000\">Desde esta convocatoria, se premiar\u00e1n las mejores pr\u00e1cticas de promoci\u00f3n de la actividad f\u00edsica y de alimentaci\u00f3n saludable desarrolladas en el marco de la L\u00ednea de Intervenci\u00f3n de Estilos de Vida Saludable, &nbsp;con el fin de <strong>fomentar los estilos de vida saludable en la comunidad <\/strong>como medida para la prevenci\u00f3n de la obesidad infantil y juvenil.<\/span><\/p>\n<p><span style=\"color: #008000\"><strong>&nbsp;<\/strong>El colegio se presenta al concurso bajo el t\u00edtulo<strong>: APRENDEMOS A ESTAR SANOS.&nbsp; <\/strong><\/span><\/p>\n<p><span style=\"color: #008000\">Trabajo realizado por los alumnos de Infantil.<\/span><\/p>\n<p><span style=\"color: #008000\"><strong>\u00a1\u00a1\u00a1As\u00ed qued\u00f3 nuestro trabajo!!!<\/strong><\/span><\/p>\n<p><img loading=\"lazy\" decoding=\"async\" class=\"alignnone size-full wp-image-2615\" src=\"https:\/\/blogsaverroes.juntadeandalucia.es\/ceiparquitectoleoz\/files\/2015\/03\/IconoVideo.jpg\" alt=\"\" width=\"53\" height=\"52\" srcset=\"https:\/\/blogsaverroes.juntadeandalucia.es\/ceiparquitectoleoz\/files\/2015\/03\/IconoVideo.jpg 53w, https:\/\/blogsaverroes.juntadeandalucia.es\/ceiparquitectoleoz\/files\/2015\/03\/IconoVideo-150x150.jpg 150w, https:\/\/blogsaverroes.juntadeandalucia.es\/ceiparquitectoleoz\/files\/2015\/03\/IconoVideo-100x100.jpg 100w, https:\/\/blogsaverroes.juntadeandalucia.es\/ceiparquitectoleoz\/files\/2015\/03\/IconoVideo-160x160.jpg 160w, https:\/\/blogsaverroes.juntadeandalucia.es\/ceiparquitectoleoz\/files\/2015\/03\/IconoVideo-320x320.jpg 320w, https:\/\/blogsaverroes.juntadeandalucia.es\/ceiparquitectoleoz\/files\/2015\/03\/IconoVideo-24x24.jpg 24w, https:\/\/blogsaverroes.juntadeandalucia.es\/ceiparquitectoleoz\/files\/2015\/03\/IconoVideo-36x36.jpg 36w, https:\/\/blogsaverroes.juntadeandalucia.es\/ceiparquitectoleoz\/files\/2015\/03\/IconoVideo-48x48.jpg 48w\" sizes=\"(max-width: 53px) 100vw, 53px\" \/>&nbsp;<a href=\"https:\/\/drive.google.com\/file\/d\/1YmuY9Rc_f4-o_CWtzEZfN18Yg9ybdm3D\/view?usp=sharing\" target=\"_blank\" rel=\"noopener\">Hacer clic para abrir el&nbsp; video Estar Sanos en una pesta\u00f1a nueva<\/a><\/p>\n<p>&nbsp;<\/p>\n<p><strong><span style=\"color: #008000\">POR UNA ANDALUCIA SALUDABLE<\/span><\/strong><\/p>\n<p><img loading=\"lazy\" decoding=\"async\" class=\"alignnone size-full wp-image-2615\" src=\"https:\/\/blogsaverroes.juntadeandalucia.es\/ceiparquitectoleoz\/files\/2015\/03\/IconoVideo.jpg\" alt=\"\" width=\"53\" height=\"52\" srcset=\"https:\/\/blogsaverroes.juntadeandalucia.es\/ceiparquitectoleoz\/files\/2015\/03\/IconoVideo.jpg 53w, https:\/\/blogsaverroes.juntadeandalucia.es\/ceiparquitectoleoz\/files\/2015\/03\/IconoVideo-150x150.jpg 150w, https:\/\/blogsaverroes.juntadeandalucia.es\/ceiparquitectoleoz\/files\/2015\/03\/IconoVideo-100x100.jpg 100w, https:\/\/blogsaverroes.juntadeandalucia.es\/ceiparquitectoleoz\/files\/2015\/03\/IconoVideo-160x160.jpg 160w, https:\/\/blogsaverroes.juntadeandalucia.es\/ceiparquitectoleoz\/files\/2015\/03\/IconoVideo-320x320.jpg 320w, https:\/\/blogsaverroes.juntadeandalucia.es\/ceiparquitectoleoz\/files\/2015\/03\/IconoVideo-24x24.jpg 24w, https:\/\/blogsaverroes.juntadeandalucia.es\/ceiparquitectoleoz\/files\/2015\/03\/IconoVideo-36x36.jpg 36w, https:\/\/blogsaverroes.juntadeandalucia.es\/ceiparquitectoleoz\/files\/2015\/03\/IconoVideo-48x48.jpg 48w\" sizes=\"(max-width: 53px) 100vw, 53px\" \/>&nbsp;<a href=\"https:\/\/drive.google.com\/file\/d\/1-b2CkTYY7iWiooi-RuN1D-SDneSy1_qP\/view?usp=sharing\" target=\"_blank\" rel=\"noopener\">Hacer clic para abrir el&nbsp; video Andalucia Saludable en una pesta\u00f1a nueva<\/a><\/p>\n<p>&nbsp;<\/p>\n","protected":false},"excerpt":{"rendered":"<p>En esta secci\u00f3n iremos publicando todas las actividades relacionadas con la etapa de Educaci\u00f3n Infantil. TALLERES D\u00cdA DE ANDALUC\u00cdA 2018\/2019 En el D\u00eda de Andaluc\u00eda Infantil represent\u00f3 una sencilla poes\u00eda dramatizada llamada \u201cSomos andaluces\u201d;&nbsp;para&#46;&#46;&#46;<\/p>\n","protected":false},"author":1,"featured_media":0,"parent":0,"menu_order":0,"comment_status":"open","ping_status":"open","template":"","meta":{"ngg_post_thumbnail":0,"footnotes":"","_mc_calendar":[]},"aioseo_notices":[],"_links":{"self":[{"href":"https:\/\/blogsaverroes.juntadeandalucia.es\/ceiparquitectoleoz\/wp-json\/wp\/v2\/pages\/424"}],"collection":[{"href":"https:\/\/blogsaverroes.juntadeandalucia.es\/ceiparquitectoleoz\/wp-json\/wp\/v2\/pages"}],"about":[{"href":"https:\/\/blogsaverroes.juntadeandalucia.es\/ceiparquitectoleoz\/wp-json\/wp\/v2\/types\/page"}],"author":[{"embeddable":true,"href":"https:\/\/blogsaverroes.juntadeandalucia.es\/ceiparquitectoleoz\/wp-json\/wp\/v2\/users\/1"}],"replies":[{"embeddable":true,"href":"https:\/\/blogsaverroes.juntadeandalucia.es\/ceiparquitectoleoz\/wp-json\/wp\/v2\/comments?post=424"}],"version-history":[{"count":14,"href":"https:\/\/blogsaverroes.juntadeandalucia.es\/ceiparquitectoleoz\/wp-json\/wp\/v2\/pages\/424\/revisions"}],"predecessor-version":[{"id":2934,"href":"https:\/\/blogsaverroes.juntadeandalucia.es\/ceiparquitectoleoz\/wp-json\/wp\/v2\/pages\/424\/revisions\/2934"}],"wp:attachment":[{"href":"https:\/\/blogsaverroes.juntadeandalucia.es\/ceiparquitectoleoz\/wp-json\/wp\/v2\/media?parent=424"}],"curies":[{"name":"wp","href":"https:\/\/api.w.org\/{rel}","templated":true}]}}