{"id":5258,"date":"2021-06-05T12:56:04","date_gmt":"2021-06-05T11:56:04","guid":{"rendered":"http:\/\/blogsaverroes.juntadeandalucia.es\/ceiparteroperez\/?page_id=5258"},"modified":"2023-05-14T10:29:19","modified_gmt":"2023-05-14T09:29:19","slug":"fondos-europeos","status":"publish","type":"page","link":"https:\/\/blogsaverroes.juntadeandalucia.es\/ceiparteroperez\/fondos-europeos\/","title":{"rendered":"Fondos Europeos"},"content":{"rendered":"<p><img fetchpriority=\"high\" decoding=\"async\" class=\"aligncenter\" title=\"cartel_FSE_18\" src=\"http:\/\/www.juntadeandalucia.es\/averroes\/centros-tic\/23001263\/helvia\/sitio\/upload\/img\/FSE_cartel.png\" alt=\"cartel_FSE_18\" width=\"200\" height=\"300\" border=\"0\"><\/p>\n<p>&nbsp;<\/p>\n<p><a href=\"http:\/\/blogsaverroes.juntadeandalucia.es\/ceiparteroperez\/fondos-europeos\/anexo_i_cartel_centros_fse\/\" rel=\"attachment wp-att-5290\"><img decoding=\"async\" class=\"size-medium wp-image-5290 aligncenter\" src=\"https:\/\/blogsaverroes.juntadeandalucia.es\/ceiparteroperez\/files\/2022\/02\/Anexo_I_cartel_centros_FSE-212x300.png\" alt=\"\" width=\"212\" height=\"300\" srcset=\"https:\/\/blogsaverroes.juntadeandalucia.es\/ceiparteroperez\/files\/2022\/02\/Anexo_I_cartel_centros_FSE-212x300.png 212w, https:\/\/blogsaverroes.juntadeandalucia.es\/ceiparteroperez\/files\/2022\/02\/Anexo_I_cartel_centros_FSE-724x1024.png 724w, https:\/\/blogsaverroes.juntadeandalucia.es\/ceiparteroperez\/files\/2022\/02\/Anexo_I_cartel_centros_FSE-768x1086.png 768w, https:\/\/blogsaverroes.juntadeandalucia.es\/ceiparteroperez\/files\/2022\/02\/Anexo_I_cartel_centros_FSE-1086x1536.png 1086w, https:\/\/blogsaverroes.juntadeandalucia.es\/ceiparteroperez\/files\/2022\/02\/Anexo_I_cartel_centros_FSE-1448x2048.png 1448w, https:\/\/blogsaverroes.juntadeandalucia.es\/ceiparteroperez\/files\/2022\/02\/Anexo_I_cartel_centros_FSE.png 1131w\" sizes=\"(max-width: 212px) 100vw, 212px\" \/><\/a><\/p>\n<p>&nbsp;<\/p>\n<p>Para conocimiento de toda la Comunidad Escolar: Las acciones cofinanciadas por EL FONDO SOCIAL EUROPEO en este Centro en el marco del PROGRAMA OPERATIVO FONDO SOCIAL EUROPEO, ANDALUC\u00cdA son:<\/p>\n<ul>\n<li>Acciones formativas dirigidas al Alumnado con Necesidades Espec\u00edficas de Apoyo Educativo (NEAE) atendidos por el <strong>profesorado de PEDAGOG\u00cdA TERAPE\u00daTICA (PT)<\/strong>.<\/li>\n<li>Los ordenadores port\u00e1tiles de brecha digital.<\/li>\n<li>Los carros para los ordenadores port\u00e1tiles de brecha digital.<\/li>\n<li>El programa de unidades de acompa\u00f1amiento.<\/li>\n<\/ul>\n<p>&nbsp;<\/p>\n<p><img decoding=\"async\" class=\"aligncenter\" src=\"http:\/\/www.juntadeandalucia.es\/averroes\/centros-tic\/23001263\/helvia\/bitacora\/upload\/img\/andalucia_europa.png\" width=\"200\" height=\"100\" border=\"0\"> &nbsp;&nbsp;&nbsp;&nbsp;&nbsp;&nbsp;&nbsp; <img decoding=\"async\" class=\"aligncenter\" src=\"http:\/\/www.juntadeandalucia.es\/averroes\/centros-tic\/23001263\/helvia\/bitacora\/upload\/img\/FSE.jpg\" border=\"0\"><\/p>\n<p><img loading=\"lazy\" decoding=\"async\" class=\"size-medium wp-image-5366 aligncenter\" src=\"https:\/\/blogsaverroes.juntadeandalucia.es\/ceiparteroperez\/files\/2023\/05\/logo-plan-de-recuperacion-2-300x169.png\" alt=\"\" width=\"300\" height=\"169\" srcset=\"https:\/\/blogsaverroes.juntadeandalucia.es\/ceiparteroperez\/files\/2023\/05\/logo-plan-de-recuperacion-2-300x169.png 300w, https:\/\/blogsaverroes.juntadeandalucia.es\/ceiparteroperez\/files\/2023\/05\/logo-plan-de-recuperacion-2-1024x576.png 1024w, https:\/\/blogsaverroes.juntadeandalucia.es\/ceiparteroperez\/files\/2023\/05\/logo-plan-de-recuperacion-2-768x432.png 768w, https:\/\/blogsaverroes.juntadeandalucia.es\/ceiparteroperez\/files\/2023\/05\/logo-plan-de-recuperacion-2-1536x864.png 1536w, https:\/\/blogsaverroes.juntadeandalucia.es\/ceiparteroperez\/files\/2023\/05\/logo-plan-de-recuperacion-2.png 1600w\" sizes=\"(max-width: 300px) 100vw, 300px\" \/><\/p>\n<p>Se informa tambi\u00e9n a la comunidad en sesi\u00f3n de Claustro y Consejo Escolar el d\u00eda 23\/01\/2023<\/p>\n","protected":false},"excerpt":{"rendered":"<p>&nbsp; &nbsp; Para conocimiento de toda la Comunidad Escolar: Las acciones cofinanciadas por EL FONDO SOCIAL EUROPEO en este Centro en el marco del PROGRAMA OPERATIVO FONDO SOCIAL EUROPEO, ANDALUC\u00cdA son: Acciones formativas dirigidas&#46;&#46;&#46;<\/p>\n","protected":false},"author":2619,"featured_media":0,"parent":0,"menu_order":0,"comment_status":"closed","ping_status":"closed","template":"","meta":{"ngg_post_thumbnail":0,"footnotes":"","_mc_calendar":[]},"aioseo_notices":[],"_links":{"self":[{"href":"https:\/\/blogsaverroes.juntadeandalucia.es\/ceiparteroperez\/wp-json\/wp\/v2\/pages\/5258"}],"collection":[{"href":"https:\/\/blogsaverroes.juntadeandalucia.es\/ceiparteroperez\/wp-json\/wp\/v2\/pages"}],"about":[{"href":"https:\/\/blogsaverroes.juntadeandalucia.es\/ceiparteroperez\/wp-json\/wp\/v2\/types\/page"}],"author":[{"embeddable":true,"href":"https:\/\/blogsaverroes.juntadeandalucia.es\/ceiparteroperez\/wp-json\/wp\/v2\/users\/2619"}],"replies":[{"embeddable":true,"href":"https:\/\/blogsaverroes.juntadeandalucia.es\/ceiparteroperez\/wp-json\/wp\/v2\/comments?post=5258"}],"version-history":[{"count":8,"href":"https:\/\/blogsaverroes.juntadeandalucia.es\/ceiparteroperez\/wp-json\/wp\/v2\/pages\/5258\/revisions"}],"predecessor-version":[{"id":5367,"href":"https:\/\/blogsaverroes.juntadeandalucia.es\/ceiparteroperez\/wp-json\/wp\/v2\/pages\/5258\/revisions\/5367"}],"wp:attachment":[{"href":"https:\/\/blogsaverroes.juntadeandalucia.es\/ceiparteroperez\/wp-json\/wp\/v2\/media?parent=5258"}],"curies":[{"name":"wp","href":"https:\/\/api.w.org\/{rel}","templated":true}]}}