{"id":2359,"date":"2016-11-21T09:03:35","date_gmt":"2016-11-21T09:03:35","guid":{"rendered":"http:\/\/blogsaverroes.juntadeandalucia.es\/ceipastigi\/?page_id=2359"},"modified":"2025-11-12T12:39:13","modified_gmt":"2025-11-12T12:39:13","slug":"escuelas-deportivas","status":"publish","type":"page","link":"https:\/\/blogsaverroes.juntadeandalucia.es\/ceipastigi\/escuelas-deportivas\/","title":{"rendered":"Escuelas Deportivas"},"content":{"rendered":"<p>&nbsp;<\/p>\n<h1 style=\"text-align: center\"><span style=\"color: #993366\"><strong>ESCUELAS DEPORTIVAS<\/strong><\/span><\/h1>\n<table style=\"background-color: #94aeeb;border-color: #071a61\">\n<tbody>\n<tr>\n<td>Alumnado al que est\u00e1 destinado:<\/td>\n<td>Alumn@s de 1\u00ba a 6\u00ba de primaria<\/td>\n<\/tr>\n<tr>\n<td>Empresa contratada:<\/td>\n<td>Astigitana Educasport, S.L.<\/td>\n<\/tr>\n<tr>\n<td colspan=\"2\" rowspan=\"4\"><strong>ESCUELAS DEPORTIVAS<\/strong><\/p>\n<div align=\"center\">\n<table border=\"0\" width=\"478\" cellspacing=\"1\">\n<tbody>\n<tr>\n<td width=\"470\" height=\"303\">\n<p style=\"text-align: justify\">Los objetivos fundamentales de este programa son fomentar el deporte entre nuestros j\u00f3venes y tratar de que sea una de sus opciones principales a la hora de ocupar su tiempo de libre. As\u00ed mismo tratamos de evitar el creciente sedentarismo de nuestros ni\u00f1os y ni\u00f1as y, de esta manera, combatir el alto \u00edndice de obesidad infantil que existe en la actualidad entre nuestros peque\u00f1os.<\/p>\n<p>El Programa de Deporte en la Escuela sigue la l\u00edneas fijadas por las Finalidades Educativas de nuestro Centro:<\/p>\n<p><strong>\u00c1mbito de Desarrollo Personal.<\/strong><\/p>\n<ul>\n<li style=\"text-align: justify\">Favorecer h\u00e1bitos de higiene, alimentaci\u00f3n y salud. Tanto en el trabajo diario en clase, como en los diferentes servicios complementarios que ofrece en Centro: Aula Matinal, Comedor y Actividades Extraescolares.<\/li>\n<\/ul>\n<ul style=\"text-align: justify\">\n<li>Fomentar el deporte y el ejercicio f\u00edsico entre nuestros alumnos y alumnas como elemento favorecedor de un desarrollo integral y forma de desarrollar h\u00e1bitos saludables de llenar el tiempo de ocio de nuestros j\u00f3venes.<\/li>\n<\/ul>\n<ul>\n<li style=\"text-align: justify\">Ayudar a la formaci\u00f3n de unas expectativas personales realistas y adecuadas a las motivaciones, deseos y capacidades personales.<\/li>\n<\/ul>\n<p><strong>\u00c1mbito Convivencial y de Participaci\u00f3n Democr\u00e1tica.<\/strong><\/p>\n<ul>\n<li style=\"text-align: justify\">Fomentar la implicaci\u00f3n y participaci\u00f3n de los miembros de la comunidad educativa en el proceso de ense\u00f1anza y aprendizaje del alumnado y en el funcionamiento general del Centro, a trav\u00e9s de los instrumentos de coordinaci\u00f3n entre los distintos estamentos y \u00f3rganos de la misma.<\/li>\n<li style=\"text-align: justify\">Potenciar las actividades colectivas e interculturales que fomenten el conocimiento y las relaciones entre los diferentes miembros de la comunidad educativa.<\/li>\n<li style=\"text-align: justify\">Fomentar una mayor&nbsp; <strong>participaci\u00f3n<\/strong> de la poblaci\u00f3n <strong>femenina<\/strong> en la actividad deportiva.<\/li>\n<li style=\"text-align: justify\">Fomentar actitudes y h\u00e1bitos de igualdad entre los diferentes sexos, colaborando, as\u00ed, al rechazo a la discriminaci\u00f3n en funci\u00f3n del g\u00e9nero. Para ello pondremos en pr\u00e1ctica y desarrollaremos el I Plan de Igualdad entre Hombres y Mujeres.<\/li>\n<\/ul>\n<p><strong>\u00c1mbito Psicopedag\u00f3gico.<\/strong><\/p>\n<ul>\n<li style=\"text-align: justify\">Fomentar en los alumnos y alumnas la idea del esfuerzo individual y la constancia para lograr los objetivos propuestos. Y, as\u00ed mismo, buscar la colaboraci\u00f3n de las familias.<\/li>\n<li style=\"text-align: justify\">Inducir al trabajo en grupo; aceptando los valores de la cooperaci\u00f3n y la aceptaci\u00f3n de las diferencias interpersonales.<\/li>\n<li style=\"text-align: justify\">Fomentar las habilidades comunicativas del alumnado, haciendo especial hincapi\u00e9 en las referentes al lenguaje oral.<\/li>\n<\/ul>\n<p><strong>\u00c1mbito organizativo.<\/strong><\/p>\n<ul>\n<li style=\"text-align: justify\">Procurar la participaci\u00f3n de la Comunidad Educativa en la organizaci\u00f3n, gobierno y funcionamiento del Centro.<\/li>\n<li style=\"text-align: justify\">Mantener y potenciar los Servicios Complementarios que actualmente ofrece en Centro. La sociedad actual, en la que en muchas familias trabajan ambos progenitores, demanda los servicios de Aula Matinal, Comedor y Actividades Extraescolares; unos servicios que&nbsp; permiten a esas familias conciliar su vida familiar y laboral.<\/li>\n<\/ul>\n<p style=\"text-align: justify\">A su vez el presente proyecto esta directamente relacionado con la Programaci\u00f3n de aula del \u00e1rea de Educaci\u00f3n F\u00edsica, apoy\u00e1ndola y complement\u00e1ndola.<\/p>\n<p>&nbsp;<\/td>\n<\/tr>\n<\/tbody>\n<\/table>\n<\/div>\n<\/td>\n<\/tr>\n<\/tbody>\n<\/table>\n","protected":false},"excerpt":{"rendered":"<p>&nbsp; ESCUELAS DEPORTIVAS Alumnado al que est\u00e1 destinado: Alumn@s de 1\u00ba a 6\u00ba de primaria Empresa contratada: Astigitana Educasport, S.L. ESCUELAS DEPORTIVAS Los objetivos fundamentales&hellip;<\/p>\n","protected":false},"author":3062,"featured_media":0,"parent":0,"menu_order":0,"comment_status":"open","ping_status":"open","template":"","meta":{"ngg_post_thumbnail":0,"footnotes":"","_mc_calendar":[]},"aioseo_notices":[],"_links":{"self":[{"href":"https:\/\/blogsaverroes.juntadeandalucia.es\/ceipastigi\/wp-json\/wp\/v2\/pages\/2359"}],"collection":[{"href":"https:\/\/blogsaverroes.juntadeandalucia.es\/ceipastigi\/wp-json\/wp\/v2\/pages"}],"about":[{"href":"https:\/\/blogsaverroes.juntadeandalucia.es\/ceipastigi\/wp-json\/wp\/v2\/types\/page"}],"author":[{"embeddable":true,"href":"https:\/\/blogsaverroes.juntadeandalucia.es\/ceipastigi\/wp-json\/wp\/v2\/users\/3062"}],"replies":[{"embeddable":true,"href":"https:\/\/blogsaverroes.juntadeandalucia.es\/ceipastigi\/wp-json\/wp\/v2\/comments?post=2359"}],"version-history":[{"count":6,"href":"https:\/\/blogsaverroes.juntadeandalucia.es\/ceipastigi\/wp-json\/wp\/v2\/pages\/2359\/revisions"}],"predecessor-version":[{"id":7797,"href":"https:\/\/blogsaverroes.juntadeandalucia.es\/ceipastigi\/wp-json\/wp\/v2\/pages\/2359\/revisions\/7797"}],"wp:attachment":[{"href":"https:\/\/blogsaverroes.juntadeandalucia.es\/ceipastigi\/wp-json\/wp\/v2\/media?parent=2359"}],"curies":[{"name":"wp","href":"https:\/\/api.w.org\/{rel}","templated":true}]}}