{"id":3809,"date":"2022-09-30T19:36:05","date_gmt":"2022-09-30T18:36:05","guid":{"rendered":"https:\/\/blogsaverroes.juntadeandalucia.es\/ceipatlantida\/?page_id=3809"},"modified":"2023-05-29T11:49:14","modified_gmt":"2023-05-29T10:49:14","slug":"efemerides-2022-23","status":"publish","type":"page","link":"https:\/\/blogsaverroes.juntadeandalucia.es\/ceipatlantida\/efemerides-2022-23\/","title":{"rendered":"EFEMERIDES 2022-23"},"content":{"rendered":"<p>En esta secci\u00f3n se expondr\u00e1n los trabajos, v\u00eddeos y audios que el alumnado, profesorado&nbsp; familias realizar\u00e1 en el centro durante el 2022-23.<\/p>\n<p><strong><span style=\"color: #0000ff\">VIDEO PRESENTACI\u00d3N 2022-23<\/span><\/strong><\/p>\n<p><iframe loading=\"lazy\" title=\"VIDEO PRESENTACI\u00d3N 22 23\" width=\"500\" height=\"281\" src=\"https:\/\/www.youtube.com\/embed\/gDUVa35vSsI?feature=oembed&#038;wmode=opaque\" frameborder=\"0\" allow=\"accelerometer; autoplay; clipboard-write; encrypted-media; gyroscope; picture-in-picture; web-share\" referrerpolicy=\"strict-origin-when-cross-origin\" allowfullscreen><\/iframe><\/p>\n<p><strong><span style=\"color: #0000ff\">HALLOWEEN<\/span><\/strong><\/p>\n<p><iframe loading=\"lazy\" title=\"HALLOWEEN EN EL CEIP ATL\u00c1NTIDA. CURSO 2022-2023\" width=\"500\" height=\"281\" src=\"https:\/\/www.youtube.com\/embed\/bRgibeCsXvo?start=30&#038;feature=oembed&#038;wmode=opaque\" frameborder=\"0\" allow=\"accelerometer; autoplay; clipboard-write; encrypted-media; gyroscope; picture-in-picture; web-share\" referrerpolicy=\"strict-origin-when-cross-origin\" allowfullscreen><\/iframe><\/p>\n<p><span style=\"color: #0000ff\"><strong>CONCURSO HALLOTO\u00d1O<\/strong><\/span><\/p>\n<p><iframe loading=\"lazy\" title=\"CONCURSO HALLOTO\u00d1O MUSICALIZADO\" width=\"500\" height=\"281\" src=\"https:\/\/www.youtube.com\/embed\/uEY06ZFSif8?feature=oembed&#038;wmode=opaque\" frameborder=\"0\" allow=\"accelerometer; autoplay; clipboard-write; encrypted-media; gyroscope; picture-in-picture; web-share\" referrerpolicy=\"strict-origin-when-cross-origin\" allowfullscreen><\/iframe><\/p>\n<p><strong><span style=\"color: #0000ff\">D\u00cdA DEL FLAMENCO<\/span><\/strong><\/p>\n<p><iframe loading=\"lazy\" title=\"D\u00cdA DEL FLAMENCO CEIP ATL\u00c1NTIDA 22-23\" width=\"500\" height=\"281\" src=\"https:\/\/www.youtube.com\/embed\/bZusFZU5Xgo?feature=oembed&#038;wmode=opaque\" frameborder=\"0\" allow=\"accelerometer; autoplay; clipboard-write; encrypted-media; gyroscope; picture-in-picture; web-share\" referrerpolicy=\"strict-origin-when-cross-origin\" allowfullscreen><\/iframe><\/p>\n<p>&nbsp;<\/p>\n<p><span style=\"color: #0000ff\"><strong>D\u00cdA DEL LIBRO<\/strong><\/span><\/p>\n<p><iframe loading=\"lazy\" title=\"&quot;D\u00eda del Libro&quot; 23 abril de 2023.\" width=\"500\" height=\"375\" src=\"https:\/\/www.youtube.com\/embed\/6MTe9WC319s?feature=oembed&#038;wmode=opaque\" frameborder=\"0\" allow=\"accelerometer; autoplay; clipboard-write; encrypted-media; gyroscope; picture-in-picture; web-share\" referrerpolicy=\"strict-origin-when-cross-origin\" allowfullscreen><\/iframe><\/p>\n<p><strong><span style=\"color: #0000ff\">D\u00cdA DE LA FAMILIA<\/span><\/strong><\/p>\n<p><iframe loading=\"lazy\" title=\"D\u00cdA DE LA FAMILIA CURSO 22\/23 EN EL CEIP ATL\u00c1NTIDA\" width=\"500\" height=\"281\" src=\"https:\/\/www.youtube.com\/embed\/xaCNLkMlros?feature=oembed&#038;wmode=opaque\" frameborder=\"0\" allow=\"accelerometer; autoplay; clipboard-write; encrypted-media; gyroscope; picture-in-picture; web-share\" referrerpolicy=\"strict-origin-when-cross-origin\" allowfullscreen><\/iframe><\/p>\n<p><span style=\"color: #0000ff\"><strong>DIN\u00c1MICA DEL SILENCIO<\/strong><\/span><\/p>\n<p><iframe loading=\"lazy\" title=\"DIN\u00c1MICA &quot;SEM\u00c1FORO DEL SILENCIO&quot; EN EL CEIP ATL\u00c1NTIDA\" width=\"500\" height=\"281\" src=\"https:\/\/www.youtube.com\/embed\/PpZVX6HrF0I?feature=oembed&#038;wmode=opaque\" frameborder=\"0\" allow=\"accelerometer; autoplay; clipboard-write; encrypted-media; gyroscope; picture-in-picture; web-share\" referrerpolicy=\"strict-origin-when-cross-origin\" allowfullscreen><\/iframe><\/p>\n<p><span style=\"color: #0000ff\"><strong>PROGRAMA RETO &#8211; ALUMNADO MEDIADOR<\/strong><\/span><\/p>\n<p><iframe loading=\"lazy\" title=\"Mediaci\u00f3n Escolar en el CEIP &quot;La Atl\u00e1ntida&quot;.\" width=\"500\" height=\"375\" src=\"https:\/\/www.youtube.com\/embed\/95R2HKp5Yw4?feature=oembed&#038;wmode=opaque\" frameborder=\"0\" allow=\"accelerometer; autoplay; clipboard-write; encrypted-media; gyroscope; picture-in-picture; web-share\" referrerpolicy=\"strict-origin-when-cross-origin\" allowfullscreen><\/iframe><\/p>\n<p><strong><span style=\"color: #0000ff\">LIGA DE DEBATE<\/span><\/strong><\/p>\n<p><iframe loading=\"lazy\" title=\"I Liga de Debate La Atl\u00e1ntida (LIDLA)\" width=\"500\" height=\"281\" src=\"https:\/\/www.youtube.com\/embed\/2zhj5WKeWBo?start=1&#038;feature=oembed&#038;wmode=opaque\" frameborder=\"0\" allow=\"accelerometer; autoplay; clipboard-write; encrypted-media; gyroscope; picture-in-picture; web-share\" referrerpolicy=\"strict-origin-when-cross-origin\" allowfullscreen><\/iframe><\/p>\n<p><strong><span style=\"color: #0000ff\">EL \u00c1RBOL DE LOS DESEOS<\/span><\/strong><\/p>\n<p><iframe loading=\"lazy\" title=\"DIN\u00c1MICA &quot;EL \u00c1RBOL DE LOS DESEOS&quot;\" width=\"500\" height=\"281\" src=\"https:\/\/www.youtube.com\/embed\/cg2Tu2kgpVE?feature=oembed&#038;wmode=opaque\" frameborder=\"0\" allow=\"accelerometer; autoplay; clipboard-write; encrypted-media; gyroscope; picture-in-picture; web-share\" referrerpolicy=\"strict-origin-when-cross-origin\" allowfullscreen><\/iframe><\/p>\n<p>&nbsp;<\/p>\n","protected":false},"excerpt":{"rendered":"<p>En esta secci\u00f3n se expondr\u00e1n los trabajos, v\u00eddeos y audios que el alumnado, profesorado&nbsp; familias realizar\u00e1 en el centro durante el 2022-23. VIDEO PRESENTACI\u00d3N 2022-23 HALLOWEEN CONCURSO HALLOTO\u00d1O D\u00cdA DEL FLAMENCO &nbsp; D\u00cdA DEL&#46;&#46;&#46;<\/p>\n","protected":false},"author":8119,"featured_media":0,"parent":0,"menu_order":0,"comment_status":"closed","ping_status":"closed","template":"","meta":{"ngg_post_thumbnail":0,"footnotes":"","_mc_calendar":[]},"aioseo_notices":[],"_links":{"self":[{"href":"https:\/\/blogsaverroes.juntadeandalucia.es\/ceipatlantida\/wp-json\/wp\/v2\/pages\/3809"}],"collection":[{"href":"https:\/\/blogsaverroes.juntadeandalucia.es\/ceipatlantida\/wp-json\/wp\/v2\/pages"}],"about":[{"href":"https:\/\/blogsaverroes.juntadeandalucia.es\/ceipatlantida\/wp-json\/wp\/v2\/types\/page"}],"author":[{"embeddable":true,"href":"https:\/\/blogsaverroes.juntadeandalucia.es\/ceipatlantida\/wp-json\/wp\/v2\/users\/8119"}],"replies":[{"embeddable":true,"href":"https:\/\/blogsaverroes.juntadeandalucia.es\/ceipatlantida\/wp-json\/wp\/v2\/comments?post=3809"}],"version-history":[{"count":12,"href":"https:\/\/blogsaverroes.juntadeandalucia.es\/ceipatlantida\/wp-json\/wp\/v2\/pages\/3809\/revisions"}],"predecessor-version":[{"id":4019,"href":"https:\/\/blogsaverroes.juntadeandalucia.es\/ceipatlantida\/wp-json\/wp\/v2\/pages\/3809\/revisions\/4019"}],"wp:attachment":[{"href":"https:\/\/blogsaverroes.juntadeandalucia.es\/ceipatlantida\/wp-json\/wp\/v2\/media?parent=3809"}],"curies":[{"name":"wp","href":"https:\/\/api.w.org\/{rel}","templated":true}]}}

<p>En esta sección se expondrán los trabajos, vídeos y audios que el alumnado, profesorado&nbsp; familias realizará en el centro durante el 2022-23.</p>
<p><strong><span style="color: #0000ff">VIDEO PRESENTACIÓN 2022-23</span></strong></p>
<p><iframe loading="lazy" title="VIDEO PRESENTACIÓN 22 23" width="500" height="281" src="https://www.youtube.com/embed/gDUVa35vSsI?feature=oembed&#038;wmode=opaque" frameborder="0" allow="accelerometer; autoplay; clipboard-write; encrypted-media; gyroscope; picture-in-picture; web-share" referrerpolicy="strict-origin-when-cross-origin" allowfullscreen></iframe></p>
<p><strong><span style="color: #0000ff">HALLOWEEN</span></strong></p>
<p><iframe loading="lazy" title="HALLOWEEN EN EL CEIP ATLÁNTIDA. CURSO 2022-2023" width="500" height="281" src="https://www.youtube.com/embed/bRgibeCsXvo?start=30&#038;feature=oembed&#038;wmode=opaque" frameborder="0" allow="accelerometer; autoplay; clipboard-write; encrypted-media; gyroscope; picture-in-picture; web-share" referrerpolicy="strict-origin-when-cross-origin" allowfullscreen></iframe></p>
<p><span style="color: #0000ff"><strong>CONCURSO HALLOTOÑO</strong></span></p>
<p><iframe loading="lazy" title="CONCURSO HALLOTOÑO MUSICALIZADO" width="500" height="281" src="https://www.youtube.com/embed/uEY06ZFSif8?feature=oembed&#038;wmode=opaque" frameborder="0" allow="accelerometer; autoplay; clipboard-write; encrypted-media; gyroscope; picture-in-picture; web-share" referrerpolicy="strict-origin-when-cross-origin" allowfullscreen></iframe></p>
<p><strong><span style="color: #0000ff">DÍA DEL FLAMENCO</span></strong></p>
<p><iframe loading="lazy" title="DÍA DEL FLAMENCO CEIP ATLÁNTIDA 22-23" width="500" height="281" src="https://www.youtube.com/embed/bZusFZU5Xgo?feature=oembed&#038;wmode=opaque" frameborder="0" allow="accelerometer; autoplay; clipboard-write; encrypted-media; gyroscope; picture-in-picture; web-share" referrerpolicy="strict-origin-when-cross-origin" allowfullscreen></iframe></p>
<p>&nbsp;</p>
<p><span style="color: #0000ff"><strong>DÍA DEL LIBRO</strong></span></p>
<p><iframe loading="lazy" title="&quot;Día del Libro&quot; 23 abril de 2023." width="500" height="375" src="https://www.youtube.com/embed/6MTe9WC319s?feature=oembed&#038;wmode=opaque" frameborder="0" allow="accelerometer; autoplay; clipboard-write; encrypted-media; gyroscope; picture-in-picture; web-share" referrerpolicy="strict-origin-when-cross-origin" allowfullscreen></iframe></p>
<p><strong><span style="color: #0000ff">DÍA DE LA FAMILIA</span></strong></p>
<p><iframe loading="lazy" title="DÍA DE LA FAMILIA CURSO 22/23 EN EL CEIP ATLÁNTIDA" width="500" height="281" src="https://www.youtube.com/embed/xaCNLkMlros?feature=oembed&#038;wmode=opaque" frameborder="0" allow="accelerometer; autoplay; clipboard-write; encrypted-media; gyroscope; picture-in-picture; web-share" referrerpolicy="strict-origin-when-cross-origin" allowfullscreen></iframe></p>
<p><span style="color: #0000ff"><strong>DINÁMICA DEL SILENCIO</strong></span></p>
<p><iframe loading="lazy" title="DINÁMICA &quot;SEMÁFORO DEL SILENCIO&quot; EN EL CEIP ATLÁNTIDA" width="500" height="281" src="https://www.youtube.com/embed/PpZVX6HrF0I?feature=oembed&#038;wmode=opaque" frameborder="0" allow="accelerometer; autoplay; clipboard-write; encrypted-media; gyroscope; picture-in-picture; web-share" referrerpolicy="strict-origin-when-cross-origin" allowfullscreen></iframe></p>
<p><span style="color: #0000ff"><strong>PROGRAMA RETO &#8211; ALUMNADO MEDIADOR</strong></span></p>
<p><iframe loading="lazy" title="Mediación Escolar en el CEIP &quot;La Atlántida&quot;." width="500" height="375" src="https://www.youtube.com/embed/95R2HKp5Yw4?feature=oembed&#038;wmode=opaque" frameborder="0" allow="accelerometer; autoplay; clipboard-write; encrypted-media; gyroscope; picture-in-picture; web-share" referrerpolicy="strict-origin-when-cross-origin" allowfullscreen></iframe></p>
<p><strong><span style="color: #0000ff">LIGA DE DEBATE</span></strong></p>
<p><iframe loading="lazy" title="I Liga de Debate La Atlántida (LIDLA)" width="500" height="281" src="https://www.youtube.com/embed/2zhj5WKeWBo?start=1&#038;feature=oembed&#038;wmode=opaque" frameborder="0" allow="accelerometer; autoplay; clipboard-write; encrypted-media; gyroscope; picture-in-picture; web-share" referrerpolicy="strict-origin-when-cross-origin" allowfullscreen></iframe></p>
<p><strong><span style="color: #0000ff">EL ÁRBOL DE LOS DESEOS</span></strong></p>
<p><iframe loading="lazy" title="DINÁMICA &quot;EL ÁRBOL DE LOS DESEOS&quot;" width="500" height="281" src="https://www.youtube.com/embed/cg2Tu2kgpVE?feature=oembed&#038;wmode=opaque" frameborder="0" allow="accelerometer; autoplay; clipboard-write; encrypted-media; gyroscope; picture-in-picture; web-share" referrerpolicy="strict-origin-when-cross-origin" allowfullscreen></iframe></p>
<p>&nbsp;</p>

<p>En esta sección se expondrán los trabajos, vídeos y audios que el alumnado, profesorado&nbsp; familias realizará en el centro durante el 2022-23. VIDEO PRESENTACIÓN 2022-23 HALLOWEEN CONCURSO HALLOTOÑO DÍA DEL FLAMENCO &nbsp; DÍA DEL&#46;&#46;&#46;</p>
