{"id":3905,"date":"2023-02-06T08:45:46","date_gmt":"2023-02-06T07:45:46","guid":{"rendered":"https:\/\/blogsaverroes.juntadeandalucia.es\/ceipatlantida\/?page_id=3905"},"modified":"2026-01-22T14:19:35","modified_gmt":"2026-01-22T13:19:35","slug":"coordinaciones","status":"publish","type":"page","link":"https:\/\/blogsaverroes.juntadeandalucia.es\/ceipatlantida\/coordinaciones\/","title":{"rendered":"Coordinaciones"},"content":{"rendered":"<p><strong><span style=\"color: #0000ff\">COORDINADORES DE CICLO<\/span><\/strong><\/p>\n<p><b>ASIGNACI\u00d3N DE COORDINADORES DE CICLO, PLANES, PROGRAMAS Y PROYECTOS<\/b><\/p>\n<table width=\"100%\" cellspacing=\"0\" cellpadding=\"4\">\n<colgroup>\n<col width=\"129*\">\n<col width=\"127*\"> <\/colgroup>\n<tbody>\n<tr valign=\"top\">\n<td bgcolor=\"#aadcf7\" width=\"51%\"><span style=\"color: #000000;font-size: small\"><b>Ana Mar\u00eda Mora Estrada<\/b><\/span><\/td>\n<td width=\"49%\"><span style=\"color: #000000;font-size: small\"><b>Isabel M\u00aa Beltr\u00e1n Bellido<\/b><\/span><\/td>\n<\/tr>\n<tr valign=\"top\">\n<td bgcolor=\"#aadcf7\" width=\"51%\"><span style=\"color: #000000\"><span style=\"font-size: small\"><b>COORDINADORA DE 1ER. CICLO DE PRIMARIA<\/b><\/span><\/span><\/td>\n<td width=\"49%\"><span style=\"color: #000000\"><span style=\"font-size: small\"><b>Monserrat Cabo Bernal<\/b><\/span><\/span><\/td>\n<\/tr>\n<tr valign=\"top\">\n<td bgcolor=\"#aadcf7\" width=\"51%\"><span style=\"color: #000000\"><span style=\"font-size: small\"><b>COORDINADORA DE 2\u00ba CICLO DE PRIMARIA<\/b><\/span><\/span><\/td>\n<td width=\"49%\"><span style=\"color: #000000;font-size: small\"><b>Ana Mar\u00eda Mora Estrada<\/b><\/span><\/td>\n<\/tr>\n<tr valign=\"top\">\n<td bgcolor=\"#aadcf7\" width=\"51%\">&nbsp;<\/td>\n<td width=\"49%\"><span style=\"color: #000000;font-size: small\"><b>Gloria Fern\u00e1ndez Ruiz<\/b><\/span><\/td>\n<\/tr>\n<tr valign=\"top\">\n<td bgcolor=\"#aadcf7\" width=\"51%\"><span style=\"color: #000000\"><span style=\"font-family: Liberation Serif, serif\"><span style=\"font-size: small\"><b>COORDINADORA DEL EQUIPO DE ORIENTACI\u00d3N<\/b><\/span><\/span><\/span><\/td>\n<td width=\"49%\"><span style=\"color: #000000;font-size: small\"><b>D\u00e9bora V\u00e1zquez Romero<\/b><\/span><\/td>\n<\/tr>\n<\/tbody>\n<\/table>\n<p><strong><span style=\"color: #0000ff\">COORDINADORES DE PLANES Y PROGRAMAS<\/span><\/strong><\/p>\n<table style=\"width: 100%;height: 1251px\" width=\"100%\" cellspacing=\"0\" cellpadding=\"4\">\n<colgroup>\n<col width=\"85*\">\n<col width=\"85*\">\n<col width=\"85*\"> <\/colgroup>\n<tbody>\n<tr style=\"height: 56px\" valign=\"top\">\n<td style=\"height: 56px\" bgcolor=\"#ffd74c\" width=\"33%\">\n<p align=\"center\"><span style=\"font-size: small\"><b>PROGRAMA<\/b><\/span><\/p>\n<\/td>\n<td style=\"height: 56px\" bgcolor=\"#ffd74c\" width=\"33%\">\n<p align=\"center\"><span style=\"font-size: small\"><b>COORDINADOR<\/b><\/span><\/p>\n<\/td>\n<td style=\"height: 56px\" bgcolor=\"#ffd74c\" width=\"33%\">\n<p align=\"center\"><span style=\"font-size: small\"><b>PARTICIPANTES<\/b><\/span><\/p>\n<\/td>\n<\/tr>\n<tr style=\"height: 56px\" valign=\"top\">\n<td style=\"height: 56px\" bgcolor=\"#fde9a9\" width=\"33%\"><span style=\"font-size: small\"><b>PLAN DE APERTURA DE CENTROS DOCENTES<\/b><\/span><\/td>\n<td style=\"height: 56px\" width=\"33%\">\n<p align=\"center\"><span style=\"font-family: Liberation Serif, serif;font-size: small\">Esther R\u00edos Mart\u00edn<\/span><\/p>\n<\/td>\n<td style=\"height: 56px\" bgcolor=\"#ffd74c\" width=\"33%\">&nbsp;<\/td>\n<\/tr>\n<tr style=\"height: 56px\" valign=\"top\">\n<td style=\"height: 56px\" bgcolor=\"#fde9a9\" width=\"33%\"><span style=\"font-size: small\"><b>PLAN DE SALUD LABORAL Y PREVENCI\u00d3N DE RIESGOS LABORALES<\/b><\/span><\/td>\n<td style=\"height: 56px\" width=\"33%\">\n<p align=\"center\"><span style=\"font-family: Liberation Serif, serif;font-size: small\">Esther R\u00edos Mart\u00edn<\/span><\/p>\n<\/td>\n<td style=\"height: 56px\" bgcolor=\"#ffd74c\" width=\"33%\">\n<p align=\"center\"><span style=\"font-size: small\">CLAUSTRO<\/span><\/p>\n<\/td>\n<\/tr>\n<tr style=\"height: 56px\" valign=\"top\">\n<td style=\"height: 56px\" bgcolor=\"#fde9a9\" width=\"33%\"><span style=\"font-size: small\"><b>PLAN DE ESCUELA ESPACIO DE PAZ (AULA DE ACOMPA\u00d1AMIENTO EMOCIONAL)<\/b><\/span><\/td>\n<td style=\"height: 56px\" width=\"33%\">\n<p align=\"center\"><span style=\"color: #000000\"><span style=\"font-family: Liberation Serif, serif\"><span style=\"font-size: small\">Sara Quintana Morales<\/span><\/span><\/span><\/p>\n<\/td>\n<td style=\"height: 56px\" width=\"33%\">\n<p align=\"center\"><span style=\"font-size: small\">CLAUSTRO<\/span><\/p>\n<\/td>\n<\/tr>\n<tr style=\"height: 56px\" valign=\"top\">\n<td style=\"height: 56px\" bgcolor=\"#fde9a9\" width=\"33%\"><span style=\"font-size: small\"><b>PLAN DE IGUALDAD DE G\u00c9NERO EN EDUCACI\u00d3N<\/b><\/span><\/td>\n<td style=\"height: 56px\" width=\"33%\">\n<p align=\"center\"><span style=\"color: #000000;font-family: Liberation Serif, serif;font-size: small\">Isabel M\u00aa Peralta P\u00e9rez<\/span><\/p>\n<\/td>\n<td style=\"height: 56px\" bgcolor=\"#ffd74c\" width=\"33%\">\n<p align=\"center\"><span style=\"font-size: small\">CLAUSTRO<\/span><\/p>\n<\/td>\n<\/tr>\n<tr style=\"height: 56px\" valign=\"top\">\n<td style=\"height: 56px\" bgcolor=\"#fde9a9\" width=\"33%\"><span style=\"font-size: small\"><b>ORGANIZACI\u00d3N Y FUNCIONAMIENTO DE BIBLIOTECAS ESCOLARES<\/b><\/span><\/td>\n<td style=\"height: 56px\" width=\"33%\">\n<p align=\"center\"><span style=\"font-family: Liberation Serif, serif;font-size: small\">Cristina Vera Torrej\u00f3n<\/span><\/p>\n<\/td>\n<td style=\"height: 56px\" width=\"33%\">\n<p align=\"center\"><span style=\"font-size: small\">Equipo de Apoyo de Biblioteca: 10 <\/span><\/p>\n<\/td>\n<\/tr>\n<tr style=\"height: 56px\" valign=\"top\">\n<td style=\"height: 56px\" bgcolor=\"#fde9a9\" width=\"33%\"><span style=\"color: #000000\"><span style=\"font-size: small\"><b>PROA + TRANSF\u00d3RMATE <\/b><\/span><\/span><\/td>\n<td style=\"height: 56px\" width=\"33%\">\n<p align=\"center\"><span style=\"font-family: Liberation Serif, serif\"><span style=\"font-size: small\">Rosado Bernal, \u00c1lvaro<\/span><\/span><\/p>\n<\/td>\n<td style=\"height: 56px\" bgcolor=\"#ffd74c\" width=\"33%\">\n<p align=\"center\"><span style=\"font-size: small\">CLAUSTRO<\/span><\/p>\n<\/td>\n<\/tr>\n<tr style=\"height: 56px\" valign=\"top\">\n<td style=\"height: 56px\" bgcolor=\"#fde9a9\" width=\"33%\"><span style=\"font-size: small\"><b>PR\u00c1CTICUM GRADO MAESTRO<\/b><\/span><\/td>\n<td style=\"height: 56px\" width=\"33%\">\n<p align=\"center\"><span style=\"font-family: Liberation Serif, serif\"><span style=\"font-size: small\">Rosado Bernal, \u00c1lvaro<\/span><\/span><\/p>\n<\/td>\n<td style=\"height: 56px\" bgcolor=\"#ffd74c\" width=\"33%\">\n<p align=\"center\"><span style=\"font-size: small\">CLAUSTRO<\/span><\/p>\n<\/td>\n<\/tr>\n<tr style=\"height: 136px\" valign=\"top\">\n<td style=\"height: 136px\" bgcolor=\"#fde9a9\" width=\"33%\"><span style=\"font-size: small\"><b>TRANSFORMACI\u00d3N DIGITAL EDUCATIVA (TDE)<\/b><\/span><\/td>\n<td style=\"height: 136px\" width=\"33%\">\n<p align=\"center\"><span style=\"font-size: small\">\u00c1lvaro Rosado Bernal<\/span><\/p>\n<\/td>\n<td style=\"height: 136px\" width=\"33%\">\n<p align=\"center\"><span style=\"font-size: small\">Equipo TDE:<\/span><\/p>\n<p align=\"center\">Manuel Tom\u00e1s M\u00e1rquez Garrido<\/p>\n<p align=\"center\"><span style=\"font-size: small\">Mar\u00eda L\u00f3pez Mart\u00edn<\/span><\/p>\n<\/td>\n<\/tr>\n<tr style=\"height: 56px\" valign=\"top\">\n<td style=\"height: 56px\" bgcolor=\"#fde9a9\" width=\"33%\"><span style=\"font-size: small\"><b>STEAM 2.0<\/b><\/span><\/td>\n<td style=\"height: 56px\" width=\"33%\">\n<p align=\"center\"><span style=\"font-family: Liberation Serif, serif\"><span style=\"font-size: small\">Manuel Tom\u00e1s M\u00e1rquez Garrido<\/span><\/span><\/p>\n<\/td>\n<td style=\"height: 56px\" width=\"33%\">\n<p align=\"center\"><span style=\"font-size: small\">CLAUSTRO<\/span><\/p>\n<\/td>\n<\/tr>\n<tr style=\"height: 56px\" valign=\"top\">\n<td style=\"height: 56px\" bgcolor=\"#fde9a9\" width=\"33%\"><span style=\"font-size: small\"><b>PACTO DE ESTADO CONTRA LA VIOLENCIA DE G\u00c9NERO<\/b><\/span><\/td>\n<td style=\"height: 56px\" width=\"33%\">\n<p align=\"center\"><span style=\"color: #000000;font-family: Liberation Serif, serif;font-size: small\">Isabel M\u00aa Peralta P\u00e9rez<\/span><\/p>\n<\/td>\n<td style=\"height: 56px\" bgcolor=\"#ffd74c\" width=\"33%\">\n<p align=\"center\"><span style=\"font-size: small\">CLAUSTRO<\/span><\/p>\n<\/td>\n<\/tr>\n<tr style=\"height: 56px\" valign=\"top\">\n<td style=\"height: 56px\" bgcolor=\"#fde9a9\" width=\"33%\"><span style=\"font-size: small\"><b>PROGRAMA DE H\u00c1BITOS SALUDABLES: CRECIENDO EN SALUD<\/b><\/span><\/td>\n<td style=\"height: 56px\" width=\"33%\">\n<p align=\"center\"><span style=\"color: #000000;font-family: Liberation Serif, serif;font-size: small\">D\u00e9bora V\u00e1zquez Romero<\/span><\/p>\n<\/td>\n<td style=\"height: 56px\" bgcolor=\"#ffd74c\" width=\"33%\">\n<p align=\"center\"><span style=\"font-size: small\">CLAUSTRO<\/span><\/p>\n<\/td>\n<\/tr>\n<tr style=\"height: 56px\" valign=\"top\">\n<td style=\"height: 56px\" bgcolor=\"#fde9a9\" width=\"33%\"><span style=\"font-size: small\"><b>PROYECTO ALDEA A: MODALIDAD A\/B (HUERTO ESCOLAR)<\/b><\/span><\/td>\n<td style=\"height: 56px\" width=\"33%\">\n<p align=\"center\"><span style=\"color: #000000\"><span style=\"font-family: Liberation Serif, serif\"><span style=\"font-size: small\">Isabel M.\u00aa Peralta <\/span><\/span><\/span><\/p>\n<\/td>\n<td style=\"height: 56px\" width=\"33%\">\n<p align=\"center\"><span style=\"font-size: small\">CLAUSTRO<\/span><\/p>\n<\/td>\n<\/tr>\n<tr style=\"height: 56px\" valign=\"top\">\n<td style=\"height: 56px\" bgcolor=\"#fde9a9\" width=\"33%\" height=\"21\"><span style=\"font-size: small\"><b>PROGRAMA FORMACI\u00d3N DEL PROFESORADO<\/b><\/span><\/td>\n<td style=\"height: 56px\" width=\"33%\">\n<p align=\"center\"><span style=\"font-size: small\">\u00c1lvaro Rosado Bernal<\/span><\/p>\n<\/td>\n<td style=\"height: 56px\" width=\"33%\">\n<p align=\"center\"><span style=\"font-size: small\">CLAUSTRO<\/span><\/p>\n<\/td>\n<\/tr>\n<tr style=\"height: 56px\" valign=\"top\">\n<td style=\"height: 56px\" bgcolor=\"#fde9a9\" width=\"33%\" height=\"21\"><span style=\"color: #000000\"><span style=\"font-size: small\"><b>PERSONA EXPERTA EN MATERIA DE G\u00c9NERO<\/b><\/span><\/span><\/td>\n<td style=\"height: 56px\" width=\"33%\">\n<p align=\"center\"><span style=\"font-family: Liberation Serif, serif;font-size: small\">Cristina Vera Torrej\u00f3n<\/span><\/p>\n<\/td>\n<td style=\"height: 56px\" bgcolor=\"#ffd74c\" width=\"33%\">&nbsp;<\/td>\n<\/tr>\n<tr style=\"height: 56px\" valign=\"top\">\n<td style=\"height: 56px\" bgcolor=\"#fde9a9\" width=\"33%\" height=\"21\"><span style=\"font-size: small\"><b>PROA<\/b><\/span><\/td>\n<td style=\"height: 56px\" width=\"33%\">\n<p align=\"center\"><span style=\"color: #000000\"><span style=\"font-family: Liberation Serif, serif\"><span style=\"font-size: small\">Cristina Vera Torrej\u00f3n<\/span><\/span><\/span><\/p>\n<\/td>\n<td style=\"height: 56px\" bgcolor=\"#ffd74c\" width=\"33%\">&nbsp;<\/td>\n<\/tr>\n<tr style=\"height: 56px\" valign=\"top\">\n<td style=\"height: 56px\" bgcolor=\"#fde9a9\" width=\"33%\" height=\"21\"><span style=\"font-size: small\"><b>PREX<\/b><\/span><\/td>\n<td style=\"height: 56px\" width=\"33%\">\n<p align=\"center\"><span style=\"color: #000000;font-family: Liberation Serif, serif;font-size: small\">Antonio De Alba Canto<\/span><\/p>\n<\/td>\n<td style=\"height: 56px\" bgcolor=\"#ffd74c\" width=\"33%\">&nbsp;<\/td>\n<\/tr>\n<tr style=\"height: 56px\" valign=\"top\">\n<td style=\"height: 56px\" bgcolor=\"#fde9a9\" width=\"33%\" height=\"21\"><span style=\"font-size: small\"><b>PROYECTO DE INNOVACI\u00d3N ELABORACI\u00d3N DE MATERIALES CURRICULARES \u201cDUADIG EN EL CEIP LA ATL\u00c1NTIDA\u201d<\/b><\/span><\/td>\n<td style=\"height: 56px\" width=\"33%\">\n<p align=\"center\"><span style=\"font-size: small\">\u00c1lvaro Rosado Bernal<\/span><\/p>\n<\/td>\n<td style=\"height: 56px\" bgcolor=\"#ffd74c\" width=\"33%\">\n<p align=\"center\">&nbsp;<\/p>\n<\/td>\n<\/tr>\n<tr style=\"height: 56px\" valign=\"top\">\n<td style=\"height: 56px\" bgcolor=\"#fde9a9\" width=\"33%\" height=\"21\"><span style=\"font-size: small\"><b>AULAS VERDES ABIERTAS<\/b><\/span><\/td>\n<td style=\"height: 56px\" width=\"33%\">\n<p align=\"center\"><span style=\"font-size: small\">\u00c1lvaro Rosado Bernal<\/span><\/p>\n<\/td>\n<td style=\"height: 56px\" bgcolor=\"#ffd74c\" width=\"33%\">&nbsp;<\/td>\n<\/tr>\n<tr style=\"height: 51px\" valign=\"top\">\n<td style=\"height: 51px\" bgcolor=\"#fde9a9\" width=\"33%\" height=\"21\"><span style=\"font-size: small\"><b>INVESTIGA Y DESCUBRE<\/b><\/span><\/td>\n<td style=\"height: 51px\" width=\"33%\">\n<p align=\"center\"><span style=\"font-size: small\">\u00c1lvaro Rosado Bernal<\/span><\/p>\n<\/td>\n<td style=\"height: 51px\" bgcolor=\"#ffd74c\" width=\"33%\">\n<p align=\"center\"><span style=\"color: #000000\"><span style=\"font-family: Liberation Serif, serif\"><span style=\"font-size: small\">M\u00e1rquez Garrido, Manuel Tom\u00e1s<\/span><\/span><\/span><\/p>\n<p align=\"center\"><span style=\"color: #000000\"><span style=\"font-family: Liberation Serif, serif\"><span style=\"font-size: small\">Rosado Bernal, \u00c1lvaro<\/span><\/span><\/span><\/p>\n<\/td>\n<\/tr>\n<tr style=\"height: 56px\" valign=\"top\">\n<td style=\"height: 56px\" bgcolor=\"#fde9a9\" width=\"33%\" height=\"20\"><span style=\"font-size: small\"><b>+ DEPORTE<\/b><\/span><\/td>\n<td style=\"height: 56px\" width=\"33%\">\n<p align=\"center\"><span style=\"color: #000000\"><span style=\"font-family: Liberation Serif, serif\"><span style=\"font-size: small\">Francisco J. Rodr\u00edguez Osuna<\/span><\/span><\/span><\/p>\n<\/td>\n<td style=\"height: 56px\" bgcolor=\"#ffd74c\" width=\"33%\">&nbsp;<\/td>\n<\/tr>\n<\/tbody>\n<\/table>\n<table width=\"100%\" cellspacing=\"0\" cellpadding=\"4\">\n<colgroup>\n<col width=\"85*\">\n<col width=\"171*\"> <\/colgroup>\n<tbody>\n<tr valign=\"top\">\n<td bgcolor=\"#ffd74c\" width=\"33%\">\n<p align=\"center\"><b>COMISI\u00d3N <\/b><\/p>\n<\/td>\n<td bgcolor=\"#ffd74c\" width=\"67%\">\n<p align=\"center\"><b>RESPONSABLE <\/b><\/p>\n<\/td>\n<\/tr>\n<tr valign=\"top\">\n<td bgcolor=\"#fde9a9\" width=\"33%\"><b>MATERIAL DEPORTIVO<\/b><\/td>\n<td width=\"67%\"><span style=\"font-family: Liberation Serif, serif\"><span style=\"font-size: small\">Sara Quintana Morales, Francisco J. Rodr\u00edguez Osuna.<\/span><\/span><\/td>\n<\/tr>\n<tr valign=\"top\">\n<td bgcolor=\"#fde9a9\" width=\"33%\"><b>MATERIAL AULA DE RECURSOS<\/b><\/td>\n<td width=\"67%\">Mila Andreu Guerrero, Catalina Olmedo y Esther R\u00edos.<\/td>\n<\/tr>\n<tr valign=\"top\">\n<td bgcolor=\"#fde9a9\" width=\"33%\"><b>REPROGRAF\u00cdA<\/b><\/td>\n<td width=\"67%\"><span style=\"font-size: small\">Mart\u00ednez G\u00f3mez, J. Enrique.<\/span><\/td>\n<\/tr>\n<tr valign=\"top\">\n<td bgcolor=\"#fde9a9\" width=\"33%\"><b>TABL\u00d3N DE ANUNCIOS<\/b><\/td>\n<td width=\"67%\"><span style=\"font-family: Liberation Serif, serif\"><span style=\"font-size: small\">Mar\u00edn S\u00e1nchez, Susana.<\/span><\/span><\/td>\n<\/tr>\n<tr valign=\"top\">\n<td bgcolor=\"#fde9a9\" width=\"33%\"><b>DECORACI\u00d3N DE PASILLOS<\/b><\/td>\n<td width=\"67%\"><span style=\"font-family: Liberation Serif, serif\"><span style=\"font-size: small\">Mar\u00edn S\u00e1nchez, Susana.<\/span><\/span><\/td>\n<\/tr>\n<tr valign=\"top\">\n<td bgcolor=\"#fde9a9\" width=\"33%\"><b>PROYECTO ARMON\u00cdA<\/b><\/td>\n<td width=\"67%\">\u00c1lvaro Rosado, Gloria Fern\u00e1ndez, Manuel T. M\u00e1rquez, Amaia Zamora e Isabel Peralta.<\/td>\n<\/tr>\n<tr valign=\"top\">\n<td bgcolor=\"#fde9a9\" width=\"33%\" height=\"116\"><b>COMISI\u00d3N DE CONVIVENCIA ENTRE EL PROFESORADO<\/b><\/td>\n<td width=\"67%\">Esther R\u00edos, Isabel Peralta, D\u00e9bora V\u00e1zquez, Ana M\u00aa Mora, Manuel Tom\u00e1s M\u00e1rquez, Catalina Olmedo, Amaia Zamora, Francisco Jes\u00fas Rodr\u00edguez, Isabel Beltr\u00e1n, Gloria Fern\u00e1ndez Ruiz, Chari Vel\u00e1zquez y M\u00aa Jes\u00fas.<\/td>\n<\/tr>\n<\/tbody>\n<\/table>\n<p>&nbsp;<\/p>\n","protected":false},"excerpt":{"rendered":"<p>COORDINADORES DE CICLO ASIGNACI\u00d3N DE COORDINADORES DE CICLO, PLANES, PROGRAMAS Y PROYECTOS Ana Mar\u00eda Mora Estrada Isabel M\u00aa Beltr\u00e1n Bellido COORDINADORA DE 1ER. CICLO DE PRIMARIA Monserrat Cabo Bernal COORDINADORA DE 2\u00ba CICLO DE&#46;&#46;&#46;<\/p>\n","protected":false},"author":8119,"featured_media":0,"parent":0,"menu_order":0,"comment_status":"closed","ping_status":"closed","template":"","meta":{"ngg_post_thumbnail":0,"footnotes":"","_mc_calendar":[]},"aioseo_notices":[],"_links":{"self":[{"href":"https:\/\/blogsaverroes.juntadeandalucia.es\/ceipatlantida\/wp-json\/wp\/v2\/pages\/3905"}],"collection":[{"href":"https:\/\/blogsaverroes.juntadeandalucia.es\/ceipatlantida\/wp-json\/wp\/v2\/pages"}],"about":[{"href":"https:\/\/blogsaverroes.juntadeandalucia.es\/ceipatlantida\/wp-json\/wp\/v2\/types\/page"}],"author":[{"embeddable":true,"href":"https:\/\/blogsaverroes.juntadeandalucia.es\/ceipatlantida\/wp-json\/wp\/v2\/users\/8119"}],"replies":[{"embeddable":true,"href":"https:\/\/blogsaverroes.juntadeandalucia.es\/ceipatlantida\/wp-json\/wp\/v2\/comments?post=3905"}],"version-history":[{"count":5,"href":"https:\/\/blogsaverroes.juntadeandalucia.es\/ceipatlantida\/wp-json\/wp\/v2\/pages\/3905\/revisions"}],"predecessor-version":[{"id":4508,"href":"https:\/\/blogsaverroes.juntadeandalucia.es\/ceipatlantida\/wp-json\/wp\/v2\/pages\/3905\/revisions\/4508"}],"wp:attachment":[{"href":"https:\/\/blogsaverroes.juntadeandalucia.es\/ceipatlantida\/wp-json\/wp\/v2\/media?parent=3905"}],"curies":[{"name":"wp","href":"https:\/\/api.w.org\/{rel}","templated":true}]}}