{"id":80,"date":"2015-03-16T06:57:36","date_gmt":"2015-03-16T06:57:36","guid":{"rendered":"http:\/\/blogsaverroes.juntadeandalucia.es\/pre\/ceip\/?page_id=80"},"modified":"2021-12-02T11:10:47","modified_gmt":"2021-12-02T11:10:47","slug":"curso-escolar","status":"publish","type":"page","link":"https:\/\/blogsaverroes.juntadeandalucia.es\/ceipavemariadelquemadero\/curso-escolar\/","title":{"rendered":"Curso escolar 2021\/2022"},"content":{"rendered":"<div>\n<div class=\"\" dir=\"auto\">\n<div id=\"jsc_c_o2\" class=\"ecm0bbzt hv4rvrfc ihqw7lf3 dati1w0a\" data-ad-comet-preview=\"message\" data-ad-preview=\"message\">\n<div class=\"j83agx80 cbu4d94t ew0dbk1b irj2b8pg\">\n<div class=\"qzhwtbm6 knvmm38d\">\n<div class=\"kvgmc6g5 cxmmr5t8 oygrvhab hcukyx3x c1et5uql ii04i59q\">\n<p style=\"text-align: center\"><a href=\"https:\/\/blogsaverroes.juntadeandalucia.es\/ceipavemariadelquemadero\/files\/2020\/12\/CARTEL-CORONAVIRUS.png\"><img loading=\"lazy\" decoding=\"async\" class=\"size-medium wp-image-2351 aligncenter\" src=\"https:\/\/blogsaverroes.juntadeandalucia.es\/ceipavemariadelquemadero\/files\/2020\/12\/CARTEL-CORONAVIRUS-212x300.png\" alt=\"\" width=\"212\" height=\"300\" srcset=\"https:\/\/blogsaverroes.juntadeandalucia.es\/ceipavemariadelquemadero\/files\/2020\/12\/CARTEL-CORONAVIRUS-212x300.png 212w, https:\/\/blogsaverroes.juntadeandalucia.es\/ceipavemariadelquemadero\/files\/2020\/12\/CARTEL-CORONAVIRUS-724x1024.png 724w, https:\/\/blogsaverroes.juntadeandalucia.es\/ceipavemariadelquemadero\/files\/2020\/12\/CARTEL-CORONAVIRUS-768x1086.png 768w, https:\/\/blogsaverroes.juntadeandalucia.es\/ceipavemariadelquemadero\/files\/2020\/12\/CARTEL-CORONAVIRUS-1086x1536.png 1086w, https:\/\/blogsaverroes.juntadeandalucia.es\/ceipavemariadelquemadero\/files\/2020\/12\/CARTEL-CORONAVIRUS-17x24.png 17w, https:\/\/blogsaverroes.juntadeandalucia.es\/ceipavemariadelquemadero\/files\/2020\/12\/CARTEL-CORONAVIRUS-25x36.png 25w, https:\/\/blogsaverroes.juntadeandalucia.es\/ceipavemariadelquemadero\/files\/2020\/12\/CARTEL-CORONAVIRUS-34x48.png 34w, https:\/\/blogsaverroes.juntadeandalucia.es\/ceipavemariadelquemadero\/files\/2020\/12\/CARTEL-CORONAVIRUS.png 1131w\" sizes=\"(max-width: 212px) 100vw, 212px\" \/><\/a><\/p>\n<div dir=\"auto\">Estimadas familias:<\/div>\n<div dir=\"auto\">&nbsp;<\/div>\n<\/div>\n<div class=\"o9v6fnle cxmmr5t8 oygrvhab hcukyx3x c1et5uql ii04i59q\">\n<div dir=\"auto\">En primer lugar, desde el claustro de maestros queremos daros las gracias por la colaboraci\u00f3n durante el dif\u00edcil periodo de ense\u00f1anza telem\u00e1tica del curso pasado. Un cambio que lleg\u00f3 de improviso y al que maestros y familias tuvimos que adaptarnos a marchas forzadas con m\u00e1s ilusi\u00f3n que experiencia.<\/div>\n<div dir=\"auto\">&nbsp;<\/div>\n<\/div>\n<div class=\"o9v6fnle cxmmr5t8 oygrvhab hcukyx3x c1et5uql ii04i59q\">\n<div dir=\"auto\">Este septiembre, de nuevo nos encontramos con un gran reto ante la situaci\u00f3n sanitaria actual. Para todos es un curso muy diferente a cualquier otro que hayamos afrontado antes.<\/div>\n<\/div>\n<div class=\"o9v6fnle cxmmr5t8 oygrvhab hcukyx3x c1et5uql ii04i59q\">\n<div dir=\"auto\">Por eso, desde aqu\u00ed queremos trasmitir la ilusi\u00f3n con la que comenzamos este curso dif\u00edcil, en el que con compromiso, rigor y profesionalidad vamos a tratar de superar este desaf\u00edo junto a todas las familias. Para ello, es importante concienciar a toda la comunidad educativa de su responsabilidad individual para cumplir con los protocolos que se han establecido en el centro (medici\u00f3n de la temperatura antes de ir al colegio, uso correcto de la mascarilla, \u00e9nfasis en la higiene de manos, respeto de las indicaciones para la circulaci\u00f3n por el centro, distancia interpersonal&#8230;). Esto es especialmente importante en lo que respecta a la entrada y salida del colegio, momento en el que ser\u00e1 m\u00e1s complicado cumplirlo, aunque contamos con la colaboraci\u00f3n de todos.<\/div>\n<div dir=\"auto\">&nbsp;<\/div>\n<\/div>\n<div class=\"o9v6fnle cxmmr5t8 oygrvhab hcukyx3x c1et5uql ii04i59q\">\n<div dir=\"auto\">Nos toca dar lo mejor de nosotros mismos, ya que la incertidumbre de las familias es comprensible y trataremos de responder con toda la informaci\u00f3n disponible. Confiamos en que, trabajando juntos con ilusi\u00f3n, este curso salga adelante y todos guardemos un recuerdo positivo de \u00e9l pese a las dificultades.<\/div>\n<div dir=\"auto\">&nbsp;<\/div>\n<\/div>\n<div class=\"o9v6fnle cxmmr5t8 oygrvhab hcukyx3x c1et5uql ii04i59q\">\n<div dir=\"auto\">\u00a1Bienvenidos al nuevo curso escolar 2021\/2022!<\/div>\n<\/div>\n<\/div>\n<\/div>\n<\/div>\n<\/div>\n<\/div>\n","protected":false},"excerpt":{"rendered":"<p>Estimadas familias: &nbsp; En primer lugar, desde el claustro de maestros queremos daros las gracias por la colaboraci\u00f3n durante el dif\u00edcil periodo de ense\u00f1anza telem\u00e1tica del curso pasado. Un cambio que lleg\u00f3 de improviso y al que maestros y familias tuvimos que adaptarnos a marchas forzadas con m\u00e1s ilusi\u00f3n que experiencia. &nbsp; Este septiembre, de &hellip; <\/p>\n<p class=\"link-more\"><a href=\"https:\/\/blogsaverroes.juntadeandalucia.es\/ceipavemariadelquemadero\/curso-escolar\/\" class=\"more-link\">Continuar leyendo<span class=\"screen-reader-text\"> \u00abCurso escolar 2021\/2022\u00bb<\/span><\/a><\/p>\n","protected":false},"author":1,"featured_media":0,"parent":0,"menu_order":0,"comment_status":"closed","ping_status":"open","template":"","meta":{"ngg_post_thumbnail":0,"footnotes":"","_mc_calendar":[]},"aioseo_notices":[],"_links":{"self":[{"href":"https:\/\/blogsaverroes.juntadeandalucia.es\/ceipavemariadelquemadero\/wp-json\/wp\/v2\/pages\/80"}],"collection":[{"href":"https:\/\/blogsaverroes.juntadeandalucia.es\/ceipavemariadelquemadero\/wp-json\/wp\/v2\/pages"}],"about":[{"href":"https:\/\/blogsaverroes.juntadeandalucia.es\/ceipavemariadelquemadero\/wp-json\/wp\/v2\/types\/page"}],"author":[{"embeddable":true,"href":"https:\/\/blogsaverroes.juntadeandalucia.es\/ceipavemariadelquemadero\/wp-json\/wp\/v2\/users\/1"}],"replies":[{"embeddable":true,"href":"https:\/\/blogsaverroes.juntadeandalucia.es\/ceipavemariadelquemadero\/wp-json\/wp\/v2\/comments?post=80"}],"version-history":[{"count":8,"href":"https:\/\/blogsaverroes.juntadeandalucia.es\/ceipavemariadelquemadero\/wp-json\/wp\/v2\/pages\/80\/revisions"}],"predecessor-version":[{"id":2518,"href":"https:\/\/blogsaverroes.juntadeandalucia.es\/ceipavemariadelquemadero\/wp-json\/wp\/v2\/pages\/80\/revisions\/2518"}],"wp:attachment":[{"href":"https:\/\/blogsaverroes.juntadeandalucia.es\/ceipavemariadelquemadero\/wp-json\/wp\/v2\/media?parent=80"}],"curies":[{"name":"wp","href":"https:\/\/api.w.org\/{rel}","templated":true}]}}

<div>
<div class="" dir="auto">
<div id="jsc_c_o2" class="ecm0bbzt hv4rvrfc ihqw7lf3 dati1w0a" data-ad-comet-preview="message" data-ad-preview="message">
<div class="j83agx80 cbu4d94t ew0dbk1b irj2b8pg">
<div class="qzhwtbm6 knvmm38d">
<div class="kvgmc6g5 cxmmr5t8 oygrvhab hcukyx3x c1et5uql ii04i59q">
<p style="text-align: center"><a href="https://blogsaverroes.juntadeandalucia.es/ceipavemariadelquemadero/files/2020/12/CARTEL-CORONAVIRUS.png"><img loading="lazy" decoding="async" class="size-medium wp-image-2351 aligncenter" src="https://blogsaverroes.juntadeandalucia.es/ceipavemariadelquemadero/files/2020/12/CARTEL-CORONAVIRUS-212x300.png" alt="" width="212" height="300" srcset="https://blogsaverroes.juntadeandalucia.es/ceipavemariadelquemadero/files/2020/12/CARTEL-CORONAVIRUS-212x300.png 212w, https://blogsaverroes.juntadeandalucia.es/ceipavemariadelquemadero/files/2020/12/CARTEL-CORONAVIRUS-724x1024.png 724w, https://blogsaverroes.juntadeandalucia.es/ceipavemariadelquemadero/files/2020/12/CARTEL-CORONAVIRUS-768x1086.png 768w, https://blogsaverroes.juntadeandalucia.es/ceipavemariadelquemadero/files/2020/12/CARTEL-CORONAVIRUS-1086x1536.png 1086w, https://blogsaverroes.juntadeandalucia.es/ceipavemariadelquemadero/files/2020/12/CARTEL-CORONAVIRUS-17x24.png 17w, https://blogsaverroes.juntadeandalucia.es/ceipavemariadelquemadero/files/2020/12/CARTEL-CORONAVIRUS-25x36.png 25w, https://blogsaverroes.juntadeandalucia.es/ceipavemariadelquemadero/files/2020/12/CARTEL-CORONAVIRUS-34x48.png 34w, https://blogsaverroes.juntadeandalucia.es/ceipavemariadelquemadero/files/2020/12/CARTEL-CORONAVIRUS.png 1131w" sizes="(max-width: 212px) 100vw, 212px" /></a></p>
<div dir="auto">Estimadas familias:</div>
<div dir="auto">&nbsp;</div>
</div>
<div class="o9v6fnle cxmmr5t8 oygrvhab hcukyx3x c1et5uql ii04i59q">
<div dir="auto">En primer lugar, desde el claustro de maestros queremos daros las gracias por la colaboración durante el difícil periodo de enseñanza telemática del curso pasado. Un cambio que llegó de improviso y al que maestros y familias tuvimos que adaptarnos a marchas forzadas con más ilusión que experiencia.</div>
<div dir="auto">&nbsp;</div>
</div>
<div class="o9v6fnle cxmmr5t8 oygrvhab hcukyx3x c1et5uql ii04i59q">
<div dir="auto">Este septiembre, de nuevo nos encontramos con un gran reto ante la situación sanitaria actual. Para todos es un curso muy diferente a cualquier otro que hayamos afrontado antes.</div>
</div>
<div class="o9v6fnle cxmmr5t8 oygrvhab hcukyx3x c1et5uql ii04i59q">
<div dir="auto">Por eso, desde aquí queremos trasmitir la ilusión con la que comenzamos este curso difícil, en el que con compromiso, rigor y profesionalidad vamos a tratar de superar este desafío junto a todas las familias. Para ello, es importante concienciar a toda la comunidad educativa de su responsabilidad individual para cumplir con los protocolos que se han establecido en el centro (medición de la temperatura antes de ir al colegio, uso correcto de la mascarilla, énfasis en la higiene de manos, respeto de las indicaciones para la circulación por el centro, distancia interpersonal&#8230;). Esto es especialmente importante en lo que respecta a la entrada y salida del colegio, momento en el que será más complicado cumplirlo, aunque contamos con la colaboración de todos.</div>
<div dir="auto">&nbsp;</div>
</div>
<div class="o9v6fnle cxmmr5t8 oygrvhab hcukyx3x c1et5uql ii04i59q">
<div dir="auto">Nos toca dar lo mejor de nosotros mismos, ya que la incertidumbre de las familias es comprensible y trataremos de responder con toda la información disponible. Confiamos en que, trabajando juntos con ilusión, este curso salga adelante y todos guardemos un recuerdo positivo de él pese a las dificultades.</div>
<div dir="auto">&nbsp;</div>
</div>
<div class="o9v6fnle cxmmr5t8 oygrvhab hcukyx3x c1et5uql ii04i59q">
<div dir="auto">¡Bienvenidos al nuevo curso escolar 2021/2022!</div>
</div>
</div>
</div>
</div>
</div>
</div>

<p>Estimadas familias: &nbsp; En primer lugar, desde el claustro de maestros queremos daros las gracias por la colaboración durante el difícil periodo de enseñanza telemática del curso pasado. Un cambio que llegó de improviso y al que maestros y familias tuvimos que adaptarnos a marchas forzadas con más ilusión que experiencia. &nbsp; Este septiembre, de &hellip; </p>
<p class="link-more"><a href="https://blogsaverroes.juntadeandalucia.es/ceipavemariadelquemadero/curso-escolar/" class="more-link">Continuar leyendo<span class="screen-reader-text"> «Curso escolar 2021/2022»</span></a></p>
