{"id":35,"date":"2015-03-13T08:21:43","date_gmt":"2015-03-13T08:21:43","guid":{"rendered":"http:\/\/blogsaverroes.juntadeandalucia.es\/pre\/ceip\/?page_id=35"},"modified":"2023-02-16T10:56:51","modified_gmt":"2023-02-16T10:56:51","slug":"el-centro-2","status":"publish","type":"page","link":"https:\/\/blogsaverroes.juntadeandalucia.es\/ceipaverroes\/el-centro-2\/","title":{"rendered":"Datos del centro"},"content":{"rendered":"<p><iframe loading=\"lazy\" src=\"https:\/\/www.google.com\/maps\/embed?pb=!1m14!1m8!1m3!1d12593.875230038868!2d-4.76469!3d37.8961035!3m2!1i1024!2i768!4f13.1!3m3!1m2!1s0x0%3A0x6999fb1d8faf03da!2sColegio+P%C3%BAblico+Averroes!5e0!3m2!1ses!2ses!4v1520598051725\" width=\"600\" height=\"450\" frameborder=\"0\"><\/iframe><\/p>\n<h4 style=\"text-align: center\">Estamos aqu\u00ed<\/h4>\n<h4>&nbsp;<\/h4>\n<h4 style=\"text-align: center\"><strong>Datos de contacto<\/strong><\/h4>\n<p>Colegio de Educaci\u00f3n Infantil y Primaria Averroes<\/p>\n<p><strong>Direcci\u00f3n:<\/strong> &nbsp;Calle La Ladera, 7. 14007 C\u00f3rdoba<\/p>\n<p><strong>Tel\u00e9fono: 957734951 \/ 957734953<\/strong><br \/>\n<strong>Email: 14007295.edu@juntadeandalucia.es<\/strong><\/p>\n<h4 style=\"text-align: center\"><strong>Horarios<\/strong><\/h4>\n<p>HORARIO LECTIVO: 9:00-14:00<\/p>\n<p>AULA MATINAL: 7:30-9:00<\/p>\n<p>COMEDOR: 14:00-16:00<\/p>\n<p>ACTIVIDADES EXTRAESCOLARES: 16:00-18:00<\/p>\n<p>PROA (REFUERZO EDUCATIVO): MARTES Y JUEVES 16:00-18:00<\/p>\n<h4 style=\"text-align: center\"><strong>Oferta educativa<\/strong><\/h4>\n<h2 style=\"text-align: center\"><em>EDUCACI\u00d3N INFANTIL<\/em><\/h2>\n<h2 style=\"text-align: center\"><em>EDUCACI\u00d3N PRIMARIA<\/em><\/h2>\n<h4>Instalaciones<\/h4>\n<p><a title=\"instalaciones \" href=\"http:\/\/www.juntadeandalucia.es\/averroes\/centros-tic\/14007295\/helvia\/sitio\/upload\/img\/IMG20131107WA0001.jpg\" target=\"_blank\" rel=\"noopener noreferrer\"><img loading=\"lazy\" decoding=\"async\" title=\"cole\" src=\"http:\/\/www.juntadeandalucia.es\/averroes\/centros-tic\/14007295\/helvia\/sitio\/upload\/img\/IMG20131107WA0001.jpg\" alt=\"cole\" width=\"517\" height=\"363\" border=\"0\"><\/a><\/p>\n<p><a title=\"instalaciones 2\" href=\"http:\/\/www.juntadeandalucia.es\/averroes\/centros-tic\/14007295\/helvia\/sitio\/upload\/img\/IMG20131107WA0002.jpg\" target=\"_blank\" rel=\"noopener noreferrer\"><img loading=\"lazy\" decoding=\"async\" title=\"cole 2\" src=\"http:\/\/www.juntadeandalucia.es\/averroes\/centros-tic\/14007295\/helvia\/sitio\/upload\/img\/IMG20131107WA0002.jpg\" alt=\"cole 2\" width=\"516\" height=\"364\" border=\"0\"><\/a><\/p>\n","protected":false},"excerpt":{"rendered":"<p>Estamos aqu\u00ed &nbsp; Datos de contacto Colegio de Educaci\u00f3n Infantil y Primaria Averroes Direcci\u00f3n: &nbsp;Calle La Ladera, 7. 14007 C\u00f3rdoba Tel\u00e9fono: 957734951 \/ 957734953 Email:&hellip;<\/p>\n","protected":false},"author":1,"featured_media":0,"parent":0,"menu_order":0,"comment_status":"closed","ping_status":"open","template":"","meta":{"ngg_post_thumbnail":0,"footnotes":"","_mc_calendar":[]},"aioseo_notices":[],"_links":{"self":[{"href":"https:\/\/blogsaverroes.juntadeandalucia.es\/ceipaverroes\/wp-json\/wp\/v2\/pages\/35"}],"collection":[{"href":"https:\/\/blogsaverroes.juntadeandalucia.es\/ceipaverroes\/wp-json\/wp\/v2\/pages"}],"about":[{"href":"https:\/\/blogsaverroes.juntadeandalucia.es\/ceipaverroes\/wp-json\/wp\/v2\/types\/page"}],"author":[{"embeddable":true,"href":"https:\/\/blogsaverroes.juntadeandalucia.es\/ceipaverroes\/wp-json\/wp\/v2\/users\/1"}],"replies":[{"embeddable":true,"href":"https:\/\/blogsaverroes.juntadeandalucia.es\/ceipaverroes\/wp-json\/wp\/v2\/comments?post=35"}],"version-history":[{"count":13,"href":"https:\/\/blogsaverroes.juntadeandalucia.es\/ceipaverroes\/wp-json\/wp\/v2\/pages\/35\/revisions"}],"predecessor-version":[{"id":2692,"href":"https:\/\/blogsaverroes.juntadeandalucia.es\/ceipaverroes\/wp-json\/wp\/v2\/pages\/35\/revisions\/2692"}],"wp:attachment":[{"href":"https:\/\/blogsaverroes.juntadeandalucia.es\/ceipaverroes\/wp-json\/wp\/v2\/media?parent=35"}],"curies":[{"name":"wp","href":"https:\/\/api.w.org\/{rel}","templated":true}]}}