{"id":2323,"date":"2020-10-22T21:20:29","date_gmt":"2020-10-22T21:20:29","guid":{"rendered":"https:\/\/blogsaverroes.juntadeandalucia.es\/ceipaxarquia\/?page_id=2323"},"modified":"2023-12-21T16:32:48","modified_gmt":"2023-12-21T16:32:48","slug":"tutoriales-seneca","status":"publish","type":"page","link":"https:\/\/blogsaverroes.juntadeandalucia.es\/ceipaxarquia\/tutoriales-seneca\/","title":{"rendered":"Tutoriales S\u00e9neca"},"content":{"rendered":"<p style=\"text-align: center\"><a href=\"https:\/\/blogsaverroes.juntadeandalucia.es\/ceipaxarquia\/files\/2020\/04\/iSenecacuadrado.png\"><img loading=\"lazy\" decoding=\"async\" class=\"aligncenter size-full wp-image-2205\" src=\"https:\/\/blogsaverroes.juntadeandalucia.es\/ceipaxarquia\/files\/2020\/04\/iSenecacuadrado.png\" alt=\"\" width=\"225\" height=\"225\" srcset=\"https:\/\/blogsaverroes.juntadeandalucia.es\/ceipaxarquia\/files\/2020\/04\/iSenecacuadrado.png 225w, https:\/\/blogsaverroes.juntadeandalucia.es\/ceipaxarquia\/files\/2020\/04\/iSenecacuadrado-150x150.png 150w, https:\/\/blogsaverroes.juntadeandalucia.es\/ceipaxarquia\/files\/2020\/04\/iSenecacuadrado-100x100.png 100w, https:\/\/blogsaverroes.juntadeandalucia.es\/ceipaxarquia\/files\/2020\/04\/iSenecacuadrado-24x24.png 24w, https:\/\/blogsaverroes.juntadeandalucia.es\/ceipaxarquia\/files\/2020\/04\/iSenecacuadrado-36x36.png 36w, https:\/\/blogsaverroes.juntadeandalucia.es\/ceipaxarquia\/files\/2020\/04\/iSenecacuadrado-48x48.png 48w\" sizes=\"(max-width: 225px) 100vw, 225px\" \/><\/a><\/p>\n<p style=\"text-align: center\"><strong>MEGAENLACE:<\/strong> <a href=\"https:\/\/view.genial.ly\/634bd41330a8e1001918ca79\/presentation-sacale-el-mejor-partido-a-seneca-tutoriales\" target=\"_blank\" rel=\"noopener noreferrer\">S\u00c1CALE EL MEJOR PARTIDO A S\u00c9NECA.<\/a><\/p>\n<p><strong>&nbsp; &nbsp; &nbsp; &nbsp; &nbsp; &nbsp; EVALUACIONES:<\/strong><br \/>\n<a href=\"https:\/\/www.youtube.com\/watch?v=FzzUf-S6B4A\" target=\"_blank\" rel=\"noopener noreferrer\">Env\u00edo de boletines de notas al punto de recogida.<\/a><br \/>\n<a href=\"https:\/\/www.youtube.com\/watch?v=NRFp0MfUHxE\" target=\"_blank\" rel=\"noopener noreferrer\">Env\u00edo de actas de ciclo, equipo docente&#8230; a REPOSITORIO DOCUMENTAL.<\/a> \u00a1\u00a1\u00a1IMPORTANTE RESPETAR EL PATR\u00d3N DEL NOMBRE DEL ARCHIVO!!!<\/p>\n<p>&nbsp;<\/p>\n<p><strong>&nbsp; &nbsp; &nbsp; &nbsp; &nbsp; &nbsp; CUADERNO DE S\u00c9NECA:<\/strong><br \/>\n<a href=\"https:\/\/www.youtube.com\/playlist?list=PLv2ZR20mMXisgxKVXWo6R9sdSZ6c2BNk1\" target=\"_blank\" rel=\"noopener noreferrer\">M\u00d3DULO CUADERNO DE S\u00c9NECA (CURR\u00cdCULO POR COMPETENCIAS).<\/a><\/p>\n","protected":false},"excerpt":{"rendered":"<p>MEGAENLACE: S\u00c1CALE EL MEJOR PARTIDO A S\u00c9NECA. &nbsp; &nbsp; &nbsp; &nbsp; &nbsp; &nbsp; EVALUACIONES: Env\u00edo de boletines de notas al punto de recogida. Env\u00edo de actas de ciclo, equipo docente&#8230; a REPOSITORIO DOCUMENTAL. \u00a1\u00a1\u00a1IMPORTANTE&#46;&#46;&#46;<\/p>\n","protected":false},"author":10305,"featured_media":0,"parent":0,"menu_order":0,"comment_status":"closed","ping_status":"closed","template":"","meta":{"ngg_post_thumbnail":0,"footnotes":"","_mc_calendar":[]},"aioseo_notices":[],"_links":{"self":[{"href":"https:\/\/blogsaverroes.juntadeandalucia.es\/ceipaxarquia\/wp-json\/wp\/v2\/pages\/2323"}],"collection":[{"href":"https:\/\/blogsaverroes.juntadeandalucia.es\/ceipaxarquia\/wp-json\/wp\/v2\/pages"}],"about":[{"href":"https:\/\/blogsaverroes.juntadeandalucia.es\/ceipaxarquia\/wp-json\/wp\/v2\/types\/page"}],"author":[{"embeddable":true,"href":"https:\/\/blogsaverroes.juntadeandalucia.es\/ceipaxarquia\/wp-json\/wp\/v2\/users\/10305"}],"replies":[{"embeddable":true,"href":"https:\/\/blogsaverroes.juntadeandalucia.es\/ceipaxarquia\/wp-json\/wp\/v2\/comments?post=2323"}],"version-history":[{"count":8,"href":"https:\/\/blogsaverroes.juntadeandalucia.es\/ceipaxarquia\/wp-json\/wp\/v2\/pages\/2323\/revisions"}],"predecessor-version":[{"id":2541,"href":"https:\/\/blogsaverroes.juntadeandalucia.es\/ceipaxarquia\/wp-json\/wp\/v2\/pages\/2323\/revisions\/2541"}],"wp:attachment":[{"href":"https:\/\/blogsaverroes.juntadeandalucia.es\/ceipaxarquia\/wp-json\/wp\/v2\/media?parent=2323"}],"curies":[{"name":"wp","href":"https:\/\/api.w.org\/{rel}","templated":true}]}}