{"id":351,"date":"2015-03-18T10:22:07","date_gmt":"2015-03-18T10:22:07","guid":{"rendered":"http:\/\/blogsaverroes.juntadeandalucia.es\/pre\/ceip\/?page_id=351"},"modified":"2015-06-17T06:51:50","modified_gmt":"2015-06-17T06:51:50","slug":"materiales-recursos","status":"publish","type":"page","link":"https:\/\/blogsaverroes.juntadeandalucia.es\/ceipazahar\/dibujo\/materiales-recursos\/","title":{"rendered":"Materiales, recursos&#8230;"},"content":{"rendered":"<h4><a href=\"http:\/\/agrega.juntadeandalucia.es\/visualizador-1\/Visualizar\/Visualizar.do?identificador=es-an_2011071213_9172433&amp;secuencia=true&amp;idioma=es\" target=\"_blank\">Dibujo, visualidad y conocimiento: Elementos comunes de la unidad<\/a><\/h4>\n<p><a href=\"http:\/\/agrega.juntadeandalucia.es\/visualizador-1\/Visualizar\/Visualizar.do?identificador=es-an_2011071213_9172433&amp;secuencia=true&amp;idioma=es\" target=\"_blank\"><img loading=\"lazy\" decoding=\"async\" class=\" size-medium wp-image-2023 alignleft\" src=\"https:\/\/blogsaverroes.juntadeandalucia.es\/ceipazahar\/files\/2015\/03\/dibujo01-300x204.jpg\" alt=\"dibujo01\" width=\"300\" height=\"204\" srcset=\"https:\/\/blogsaverroes.juntadeandalucia.es\/ceipazahar\/files\/2015\/03\/dibujo01-300x204.jpg 300w, https:\/\/blogsaverroes.juntadeandalucia.es\/ceipazahar\/files\/2015\/03\/dibujo01.jpg 693w\" sizes=\"(max-width: 300px) 100vw, 300px\" \/><\/a><\/p>\n<p>&nbsp;<\/p>\n<p>&nbsp;<\/p>\n<p>&nbsp;<\/p>\n<p>&nbsp;<\/p>\n<p>&nbsp;<\/p>\n<p>&nbsp;<\/p>\n<p>La historia inicial que vas a encontrarte en esta primera unidad comienza hace mucho, mucho tiempo. Hay frases que han pasado a la historia por lo que han significado y por los acontecimientos a los que est\u00e1n ligadas. Tal vez te suenen estas dos : la primera \u00ab\u00a1\u00a1 Mira pap\u00e1, bueyes en el techo !\u00bb; la segunda, \u00abUn peque\u00f1o paso para un hombre pero un gran salto para la humanidad\u00bb y una tercera y \u00faltima tal vez menos conocida, \u00abDespu\u00e9s de Altamira todo me parece decadente\u00bb.<\/p>\n<p>&nbsp;<\/p>\n<h4><a href=\"http:\/\/agrega.juntadeandalucia.es\/visualizar\/es\/es-an_2011070113_9133317\/true\" target=\"_blank\">Elementos y trazados fundamentales: los materiales y t\u00e9cnicas b\u00e1sicas, paralelismo y perpendicularidad<\/a><\/h4>\n<p><a href=\"http:\/\/agrega.juntadeandalucia.es\/visualizar\/es\/es-an_2011070113_9133317\/true\" target=\"_blank\"><img loading=\"lazy\" decoding=\"async\" class=\" size-medium wp-image-2032 alignleft\" src=\"https:\/\/blogsaverroes.juntadeandalucia.es\/ceipazahar\/files\/2015\/03\/dibujo02-300x192.jpg\" alt=\"dibujo02\" width=\"300\" height=\"192\" srcset=\"https:\/\/blogsaverroes.juntadeandalucia.es\/ceipazahar\/files\/2015\/03\/dibujo02-300x192.jpg 300w, https:\/\/blogsaverroes.juntadeandalucia.es\/ceipazahar\/files\/2015\/03\/dibujo02.jpg 594w\" sizes=\"(max-width: 300px) 100vw, 300px\" \/><\/a><\/p>\n<p>&nbsp;<\/p>\n<p>&nbsp;<\/p>\n<p>&nbsp;<\/p>\n<p>&nbsp;<\/p>\n<p>&nbsp;<\/p>\n<p>El Dibujo T\u00e9cnico es un lenguaje objetivo y universal, su principal funci\u00f3n es la de exponer de forma clara una idea para que pueda ser comprendida sin dificultad por distintos observadores, esto requiere el uso de unas t\u00e9cnicas gr\u00e1ficas espec\u00edficas.<\/p>\n","protected":false},"excerpt":{"rendered":"<p>Dibujo, visualidad y conocimiento: Elementos comunes de la unidad &nbsp; &nbsp; &nbsp; &nbsp; &nbsp; &nbsp; La historia inicial que vas a encontrarte en esta primera unidad comienza hace mucho, mucho tiempo. Hay frases que&#46;&#46;&#46;<\/p>\n","protected":false},"author":1,"featured_media":0,"parent":174,"menu_order":0,"comment_status":"open","ping_status":"open","template":"page-templates\/child-menu.php","meta":{"ngg_post_thumbnail":0,"footnotes":"","_mc_calendar":[]},"aioseo_notices":[],"_links":{"self":[{"href":"https:\/\/blogsaverroes.juntadeandalucia.es\/ceipazahar\/wp-json\/wp\/v2\/pages\/351"}],"collection":[{"href":"https:\/\/blogsaverroes.juntadeandalucia.es\/ceipazahar\/wp-json\/wp\/v2\/pages"}],"about":[{"href":"https:\/\/blogsaverroes.juntadeandalucia.es\/ceipazahar\/wp-json\/wp\/v2\/types\/page"}],"author":[{"embeddable":true,"href":"https:\/\/blogsaverroes.juntadeandalucia.es\/ceipazahar\/wp-json\/wp\/v2\/users\/1"}],"replies":[{"embeddable":true,"href":"https:\/\/blogsaverroes.juntadeandalucia.es\/ceipazahar\/wp-json\/wp\/v2\/comments?post=351"}],"version-history":[{"count":10,"href":"https:\/\/blogsaverroes.juntadeandalucia.es\/ceipazahar\/wp-json\/wp\/v2\/pages\/351\/revisions"}],"predecessor-version":[{"id":2033,"href":"https:\/\/blogsaverroes.juntadeandalucia.es\/ceipazahar\/wp-json\/wp\/v2\/pages\/351\/revisions\/2033"}],"up":[{"embeddable":true,"href":"https:\/\/blogsaverroes.juntadeandalucia.es\/ceipazahar\/wp-json\/wp\/v2\/pages\/174"}],"wp:attachment":[{"href":"https:\/\/blogsaverroes.juntadeandalucia.es\/ceipazahar\/wp-json\/wp\/v2\/media?parent=351"}],"curies":[{"name":"wp","href":"https:\/\/api.w.org\/{rel}","templated":true}]}}