{"id":3520,"date":"2018-01-25T11:25:47","date_gmt":"2018-01-25T09:25:47","guid":{"rendered":"http:\/\/blogsaverroes.juntadeandalucia.es\/ceipaznaitin\/?page_id=3520"},"modified":"2018-01-25T11:43:12","modified_gmt":"2018-01-25T09:43:12","slug":"ciencias-naturales-4o-tema-4","status":"publish","type":"page","link":"https:\/\/blogsaverroes.juntadeandalucia.es\/ceipaznaitin\/ciencias-naturales-4o-tema-4\/","title":{"rendered":"Ciencias Naturales 4\u00ba Tema 4"},"content":{"rendered":"<p><strong>Nuestro cuerpo funciona<\/strong><\/p>\n<p><strong>La funci\u00f3n de relaci\u00f3n<\/strong><\/p>\n<p><a href=\"http:\/\/www.primaria.librosvivos.net\/archivosCMS\/3\/3\/16\/usuarios\/103294\/9\/relacion_01\/frame_prim.swf\" target=\"_blank\" rel=\"noopener\">LA RELACI\u00d3N<\/a><\/p>\n<p><a href=\"http:\/\/www.ceiploreto.es\/sugerencias\/cplosangeles.juntaextremadura.net\/web\/curso_4\/naturales_4\/funcion_relacion_4\/funcion_relacion_4.html\" target=\"_blank\" rel=\"noopener\">LA FUNCI\u00d3N DE RELACI\u00d3N<\/a><\/p>\n<p><strong>La vista y el o\u00eddo<\/strong><\/p>\n<p><a style=\"font-size: 14px;line-height: 22.4px;text-align: -webkit-center\" href=\"http:\/\/www.eltanquematematico.es\/lossentidos\/organosdelossentidos_p.html\" target=\"_blank\" rel=\"noopener\">LOS SENTIDOS I<\/a><\/p>\n<p><a style=\"font-size: 14px;line-height: 22.4px;text-align: -webkit-center\" href=\"http:\/\/www.ceiploreto.es\/sugerencias\/animaciones\/ciencias\/vista[1].swf\" target=\"_blank\" rel=\"noopener\">LA VISTA<\/a><\/p>\n<p><a style=\"font-size: 14px;line-height: 22.4px;text-align: -webkit-center\" href=\"http:\/\/www.ceiploreto.es\/sugerencias\/averroes\/educativa\/CM_ojo.html\" target=\"_blank\" rel=\"noopener\">EL OJO I<\/a><\/p>\n<p><a style=\"font-size: 14px;line-height: 22.4px;text-align: -webkit-center\" href=\"http:\/\/ww2.educarchile.cl\/UserFiles\/P0024\/File\/skoool\/2010\/Ciencia\/eyes_and_seeing\/\" target=\"_blank\" rel=\"noopener\">LOS SENTIDOS: LOS OJOS Y LA VISTA<\/a><\/p>\n<p><a style=\"font-size: 14px;line-height: 22.4px;text-align: -webkit-center\" href=\"http:\/\/www.edu.xunta.es\/espazoAbalar\/sites\/espazoAbalar\/files\/datos\/1327571996\/contido\/cm008_oa01_es\/index.html\" target=\"_blank\" rel=\"noopener\">\u00d3RGANO DE LA VISTA<\/a><\/p>\n<p><a style=\"font-size: 14px;line-height: 22.4px;text-align: -webkit-center\" href=\"http:\/\/www.ceiploreto.es\/sugerencias\/pequemuseo\/peque5\/optica\/201.html\" target=\"_blank\" rel=\"noopener\">EL OJO II<\/a><\/p>\n<p><a style=\"font-size: 14px;line-height: 22.4px;text-align: -webkit-center\" href=\"http:\/\/endrino.pntic.mec.es\/~jcoh0005\/3tema10\/unidad10.html\" target=\"_blank\" rel=\"noopener\">EL SENTIDO DE LA VISTA I<\/a><\/p>\n<p><a style=\"font-size: 14px;line-height: 22.4px;text-align: -webkit-center\" href=\"http:\/\/www.murciaeduca.es\/cpntrasradelaasuncion\/bitacora\/upload\/img\/los%20sentidos.swf\" target=\"_blank\" rel=\"noopener\">LOS SENTIDOS II<\/a><\/p>\n<p><a style=\"font-size: 14px;line-height: 22.4px;text-align: -webkit-center\" href=\"http:\/\/www.ceiploreto.es\/sugerencias\/cplosangeles.juntaextremadura.net\/web\/curso_4\/naturales_4\/la_vista\/la_vista.html\" target=\"_blank\" rel=\"noopener\">EL SENTIDO DE LA VISTA II<\/a><\/p>\n<p><a style=\"font-size: 14px;line-height: 22.4px;text-align: -webkit-center\" href=\"http:\/\/bromera.com\/tl_files\/activitatsdigitals\/Natura_3c_PF\/natura3_cas_u5_pag12_4.swf\" target=\"_blank\" rel=\"noopener\">EL \u00d3RGANO DE LA VISTA II<\/a><\/p>\n<p><a style=\"font-size: 14px;line-height: 22.4px;text-align: -webkit-center\" href=\"http:\/\/www.google.com\/url?q=http:\/\/www.primaria.librosvivos.net\/3epcmc2_ud3_a01_cas_9.html&amp;sa=D&amp;sntz=1&amp;usg=AFrqEzdWi3V-RYn4siWP1bEQqQezltC_xA\" target=\"_blank\" rel=\"noopener\">PARTES DEL OJO<\/a><\/p>\n<p><a style=\"font-size: 14px;line-height: 22.4px;text-align: -webkit-center\" href=\"http:\/\/www.ceiploreto.es\/sugerencias\/averroes\/educativa\/CM_oido.html\" target=\"_blank\" rel=\"noopener\">EL O\u00cdDO I<\/a><\/p>\n<p><a style=\"font-size: 14px;line-height: 22.4px;text-align: -webkit-center\" href=\"http:\/\/www.ceiploreto.es\/sugerencias\/animaciones\/ciencias\/oido.swf\" target=\"_blank\" rel=\"noopener\">EL O\u00cdDO II<\/a><\/p>\n<p><a style=\"font-size: 14px;line-height: 22.4px;text-align: -webkit-center\" href=\"http:\/\/www.ceiploreto.es\/sugerencias\/animaciones\/ciencias\/oido[1].swf\" target=\"_blank\" rel=\"noopener\">EL O\u00cdDO III<\/a><\/p>\n<p><a style=\"font-size: 14px;line-height: 22.4px;text-align: -webkit-center\" href=\"http:\/\/www.primaria.librosvivos.net\/archivosCMS\/3\/3\/16\/usuarios\/103294\/9\/oido_cono3EP_ud3_01\/frame_prim.swf\" target=\"_blank\" rel=\"noopener\">EL O\u00cdDO IV<\/a><\/p>\n<p><a style=\"font-size: 14px;line-height: 22.4px;text-align: -webkit-center\" href=\"http:\/\/ww2.educarchile.cl\/UserFiles\/P0024\/File\/skoool\/2010\/Ciencia\/sound_vibrations\/\" target=\"_blank\" rel=\"noopener\">SONIDO<\/a><\/p>\n<p><a style=\"font-size: 14px;line-height: 22.4px;text-align: -webkit-center\" href=\"http:\/\/ww2.educarchile.cl\/UserFiles\/P0024\/File\/skoool\/2010\/Ciencia\/ears_and_hearing\/\" target=\"_blank\" rel=\"noopener\">LOS SENTIDOS: LOS O\u00cdDOS Y LA AUDICI\u00d3N<\/a><\/p>\n<p><a style=\"font-size: 14px;line-height: 22.4px;text-align: -webkit-center\" href=\"http:\/\/www.edu.xunta.es\/espazoAbalar\/sites\/espazoAbalar\/files\/datos\/1327571996\/contido\/cm008_oa02_es\/index.html\" target=\"_blank\" rel=\"noopener\">\u00d3RGANO DEL O\u00cdDO<\/a><\/p>\n<p><a style=\"font-size: 14px;line-height: 22.4px;text-align: -webkit-center\" href=\"http:\/\/rea.ceibal.edu.uy\/UserFiles\/P0001\/ODEA\/ORIGINAL\/100730_oido.elp\/index.html\" target=\"_blank\" rel=\"noopener\">SENTIDO DEL O\u00cdDO<\/a><\/p>\n<p><a style=\"font-size: 14px;line-height: 22.4px;text-align: -webkit-center\" href=\"http:\/\/www.ceiploreto.es\/sugerencias\/cplosangeles.juntaextremadura.net\/web\/curso_4\/naturales_4\/el_oido\/el_oido.html\" target=\"_blank\" rel=\"noopener\">EL SENTIDO DEL O\u00cdDO<\/a><\/p>\n<p><a style=\"font-size: 14px;line-height: 22.4px;text-align: -webkit-center\" href=\"http:\/\/bromera.com\/tl_files\/activitatsdigitals\/Natura_3c_PF\/natura3_cas_u5_pag13_2.swf\" target=\"_blank\" rel=\"noopener\">EL \u00d3RGANO DEL O\u00cdDO<\/a><\/p>\n<p><a style=\"font-size: 14px;line-height: 22.4px;text-align: -webkit-center\" href=\"http:\/\/www.primerodecarlos.com\/TERCERO_PRIMARIA\/octubre\/Unidad2\/actividades\/cono\/ojo_oido\/visor.swf\" target=\"_blank\" rel=\"noopener\">EL OJO Y EL O\u00cdDO<\/a><\/p>\n<p><a style=\"font-size: 14px;line-height: 22.4px;text-align: -webkit-center\" href=\"http:\/\/www.ceiploreto.es\/sugerencias\/animaciones\/ciencias\/oido2[1].swf\" target=\"_blank\" rel=\"noopener\">CUIDADOS DEL O\u00cdDO<\/a><\/p>\n<p><a style=\"font-size: 14px;line-height: 22.4px;text-align: -webkit-center\" href=\"http:\/\/www.ceiploreto.es\/sugerencias\/animaciones\/ciencias\/alteravista[1].swf\" target=\"_blank\" rel=\"noopener\">ALTERACIONES Y CUIDADO DE LA VISTA<\/a><\/p>\n<p><a style=\"font-size: 14px;line-height: 22.4px;text-align: -webkit-center\" href=\"http:\/\/agrega2.red.es\/\/repositorio\/01022010\/43\/es_2009063013_7240050\/index.html\" target=\"_blank\" rel=\"noopener\">RUIDO, SONIDO Y CONTAMINACI\u00d3N AC\u00daSTICA<\/a><\/p>\n<p><strong>El gusto, el tacto y el olfato<\/strong><\/p>\n<p><a style=\"font-size: 14px;line-height: 22.4px;text-align: -webkit-center\" href=\"http:\/\/www.ceiploreto.es\/sugerencias\/animaciones\/ciencias\/olfato[1].swf\" target=\"_blank\" rel=\"noopener\">EL OLFATO<\/a><\/p>\n<p><a style=\"font-size: 14px;line-height: 22.4px;text-align: -webkit-center\" href=\"http:\/\/www.edu.xunta.es\/espazoAbalar\/sites\/espazoAbalar\/files\/datos\/1327571996\/contido\/cm008_oa05_es\/index.html\" target=\"_blank\" rel=\"noopener\">\u00d3RGANO DEL OLFATO<\/a><\/p>\n<p><a style=\"font-size: 14px;line-height: 22.4px;text-align: -webkit-center\" href=\"http:\/\/www.ceiploreto.es\/sugerencias\/animaciones\/ciencias\/gusto[1].swf\" target=\"_blank\" rel=\"noopener\">EL GUSTO<\/a><\/p>\n<p><a style=\"font-size: 14px;line-height: 22.4px;text-align: -webkit-center\" href=\"http:\/\/www.edu.xunta.es\/espazoAbalar\/sites\/espazoAbalar\/files\/datos\/1327571996\/contido\/cm008_oa03_es\/index.html\" target=\"_blank\" rel=\"noopener\">\u00d3RGANO DEL GUSTO<\/a><\/p>\n<p><a style=\"font-size: 14px;line-height: 22.4px;text-align: -webkit-center\" href=\"http:\/\/www.ceiploreto.es\/sugerencias\/animaciones\/ciencias\/tacto[1].swf\" target=\"_blank\" rel=\"noopener\">EL TACTO<\/a><\/p>\n<p><a style=\"font-size: 14px;line-height: 22.4px;text-align: -webkit-center\" href=\"http:\/\/www.edu.xunta.es\/espazoAbalar\/sites\/espazoAbalar\/files\/datos\/1327571996\/contido\/cm008_oa04_es\/index.html\" target=\"_blank\" rel=\"noopener\">\u00d3RGANO DEL TACTO<\/a><\/p>\n<p><a style=\"font-size: 14px;line-height: 22.4px;text-align: -webkit-center\" href=\"http:\/\/www.primaria.librosvivos.net\/archivosCMS\/3\/3\/16\/usuarios\/103294\/9\/olfato_cono3EP_ud3_02\/frame_prim.swf\" target=\"_blank\" rel=\"noopener\">EL OLFATO, EL GUSTO Y EL TACTO I<\/a><\/p>\n<p><a style=\"font-size: 14px;line-height: 22.4px;text-align: -webkit-center\" href=\"http:\/\/ww2.educarchile.cl\/UserFiles\/P0024\/File\/skoool\/2010\/Ciencia\/smell_and_taste\/\" target=\"_blank\" rel=\"noopener\">LOS SENTIDOS: OLFATO Y GUSTO<\/a><\/p>\n<p><a style=\"font-size: 14px;line-height: 22.4px;text-align: -webkit-center\" href=\"http:\/\/ww2.educarchile.cl\/UserFiles\/P0024\/File\/skoool\/2010\/Ciencia\/skin\/\" target=\"_blank\" rel=\"noopener\">LOS SENTIDOS: LA PIEL<\/a><\/p>\n<p><a style=\"font-size: 14px;line-height: 22.4px;text-align: -webkit-center\" href=\"http:\/\/www.educa.madrid.org\/web\/cp.conchaespina.madrid\/potatoes\/sentidos\/index.htm\" target=\"_blank\" rel=\"noopener\">LOS SENTIDOS I<\/a><\/p>\n<p><a style=\"font-size: 14px;line-height: 22.4px;text-align: -webkit-center\" href=\"http:\/\/roble.pntic.mec.es\/aorc0018\/3tema7\/unidad7.html\" target=\"_blank\" rel=\"noopener\">LOS SENTIDOS II<\/a><\/p>\n<p><a style=\"font-size: 14px;line-height: 22.4px;text-align: -webkit-center\" href=\"http:\/\/rea.ceibal.edu.uy\/UserFiles\/P0001\/ODEA\/ORIGINAL\/100722_gusto_arreglado.elp\/\" target=\"_blank\" rel=\"noopener\">EL SENTIDO DEL GUSTO<\/a><\/p>\n<p><a style=\"font-size: 14px;line-height: 22.4px;text-align: -webkit-center\" href=\"http:\/\/www.ceiploreto.es\/sugerencias\/cplosangeles.juntaextremadura.net\/web\/curso_4\/naturales_4\/el_olfato\/el_olfato.html\" target=\"_blank\" rel=\"noopener\">EL OLFATO, EL GUSTO Y EL TACTO II<\/a><\/p>\n<p><a style=\"font-size: 14px;line-height: 22.4px;text-align: -webkit-center\" href=\"http:\/\/bromera.com\/tl_files\/activitatsdigitals\/Natura_3c_PF\/natura3_cas_u5_pag14_9.swf\" target=\"_blank\" rel=\"noopener\">LAS PAPILAS GUSTATIVAS<\/a><\/p>\n<p><a style=\"font-size: 14px;line-height: 22.4px;text-align: -webkit-center\" href=\"http:\/\/www.ceiploreto.es\/sugerencias\/cplosangeles.juntaextremadura.net\/web\/curso_4\/naturales_4\/sentidos\/indice.htm\" target=\"_blank\" rel=\"noopener\">LOS \u00d3RGANOS DE LOS SENTIDOS I<\/a><\/p>\n<p><a style=\"font-size: 14px;line-height: 22.4px;text-align: -webkit-center\" href=\"http:\/\/www.ceiploreto.es\/sugerencias\/cplosangeles.juntaextremadura.net\/web\/curso_4\/naturales_4\/organos_sentidos_4\/organos_sentidos_4.html\" target=\"_blank\" rel=\"noopener\">LOS \u00d3RGANOS DE LOS SENTIDOS II<\/a><\/p>\n<p><a style=\"font-size: 14px;line-height: 22.4px;text-align: -webkit-center\" href=\"http:\/\/www.primerodecarlos.com\/TERCERO_PRIMARIA\/archivos\/Anaya3Cono\/2\/act_02.swf\" target=\"_blank\" rel=\"noopener\">EL CUIDADO DE LOS \u00d3RGANOS DE LOS SENTIDOS<\/a><\/p>\n<p><strong>El aparato locomotor<\/strong><\/p>\n<p><a style=\"font-size: 14px;line-height: 22.4px;text-align: -webkit-center\" href=\"http:\/\/ares.cnice.mec.es\/ciengehi\/b\/00\/animaciones\/a_fb05_06.html\" target=\"_blank\" rel=\"noopener\">EL APARATO LOCOMOTOR<\/a><\/p>\n<p><a style=\"font-size: 14px;line-height: 22.4px;text-align: -webkit-center\" href=\"http:\/\/ww2.educarchile.cl\/UserFiles\/P0024\/File\/skoool\/2010\/Ciencia\/how_my_body_moves\/\" target=\"_blank\" rel=\"noopener\">EL MOVIMIENTO DE MI CUERPO<\/a><\/p>\n<p><a style=\"font-size: 14px;line-height: 22.4px;text-align: -webkit-center\" href=\"http:\/\/ww2.educarchile.cl\/UserFiles\/P0024\/File\/skoool\/2010\/Ciencia\/body_frame_functions\/\" target=\"_blank\" rel=\"noopener\">MI CUERPO: SUS FUNCIONES<\/a><\/p>\n<p><a style=\"font-size: 14px;line-height: 22.4px;text-align: -webkit-center\" href=\"http:\/\/www.eltanquematematico.es\/cuerpohumano\/chumano_p.html\" target=\"_blank\" rel=\"noopener\">ESQUELETO DEL CUERPO<\/a><\/p>\n<p><a style=\"font-size: 14px;line-height: 22.4px;text-align: -webkit-center\" href=\"http:\/\/ww2.educarchile.cl\/UserFiles\/P0024\/File\/skoool\/2010\/Ciencia\/body_frame_skeleton\/\" target=\"_blank\" rel=\"noopener\">EL ESQUELETO I<\/a><\/p>\n<p><a style=\"font-size: 14px;line-height: 22.4px;text-align: -webkit-center\" href=\"http:\/\/www.edu.xunta.es\/espazoAbalar\/sites\/espazoAbalar\/files\/datos\/1351156537\/contido\/contenido\/cm009_oa01_es\/index.html\" target=\"_blank\" rel=\"noopener\">EL ESQUELETO II<\/a><\/p>\n<p><a style=\"font-size: 14px;line-height: 22.4px;text-align: -webkit-center\" href=\"http:\/\/www.eltanquematematico.es\/cuerpohumano\/chumano_p.html\" target=\"_blank\" rel=\"noopener\">M\u00daSCULOS DEL CUERPO<\/a><\/p>\n<p><a style=\"font-size: 14px;line-height: 22.4px;text-align: -webkit-center\" href=\"http:\/\/www.ceiploreto.es\/sugerencias\/averroes\/educativa\/musculos.html\" target=\"_blank\" rel=\"noopener\">LOS M\u00daSCULOS I<\/a><\/p>\n<p><a style=\"font-size: 14px;line-height: 22.4px;text-align: -webkit-center\" href=\"http:\/\/www.ceiploreto.es\/sugerencias\/cuerpo_humano\/elcuerpohumano.swf\" target=\"_blank\" rel=\"noopener\">M\u00daSCULOS O HUESOS<\/a><\/p>\n<p><a style=\"font-size: 14px;line-height: 22.4px;text-align: -webkit-center\" href=\"http:\/\/catedu.es\/chuegos\/mill.swf\" target=\"_blank\" rel=\"noopener\">JUEGO: \u00bfQUIERES SER MILLONARIO?<\/a><\/p>\n<p><a style=\"font-size: 14px;line-height: 22.4px;text-align: -webkit-center\" href=\"http:\/\/roble.pntic.mec.es\/aorc0018\/3tema1\/unidad1.html\" target=\"_blank\" rel=\"noopener\">LOS HUESOS<\/a><\/p>\n<p><a style=\"font-size: 14px;line-height: 22.4px;text-align: -webkit-center\" href=\"http:\/\/roble.pntic.mec.es\/aorc0018\/3tema4\/unidad4.html\" target=\"_blank\" rel=\"noopener\">LOS M\u00daSCULOS II<\/a><\/p>\n<p><a style=\"font-size: 14px;line-height: 22.4px;text-align: -webkit-center\" href=\"http:\/\/rea.ceibal.edu.uy\/UserFiles\/P0001\/ODEA\/ORIGINAL\/110523_calcio.elp\/index.html\" target=\"_blank\" rel=\"noopener\">AMIGOS INSEPARABLES: EL CALCIO Y LOS HUESOS<\/a><\/p>\n<p><a style=\"font-size: 14px;line-height: 22.4px;text-align: -webkit-center\" href=\"http:\/\/www.ceiploreto.es\/sugerencias\/averroes\/virgen_cabeza\/tic\/ciclo2\/huesos.html\" target=\"_blank\" rel=\"noopener\">Caza del tesoro: LOS HUESOS<\/a><\/p>\n<p><a style=\"font-size: 14px;line-height: 22.4px;text-align: -webkit-center\" href=\"http:\/\/www.educa.jcyl.es\/educacyl\/cm\/gallery\/Recursos%20Boecillo\/conocimiento\/entorno2\/index.htm\" target=\"_blank\" rel=\"noopener\">MUEVE EL ESQUELETO<\/a><\/p>\n<p><a style=\"font-size: 14px;line-height: 22.4px;text-align: -webkit-center\" href=\"http:\/\/www.ceiploreto.es\/sugerencias\/cplosangeles.juntaextremadura.net\/web\/curso_4\/naturales_4\/cuerpo_mueve\/cuerpo_mueve.html\" target=\"_blank\" rel=\"noopener\">EL CUERPO SE MUEVE<\/a><\/p>\n<p><span style=\"font-size: 14px;line-height: 22.4px;text-align: -webkit-center\">REPASO:&nbsp;<\/span><a style=\"font-size: 14px;line-height: 22.4px;text-align: -webkit-center\" href=\"http:\/\/www.juntadeandalucia.es\/averroes\/centros-tic\/14001529\/helvia\/aula\/archivos\/_6\/html\/264\/conocimiento%20medio%20santillana\/contenido\/3.taller\/actividades\/aparatolocomotor\/es_carcasa.html\" target=\"_blank\" rel=\"noopener\">1<\/a><span style=\"font-size: 14px;line-height: 22.4px;text-align: -webkit-center\">&nbsp;<\/span><a style=\"font-size: 14px;line-height: 22.4px;text-align: -webkit-center\" href=\"http:\/\/www.juntadeandalucia.es\/averroes\/centros-tic\/14001529\/helvia\/aula\/archivos\/_6\/html\/264\/conocimiento%20medio%20santillana\/contenido\/3.taller\/actividades\/huesosdelcuerpohumano\/es_carcasa.html\" target=\"_blank\" rel=\"noopener\">2<\/a><span style=\"font-size: 14px;line-height: 22.4px;text-align: -webkit-center\">&nbsp;<\/span><a style=\"font-size: 14px;line-height: 22.4px;text-align: -webkit-center\" href=\"http:\/\/www.juntadeandalucia.es\/averroes\/centros-tic\/14001529\/helvia\/aula\/archivos\/_6\/html\/264\/conocimiento%20medio%20santillana\/contenido\/2.biblio_recursos\/animaciones\/a_elcuerpoII\/es_animacion.html\" target=\"_blank\" rel=\"noopener\">3<\/a><span style=\"font-size: 14px;line-height: 22.4px;text-align: -webkit-center\">&nbsp;<\/span><a style=\"font-size: 14px;line-height: 22.4px;text-align: -webkit-center\" href=\"http:\/\/www.juntadeandalucia.es\/averroes\/centros-tic\/14001529\/helvia\/aula\/archivos\/_6\/html\/264\/conocimiento%20medio%20santillana\/contenido\/3.taller\/actividades\/losmusculosyloshuesos\/es_carcasa.html\" target=\"_blank\" rel=\"noopener\">4<\/a><\/p>\n<p><strong>La funci\u00f3n de reproducci\u00f3n<\/strong><\/p>\n<p><a style=\"font-size: 14px;line-height: 22.4px;text-align: -webkit-center\" href=\"http:\/\/ares.cnice.mec.es\/ciengehi\/b\/00\/animaciones\/a_fb04_03.html\" target=\"_blank\" rel=\"noopener\">LA REPRODUCCI\u00d3N<\/a><\/p>\n<p><a style=\"font-size: 14px;line-height: 22.4px;text-align: -webkit-center\" href=\"http:\/\/ares.cnice.mec.es\/ciengehi\/b\/00\/animaciones\/a_fb05_02.html\" target=\"_blank\" rel=\"noopener\">EL APARATO REPRODUCTOR<\/a><\/p>\n<p><a style=\"font-size: 14px;line-height: 22.4px;text-align: -webkit-center\" href=\"http:\/\/www.primaria.librosvivos.net\/archivosCMS\/3\/3\/16\/usuarios\/103294\/9\/4epcmc2_ud3_a02_cas\/frame_prim.swf\" target=\"_blank\" rel=\"noopener\">APARATOS REPRODUCTORES<\/a><\/p>\n<p><a style=\"font-size: 14px;line-height: 22.4px;text-align: -webkit-center\" href=\"http:\/\/blog.educastur.es\/ciclo2\/files\/2007\/10\/la-fecundacion.swf\" target=\"_blank\" rel=\"noopener\">LA FECUNDACI\u00d3N<\/a><\/p>\n<p><a style=\"font-size: 14px;line-height: 22.4px;text-align: -webkit-center\" href=\"http:\/\/ww2.educarchile.cl\/UserFiles\/P0024\/File\/skoool\/biologia\/fertilizacion%20humana\/index.html\" target=\"_blank\" rel=\"noopener\">LA FECUNDACI\u00d3N HUMANA<\/a><\/p>\n<p><a style=\"font-size: 14px;line-height: 22.4px;text-align: -webkit-center\" href=\"http:\/\/ww2.educarchile.cl\/UserFiles\/P0024\/File\/skoool\/biologia\/sistema%20reproductivo%20masculino\/index.html\" target=\"_blank\" rel=\"noopener\">EL SISTEMA REPRODUCTOR MASCULINO<\/a><\/p>\n<p><a style=\"font-size: 14px;line-height: 22.4px;text-align: -webkit-center\" href=\"http:\/\/ww2.educarchile.cl\/UserFiles\/P0024\/File\/skoool\/biologia\/sistema%20reproductivo%20femenino\/index.html\" target=\"_blank\" rel=\"noopener\">EL SISTEMA REPRODUCTOR FEMENINO<\/a><\/p>\n<p><a style=\"font-size: 14px;line-height: 22.4px;text-align: -webkit-center\" href=\"http:\/\/www.ceiploreto.es\/sugerencias\/animaciones\/ciencias\/embarazo.swf\" target=\"_blank\" rel=\"noopener\">EL EMBARAZO I<\/a><\/p>\n<p><a style=\"font-size: 14px;line-height: 22.4px;text-align: -webkit-center\" href=\"http:\/\/www.ceiploreto.es\/sugerencias\/animaciones\/ciencias\/embara[1].swf\" target=\"_blank\" rel=\"noopener\">FASES DEL EMBARAZO Y PARTO<\/a><\/p>\n<p><a style=\"font-size: 14px;line-height: 22.4px;text-align: -webkit-center\" href=\"http:\/\/www.ceiploreto.es\/sugerencias\/animaciones\/ciencias\/parto.swf\" target=\"_blank\" rel=\"noopener\">EL PARTO I<\/a><\/p>\n<p><a style=\"font-size: 14px;line-height: 22.4px;text-align: -webkit-center\" href=\"http:\/\/www.ceiploreto.es\/sugerencias\/animaciones\/ciencias\/parto[1].swf\" target=\"_blank\" rel=\"noopener\">EL PARTO II<\/a><\/p>\n<p><a style=\"font-size: 14px;line-height: 22.4px;text-align: -webkit-center\" href=\"http:\/\/www.primaria.librosvivos.net\/archivosCMS\/3\/3\/16\/usuarios\/103294\/9\/cm4_u3_act1_bb\/frame_prim.swf\" target=\"_blank\" rel=\"noopener\">EL EMBARAZO II<\/a><\/p>\n<p><a style=\"font-size: 14px;line-height: 22.4px;text-align: -webkit-center\" href=\"http:\/\/blog.educastur.es\/ciclo2\/files\/2007\/10\/etapas-embarazo.swf\" target=\"_blank\" rel=\"noopener\">EL EMBARAZO III<\/a><\/p>\n<p><a style=\"font-size: 14px;line-height: 22.4px;text-align: -webkit-center\" href=\"http:\/\/ww2.educarchile.cl\/UserFiles\/P0024\/File\/skoool\/biologia\/embarazo\/pregnancy\/index.html\" target=\"_blank\" rel=\"noopener\">EL EMBARAZO IV<\/a><\/p>\n<p><a style=\"font-size: 14px;line-height: 22.4px;text-align: -webkit-center\" href=\"http:\/\/ww2.educarchile.cl\/UserFiles\/P0024\/File\/skoool\/biologia\/nacimiento\/birth\/index.html\" target=\"_blank\" rel=\"noopener\">EL PARTO III<\/a><\/p>\n<p><a style=\"font-size: 14px;line-height: 22.4px;text-align: -webkit-center\" href=\"http:\/\/www.ceiploreto.es\/sugerencias\/cplosangeles.juntaextremadura.net\/web\/curso_4\/naturales_4\/embarazo\/indice.htm\" target=\"_blank\" rel=\"noopener\">EL EMBARAZO V<\/a><\/p>\n<p><a style=\"font-size: 14px;line-height: 22.4px;text-align: -webkit-center\" href=\"http:\/\/agrega2.red.es\/\/repositorio\/01022010\/6e\/es_2009063013_7240110\/index.html\" target=\"_blank\" rel=\"noopener\">LA REPRODUCCI\u00d3N Y EL EMBARAZO<\/a><\/p>\n<p><a style=\"font-size: 14px;line-height: 22.4px;text-align: -webkit-center\" href=\"http:\/\/agrega.juntadeandalucia.es\/\/repositorio\/12042010\/14\/es-an_2010041213_9130952\/index.html\" target=\"_blank\" rel=\"noopener\">LA REPRODUCCI\u00d3N Y EL EMBARAZO<\/a><\/p>\n<p><strong>Investigamos sobre los primeros auxilios<\/strong><\/p>\n<p><a style=\"font-size: 14px;line-height: 22.4px;text-align: -webkit-center\" href=\"http:\/\/www.cruzroja.es\/cre\/2006_7_FR\/matcurfad\/juegoppaa\/index.html\" target=\"_blank\" rel=\"noopener\">EL JUEGO DE LOS PRIMEROS AUXILIOS<\/a><\/p>\n<p><a style=\"font-size: 14px;line-height: 22.4px;text-align: -webkit-center\" href=\"http:\/\/www.dgt.es\/PEVI\/contenidos\/Externos\/recursos_didacticos\/otros_ambitos\/infancia\/guia_accidentes\/index.html\" target=\"_blank\" rel=\"noopener\">\u00bfQU\u00c9 PODEMOS HACER PARA AYUDAR EN UN ACCIDENTE?<\/a><\/p>\n<p><a style=\"font-size: 14px;line-height: 22.4px;text-align: -webkit-center\" href=\"http:\/\/www.ceiploreto.es\/sugerencias\/cplosangeles.juntaextremadura.net\/web\/curso_4\/naturales_4\/prevencion_accidentes_4\/prevencion_accidentes_4.html\" target=\"_blank\" rel=\"noopener\">PREVENCI\u00d3N DE ACCIDENTES<\/a><\/p>\n<p><a style=\"font-size: 14px;line-height: 22.4px;text-align: -webkit-center\" href=\"http:\/\/www.primaria.librosvivos.net\/actividades\/flashActividadesPrimariaPub\/examen.swf?idejecucion=1610\" target=\"_blank\" rel=\"noopener\">AUTOEVALUACI\u00d3N DE LA UNIDAD I<\/a><\/p>\n<p><a style=\"font-size: 14px;line-height: 22.4px;text-align: -webkit-center\" href=\"http:\/\/www.primaria.librosvivos.net\/actividades\/flashActividadesPrimariaPub\/examen.swf?idejecucion=1622\" target=\"_blank\" rel=\"noopener\">AUTOEVALUACI\u00d3N DE LA UNIDAD II<\/a><\/p>\n<p><a style=\"font-size: 14px;line-height: 22.4px;text-align: -webkit-center\" href=\"http:\/\/www.testeando.es\/test.asp?idA=56&amp;idT=qyacxkyo\" target=\"_blank\" rel=\"noopener\">TEST: EL CUERPO HUMANO<\/a><\/p>\n<p><a style=\"font-size: 14px;line-height: 22.4px;text-align: -webkit-center\" href=\"http:\/\/www.ceiploreto.es\/sugerencias\/cplosangeles.juntaextremadura.net\/web\/curso_4\/naturales_4\/funcion_relacion_4\/funcion_relacion_4.html\" target=\"_blank\" rel=\"noopener\">LA FUNCI\u00d3N DE RELACI\u00d3N<\/a><\/p>\n<p><a style=\"font-size: 14px;line-height: 22.4px;text-align: -webkit-center\" href=\"http:\/\/www.ceiploreto.es\/sugerencias\/cplosangeles.juntaextremadura.net\/web\/curso_4\/naturales_4\/funcion_reproduccion_4\/funcion_reproduccion_4.html\" target=\"_blank\" rel=\"noopener\">LA FUNCI\u00d3N DE REPRODUCCI\u00d3N<\/a><\/p>\n","protected":false},"excerpt":{"rendered":"<p>Nuestro cuerpo funciona La funci\u00f3n de relaci\u00f3n LA RELACI\u00d3N LA FUNCI\u00d3N DE RELACI\u00d3N La vista y el o\u00eddo LOS SENTIDOS I LA VISTA EL OJO I LOS SENTIDOS: LOS OJOS Y LA VISTA \u00d3RGANO DE LA VISTA EL OJO II EL SENTIDO DE LA VISTA I LOS SENTIDOS II EL SENTIDO DE LA VISTA II &hellip; <\/p>\n<p><a class=\"more-link btn\" href=\"https:\/\/blogsaverroes.juntadeandalucia.es\/ceipaznaitin\/ciencias-naturales-4o-tema-4\/\">Seguir leyendo<\/a><\/p>\n","protected":false},"author":2805,"featured_media":0,"parent":0,"menu_order":0,"comment_status":"closed","ping_status":"closed","template":"","meta":{"ngg_post_thumbnail":0,"footnotes":"","_mc_calendar":[]},"aioseo_notices":[],"_links":{"self":[{"href":"https:\/\/blogsaverroes.juntadeandalucia.es\/ceipaznaitin\/wp-json\/wp\/v2\/pages\/3520"}],"collection":[{"href":"https:\/\/blogsaverroes.juntadeandalucia.es\/ceipaznaitin\/wp-json\/wp\/v2\/pages"}],"about":[{"href":"https:\/\/blogsaverroes.juntadeandalucia.es\/ceipaznaitin\/wp-json\/wp\/v2\/types\/page"}],"author":[{"embeddable":true,"href":"https:\/\/blogsaverroes.juntadeandalucia.es\/ceipaznaitin\/wp-json\/wp\/v2\/users\/2805"}],"replies":[{"embeddable":true,"href":"https:\/\/blogsaverroes.juntadeandalucia.es\/ceipaznaitin\/wp-json\/wp\/v2\/comments?post=3520"}],"version-history":[{"count":11,"href":"https:\/\/blogsaverroes.juntadeandalucia.es\/ceipaznaitin\/wp-json\/wp\/v2\/pages\/3520\/revisions"}],"predecessor-version":[{"id":3533,"href":"https:\/\/blogsaverroes.juntadeandalucia.es\/ceipaznaitin\/wp-json\/wp\/v2\/pages\/3520\/revisions\/3533"}],"wp:attachment":[{"href":"https:\/\/blogsaverroes.juntadeandalucia.es\/ceipaznaitin\/wp-json\/wp\/v2\/media?parent=3520"}],"curies":[{"name":"wp","href":"https:\/\/api.w.org\/{rel}","templated":true}]}}