{"id":4158,"date":"2018-02-19T14:36:32","date_gmt":"2018-02-19T12:36:32","guid":{"rendered":"http:\/\/blogsaverroes.juntadeandalucia.es\/ceipaznaitin\/?page_id=4158"},"modified":"2018-02-19T14:41:08","modified_gmt":"2018-02-19T12:41:08","slug":"lengua-castellana-3o-tema-9","status":"publish","type":"page","link":"https:\/\/blogsaverroes.juntadeandalucia.es\/ceipaznaitin\/lengua-castellana-3o-tema-9\/","title":{"rendered":"Lengua Castellana 3\u00ba Tema 9"},"content":{"rendered":"<p><strong>\u00bfMe puedes indicar&#8230;?<\/strong><\/p>\n<p><strong>El verbo I. Las formas verbales. La persona y el n\u00famero<\/strong><\/p>\n<p><a href=\"http:\/\/www.primaria.librosvivos.net\/archivosCMS\/3\/3\/16\/usuarios\/103294\/9\/len3_u11_actb\/frame_prim.swf\" target=\"_blank\" rel=\"noopener\">EL VERBO: EL INFINITIVO<\/a><\/p>\n<p><a style=\"font-size: 14px;text-align: -webkit-center\" href=\"http:\/\/www.ceiploreto.es\/sugerencias\/A_1\/Recursosdidacticos\/TERCERO\/datos\/02_Lengua\/datos\/rdi\/U11\/04.htm\" target=\"_blank\" rel=\"noopener\">EL VERBO I<\/a><\/p>\n<p><a style=\"font-size: 14px;text-align: -webkit-center\" href=\"http:\/\/www.ceiploreto.es\/sugerencias\/cplosangeles.juntaextremadura.net\/web\/curso_3\/lengua\/verbo\/indice.htm\" target=\"_blank\" rel=\"noopener\">EL VERBO II<\/a><\/p>\n<p><a style=\"font-size: 14px;text-align: -webkit-center\" href=\"http:\/\/www.ceiploreto.es\/sugerencias\/cplosangeles.juntaextremadura.net\/web\/curso_3\/lengua\/verbo_3\/verbo_3.html\" target=\"_blank\" rel=\"noopener\">EL VERBO III<\/a><\/p>\n<p><a style=\"font-size: 14px;text-align: -webkit-center\" href=\"http:\/\/www.ceiploreto.es\/sugerencias\/tic2.sepdf.gob.mx\/scorm\/oas\/esp\/tercero\/16\/intro.swf\" target=\"_blank\" rel=\"noopener\">\u00a1NOMBREMOS DIFERENTES ACTIVIDADES!<\/a><\/p>\n<p><a style=\"font-size: 14px;text-align: -webkit-center\" href=\"http:\/\/bromera.com\/tl_files\/activitatsdigitals\/Tilde_3_PF\/tilde3_u11_pag40_2.swf\" target=\"_blank\" rel=\"noopener\">LAS CONJUGACIONES<\/a><\/p>\n<p><a style=\"font-size: 14px;text-align: -webkit-center\" href=\"http:\/\/www.ceiploreto.es\/sugerencias\/cplosangeles.juntaextremadura.net\/web\/curso_3\/gramatica_3\/verbo_3\/verbo01.htm\" target=\"_blank\" rel=\"noopener\">EL VERBO IV<\/a><\/p>\n<p><a style=\"font-size: 14px;text-align: -webkit-center\" href=\"http:\/\/www.primaria.librosvivos.net\/archivosCMS\/3\/3\/16\/usuarios\/103294\/9\/len3_u13_act\/frame_prim.swf\" target=\"_blank\" rel=\"noopener\">EL VERBO: N\u00daMERO Y PERSONA<\/a><\/p>\n<p><a style=\"font-size: 14px;text-align: -webkit-center\" href=\"http:\/\/www.juntadeandalucia.es\/averroes\/centros-tic\/41009470\/helvia\/aula\/archivos\/repositorio\/0\/188\/html\/recursos\/U09\/recursos\/fl_detresentres\/es_carcasa.html\" target=\"_blank\" rel=\"noopener\">DE TRES EN TRES<\/a><\/p>\n<p><a style=\"font-size: 14px;text-align: -webkit-center\" href=\"http:\/\/agrega2.red.es\/\/repositorio\/01022010\/5c\/es_2009091713_2966965\/lc008_oa01_es\/index.html\" target=\"_blank\" rel=\"noopener\">PERSONA Y N\u00daMERO<\/a><\/p>\n<p><a href=\"http:\/\/clic.xtec.cat\/db\/jclicApplet.jsp?project=http:\/\/clic.xtec.cat\/projects\/verbos\/jclic\/verbos.jclic.zip&amp;lang=es&amp;title=Los+verbos+-+1\" target=\"_blank\" rel=\"noopener\">N\u00famero y persona<\/a><\/p>\n<p><strong>La b en los verbos<\/strong><\/p>\n<p><a href=\"http:\/\/www.reglasdeortografia.com\/b05a.html\" target=\"_blank\" rel=\"noopener\">VERBOS TERMINADOS EN -BIR<\/a><\/p>\n<p><a style=\"font-size: 14px;text-align: -webkit-center\" href=\"http:\/\/www.ceiploreto.es\/sugerencias\/A_1\/Recursosdidacticos\/TERCERO\/datos\/02_Lengua\/datos\/rdi\/U13\/03.htm\" target=\"_blank\" rel=\"noopener\">VERBOS QUE TERMINAN EN -BIR<\/a><\/p>\n<p><a style=\"font-size: 14px;text-align: -webkit-center\" href=\"http:\/\/www.reglasdeortografia.com\/b04a.html\" target=\"_blank\" rel=\"noopener\">VERBOS TERMINADOS EN -ABA I<\/a><\/p>\n<p><a style=\"font-size: 14px;text-align: -webkit-center\" href=\"http:\/\/www.ceiploreto.es\/sugerencias\/A_1\/Recursosdidacticos\/TERCERO\/datos\/02_Lengua\/datos\/rdi\/U12\/03.htm\" target=\"_blank\" rel=\"noopener\">VERBOS TERMINADOS EN -ABA II<\/a><\/p>\n<p><a style=\"font-size: 14px;text-align: -webkit-center\" href=\"http:\/\/www.ceipjuanherreraalcausa.es\/Recursosdidacticos\/ANAYA%20DIGITAL\/TERCERO\/Lengua\/ortogrgcfhgfhafia_p133\/index.html\" target=\"_blank\" rel=\"noopener\">VERBOS TERMINADOS EN -ABA, -ABAS<\/a><\/p>\n<p><a href=\"http:\/\/clic.xtec.cat\/db\/jclicApplet.jsp?project=http:\/\/clic.xtec.cat\/projects\/ortogra2\/jclic\/ortogra2.jclic.zip&amp;lang=es&amp;title=Ortograf%EDa+para+4%BA+EP\" target=\"_blank\" rel=\"noopener\">Ortograf\u00eda<\/a><\/p>\n<p><strong>La leyenda<\/strong><\/p>\n<p><a href=\"http:\/\/bisserver.be\/online\/spaans\/sp07\/sp07_047_0v02\/html\/www.kokone.com.mx\/leer\/leyendas\/iguana\/home.html\" target=\"_blank\" rel=\"noopener\">LEYENDAS I<\/a><\/p>\n<p><a href=\"http:\/\/ceibal.edu.uy\/UserFiles\/P0001\/ODEA\/ORIGINAL\/091029wqleyendas.elp\/\" target=\"_blank\" rel=\"noopener\">WebQuest: AS\u00cd SON LAS LEYENDAS<\/a><\/p>\n<p><a href=\"http:\/\/www.ceiploreto.es\/sugerencias\/tic2.sepdf.gob.mx\/scorm\/oas\/esp\/tercero\/03\/intro.swf\" target=\"_blank\" rel=\"noopener\">\u00a1CU\u00c9NTAME UNA LEYENDA!<\/a><\/p>\n<p><a href=\"http:\/\/agrega.catedu.es\/repositorio\/17052010\/60\/es-ar_2010051712_9123537\/contenido\/oa.swf\" target=\"_blank\" rel=\"noopener\">LEYENDAS II<\/a><\/p>\n","protected":false},"excerpt":{"rendered":"<p>\u00bfMe puedes indicar&#8230;? El verbo I. Las formas verbales. La persona y el n\u00famero EL VERBO: EL INFINITIVO EL VERBO I EL VERBO II EL VERBO III \u00a1NOMBREMOS DIFERENTES ACTIVIDADES! LAS CONJUGACIONES EL VERBO IV EL VERBO: N\u00daMERO Y PERSONA DE TRES EN TRES PERSONA Y N\u00daMERO N\u00famero y persona La b en los verbos &hellip; <\/p>\n<p><a class=\"more-link btn\" href=\"https:\/\/blogsaverroes.juntadeandalucia.es\/ceipaznaitin\/lengua-castellana-3o-tema-9\/\">Seguir leyendo<\/a><\/p>\n","protected":false},"author":2805,"featured_media":0,"parent":0,"menu_order":0,"comment_status":"closed","ping_status":"closed","template":"","meta":{"ngg_post_thumbnail":0,"footnotes":"","_mc_calendar":[]},"aioseo_notices":[],"_links":{"self":[{"href":"https:\/\/blogsaverroes.juntadeandalucia.es\/ceipaznaitin\/wp-json\/wp\/v2\/pages\/4158"}],"collection":[{"href":"https:\/\/blogsaverroes.juntadeandalucia.es\/ceipaznaitin\/wp-json\/wp\/v2\/pages"}],"about":[{"href":"https:\/\/blogsaverroes.juntadeandalucia.es\/ceipaznaitin\/wp-json\/wp\/v2\/types\/page"}],"author":[{"embeddable":true,"href":"https:\/\/blogsaverroes.juntadeandalucia.es\/ceipaznaitin\/wp-json\/wp\/v2\/users\/2805"}],"replies":[{"embeddable":true,"href":"https:\/\/blogsaverroes.juntadeandalucia.es\/ceipaznaitin\/wp-json\/wp\/v2\/comments?post=4158"}],"version-history":[{"count":6,"href":"https:\/\/blogsaverroes.juntadeandalucia.es\/ceipaznaitin\/wp-json\/wp\/v2\/pages\/4158\/revisions"}],"predecessor-version":[{"id":4165,"href":"https:\/\/blogsaverroes.juntadeandalucia.es\/ceipaznaitin\/wp-json\/wp\/v2\/pages\/4158\/revisions\/4165"}],"wp:attachment":[{"href":"https:\/\/blogsaverroes.juntadeandalucia.es\/ceipaznaitin\/wp-json\/wp\/v2\/media?parent=4158"}],"curies":[{"name":"wp","href":"https:\/\/api.w.org\/{rel}","templated":true}]}}