{"id":4330,"date":"2018-02-21T11:56:49","date_gmt":"2018-02-21T09:56:49","guid":{"rendered":"http:\/\/blogsaverroes.juntadeandalucia.es\/ceipaznaitin\/?page_id=4330"},"modified":"2018-02-21T12:06:00","modified_gmt":"2018-02-21T10:06:00","slug":"matematicas-3o-tema-10","status":"publish","type":"page","link":"https:\/\/blogsaverroes.juntadeandalucia.es\/ceipaznaitin\/matematicas-3o-tema-10\/","title":{"rendered":"Matem\u00e1ticas 3\u00ba Tema 10"},"content":{"rendered":"<p><strong>Rectas, \u00e1ngulos y movimientos<\/strong><\/p>\n<p><strong>Contenidos previos<\/strong><\/p>\n<p><a href=\"http:\/\/www.ceiploreto.es\/sugerencias\/cp.juan.de.la.cosa\/Actividadespdimates2\/01\/02\/01\/010201.swf\" target=\"_blank\" rel=\"noopener\">TIPOS DE L\u00cdNEAS I<\/a><\/p>\n<p><a href=\"http:\/\/bromera.com\/tl_files\/activitatsdigitals\/capicua_2c_PF\/CAPICUA2-U1-PAG09-CAS.swf\" target=\"_blank\" rel=\"noopener\">TIPOS DE L\u00cdNEAS II<\/a><\/p>\n<p><a href=\"http:\/\/www.ceiploreto.es\/sugerencias\/A_1\/Recursosdidacticos\/TERCERO\/datos\/03_mates\/U11\/01.htm\" target=\"_blank\" rel=\"noopener\">TIPOS DE L\u00cdNEAS. CLAIFICACI\u00d3N<\/a><\/p>\n<p><strong>Tipos de rectas<\/strong><\/p>\n<p><a href=\"http:\/\/genmagic.org\/mates1\/ra1c.swf\" target=\"_blank\" rel=\"noopener\">RECTAS Y \u00c1NGULOS<\/a><\/p>\n<p><a href=\"http:\/\/www.juntadeandalucia.es\/averroes\/centros-tic\/14001529\/helvia\/aula\/archivos\/_6\/html\/262\/santillana%20matematicas%202%C2%BA%20ciclo\/contenido\/2.biblio_recursos\/animaciones\/a_universodelasrectas\/es_animacion.html\" target=\"_blank\" rel=\"noopener\">EL UNIVERSO DE LAS RECTAS<\/a><\/p>\n<p><a href=\"http:\/\/www.primaria.librosvivos.net\/archivosCMS\/3\/3\/16\/usuarios\/103294\/9\/mate3EP_ud13_dibujarrectas\/frame_prim.swf\" target=\"_blank\" rel=\"noopener\">RECTAS QUE SE CORTAN<\/a><\/p>\n<p><a href=\"http:\/\/clic.xtec.cat\/db\/jclicApplet.jsp?project=http:\/\/clic.xtec.cat\/projects\/geo2prim\/jclic\/geo2prim.jclic.zip&amp;lang=es&amp;title=Actividades+de+geometr%C3%ADa+para+primaria\" target=\"_blank\" rel=\"noopener\">Geometr\u00eda<\/a><\/p>\n<p><strong>Posici\u00f3n de rectas y circunferencias<\/strong><\/p>\n<p><a href=\"http:\/\/www.ceiploreto.es\/sugerencias\/cp.beatrizgalindo.alcala\/archivos\/circuloycircunferencia\/menu.html\" target=\"_blank\" rel=\"noopener\">POSICIONES DE RECTAS Y CIRCUNFERENCIAS<\/a><\/p>\n<p><a href=\"http:\/\/www.primaria.librosvivos.net\/archivosCMS\/3\/3\/16\/usuarios\/103294\/9\/6EP_Mat_cas_ud13_Posiciones_rectas_circunferencias\/motorActividades.swf\" target=\"_blank\" rel=\"noopener\">POSICIONES DE RECTAS Y CIRCUNFERENCIAS II<\/a><\/p>\n<p><strong>\u00c1ngulos<\/strong><\/p>\n<p><a href=\"http:\/\/calasanz.edu.gva.es\/7_ejercicios\/matematicas\/mate3pri\/6_01_rectas.html\" target=\"_blank\" rel=\"noopener\">RECTAS Y \u00c1NGULOS I<\/a><\/p>\n<p><a style=\"font-size: 14px;text-align: -webkit-center\" href=\"http:\/\/www.ceiploreto.es\/sugerencias\/cplosangeles.juntaextremadura.net\/web\/curso_3\/matematicas\/rectas_angulos_3\/rectas_angulos_3.html\" target=\"_blank\" rel=\"noopener\">RECTAS Y \u00c1NGULOS II<\/a><\/p>\n<p><a style=\"font-size: 14px;text-align: -webkit-center\" href=\"http:\/\/www.ceiploreto.es\/sugerencias\/Educarchile\/matematicas\/Mat_Mod6_2do_1_1sem.swf.swf\" target=\"_blank\" rel=\"noopener\">\u00c1NGULOS<\/a><\/p>\n<p><a style=\"font-size: 14px;text-align: -webkit-center\" href=\"http:\/\/www.testeando.es\/test.asp?idA=65&amp;idT=qpalyusx\" target=\"_blank\" rel=\"noopener\">TEST: RECTAS Y \u00c1NGULOS<\/a><\/p>\n<p><a style=\"font-size: 14px;text-align: -webkit-center\" href=\"http:\/\/bromera.com\/tl_files\/activitatsdigitals\/Capicua_3c_PF\/cas_C3_u04_56_0_classificaAngles.swf\" target=\"_blank\" rel=\"noopener\">INDICA DE QU\u00c9 TIPO SON ESTOS \u00c1NGULOS<\/a><\/p>\n<p><a style=\"font-size: 14px;text-align: -webkit-center\" href=\"http:\/\/www.primaria.librosvivos.net\/actividades\/flashActividadesPrimariaPub\/examen.swf?idejecucion=378743\" target=\"_blank\" rel=\"noopener\">TIPOS DE \u00c1NGULOS<\/a><\/p>\n<p><a href=\"http:\/\/clic.xtec.cat\/db\/jclicApplet.jsp?project=http:\/\/clic.xtec.cat\/projects\/mat2ciclo\/jclic\/mat2ciclo.jclic.zip&amp;lang=es&amp;title=Mat-2c\" target=\"_blank\" rel=\"noopener\">\u00c1ngulos y figuras<\/a><\/p>\n<p><strong>\u00c1ngulos consecutivos, adyacentes y opuestos por el v\u00e9rtice<\/strong><\/p>\n<p><a href=\"http:\/\/www.ceiploreto.es\/sugerencias\/agrega-2curso\/Angulos_formados_por_rectas_secantes\/contenido\/ma014\/ma014_oa01\/index_es.html\" target=\"_blank\" rel=\"noopener\">\u00c1NGULOS FORMADOS POR RECTAS SECANTES<\/a><\/p>\n<p><a href=\"http:\/\/www.ceiploreto.es\/sugerencias\/agrega-2curso\/Angulos_formados_por_rectas_secantes\/index.html\" target=\"_blank\" rel=\"noopener\">\u00c1NGULOS FORMADOS POR RECTAS SECANTES<\/a><\/p>\n<p><strong>Simetr\u00edas, traslaciones y giros<\/strong><\/p>\n<p><a href=\"http:\/\/clic.xtec.cat\/db\/jclicApplet.jsp?project=http:\/\/clic.xtec.cat\/projects\/simetria\/jclic\/simetria.jclic.zip&amp;lang=es&amp;title=Simetr%C3%ADas\" target=\"_blank\" rel=\"noopener\">Simetr\u00edas<\/a><\/p>\n<p><a href=\"http:\/\/www.genmagic.net\/mates2\/simetria_ca.swf\" target=\"_blank\" rel=\"noopener\">SIMETR\u00cdAS<\/a><\/p>\n<p><a href=\"http:\/\/ntic.educacion.es\/w3\/eos\/MaterialesEducativos\/mem2008\/matematicas_primaria\/geometria\/simetria1.swf\" target=\"_blank\" rel=\"noopener\">SIMETR\u00cdA. MANIPULABLES<\/a><\/p>\n<p><a style=\"font-size: 14px;text-align: -webkit-center\" href=\"http:\/\/www.edu.xunta.es\/espazoAbalar\/sites\/espazoAbalar\/files\/datos\/1285581005\/contido\/ma023_oa01_es\/index.html\" target=\"_blank\" rel=\"noopener\">SIMETR\u00cdA RESPECTO A UN EJE<\/a><\/p>\n<p><a style=\"font-size: 14px;text-align: -webkit-center\" href=\"http:\/\/www.edu.xunta.es\/espazoAbalar\/sites\/espazoAbalar\/files\/datos\/1285581005\/contido\/ma023_oa05_es\/index.html\" target=\"_blank\" rel=\"noopener\">CONSTRUCCI\u00d3N DE FIGURAS SIM\u00c9TRICAS CON AYUDA DE LA CUADR\u00cdCULA<\/a><\/p>\n<p><a style=\"font-size: 14px;text-align: -webkit-center\" href=\"http:\/\/www.genmagic.net\/habilidades\/simetc.swf\" target=\"_blank\" rel=\"noopener\">CENEFAS SIM\u00c9TRICAS<\/a><\/p>\n<p><a style=\"font-size: 14px;text-align: -webkit-center\" href=\"http:\/\/www.genmagic.net\/habilidades\/dib4c1_simetrico.swf\" target=\"_blank\" rel=\"noopener\">DIB\u00daJALO IGUAL Y SIM\u00c9TRICO<\/a><\/p>\n<p><a style=\"font-size: 14px;text-align: -webkit-center\" href=\"http:\/\/www.edu.xunta.es\/espazoAbalar\/sites\/espazoAbalar\/files\/datos\/1285581005\/contido\/ma023_oa03_es\/index.html\" target=\"_blank\" rel=\"noopener\">SIMETR\u00cdA DE FIGURAS PLANAS<\/a><\/p>\n<p><a style=\"font-size: 14px;text-align: -webkit-center\" href=\"http:\/\/www.ceiploreto.es\/sugerencias\/tic2.sepdf.gob.mx\/scorm\/oas\/mat\/tercero\/42\/intro.swf\" target=\"_blank\" rel=\"noopener\">\u00a1DIVIDAMOS FIGURAS!<\/a><\/p>\n<p><strong>Interpretaci\u00f3n de planos<\/strong><\/p>\n<p><a href=\"http:\/\/www.genmagic.net\/mates4\/ser2c.swf\" target=\"_blank\" rel=\"noopener\">BUSCA Y LOCALIZA<\/a><\/p>\n<p><a style=\"font-size: 14px;text-align: -webkit-center\" href=\"http:\/\/www.genmagic.org\/repositorio\/albums\/userpics\/taulaxyc.swf\" target=\"_blank\" rel=\"noopener\">LOCALIZA<\/a><\/p>\n<p><a style=\"font-size: 14px;text-align: -webkit-center\" href=\"http:\/\/www.ceiploreto.es\/sugerencias\/Educarchile\/matematicas\/2013_usando_coordenadas\/oda01.swf\" target=\"_blank\" rel=\"noopener\">USANDO COORDENADAS<\/a><\/p>\n<p><a style=\"font-size: 14px\" href=\"http:\/\/www.genmagic.org\/repositorio\/albums\/userpics\/pintcas1c.swf\" target=\"_blank\" rel=\"noopener\">REPRESENTA EN COORDENADAS<\/a><\/p>\n<p><strong>\u00a1Sin problemas!<\/strong><\/p>\n<p><a href=\"http:\/\/www.primaria.librosvivos.net\/archivosCMS\/3\/3\/16\/usuarios\/103294\/9\/mate3_ud14_ordenaretapas\/frame_prim.swf\" target=\"_blank\" rel=\"noopener\">ORDENAR LAS ETAPAS DEL C\u00c1LCULO<\/a><\/p>\n<p><a href=\"http:\/\/www.primaria.librosvivos.net\/archivosCMS\/3\/3\/16\/usuarios\/103294\/9\/3epmac2_ud10_rpb01_cas\/carcasa.swf\" target=\"_blank\" rel=\"noopener\">RESUELVE PROBLEMAS<\/a><\/p>\n<p><strong>Sumar y restar 101 a n\u00fameros de tres cifras<\/strong><\/p>\n<p><a href=\"http:\/\/www.eltanquematematico.es\/juegosparapensar5\/juegosparapensar_5_p.html\" target=\"_blank\" rel=\"noopener\">SUMAR 101 A UN N\u00daMERO DE TRES CIFRAS<\/a><\/p>\n<p><a href=\"http:\/\/www.primaria.librosvivos.net\/archivosCMS\/3\/3\/16\/usuarios\/103294\/9\/3epmac2_ud9_ca01_cas\/calculo.swf\" target=\"_blank\" rel=\"noopener\">C\u00c1LCULO MENTAL<\/a><\/p>\n<p><strong>Sumar y restar 99 a n\u00fameros de tres cifras<\/strong><\/p>\n<p><a href=\"http:\/\/www.eltanquematematico.es\/juegosparapensar5\/juegosparapensar_5_p.html\" target=\"_blank\" rel=\"noopener\">SUMAR 99 A UN N\u00daMERO DE TRES CIFRAS<\/a><\/p>\n<p><a href=\"http:\/\/www.primaria.librosvivos.net\/archivosCMS\/3\/3\/16\/usuarios\/103294\/9\/3epmac2_ud10_ca01_cas\/calculo.swf\" target=\"_blank\" rel=\"noopener\">C\u00c1LCULO MENTAL<\/a><\/p>\n<p><a href=\"http:\/\/www.primaria.librosvivos.net\/actividades\/flashActividadesPrimariaPub\/examen.swf?idejecucion=4280\" target=\"_blank\" rel=\"noopener\">AUTOEVALUACI\u00d3N DE LA UNIDAD<\/a><\/p>\n<p><a href=\"http:\/\/www.clarionweb.es\/3_curso\/matematicas\/mate304\/mate_304.htm\" target=\"_blank\" rel=\"noopener\">Repaso la Unidad<\/a><\/p>\n","protected":false},"excerpt":{"rendered":"<p>Rectas, \u00e1ngulos y movimientos Contenidos previos TIPOS DE L\u00cdNEAS I TIPOS DE L\u00cdNEAS II TIPOS DE L\u00cdNEAS. CLAIFICACI\u00d3N Tipos de rectas RECTAS Y \u00c1NGULOS EL UNIVERSO DE LAS RECTAS RECTAS QUE SE CORTAN Geometr\u00eda Posici\u00f3n de rectas y circunferencias POSICIONES DE RECTAS Y CIRCUNFERENCIAS POSICIONES DE RECTAS Y CIRCUNFERENCIAS II \u00c1ngulos RECTAS Y \u00c1NGULOS I &hellip; <\/p>\n<p><a class=\"more-link btn\" href=\"https:\/\/blogsaverroes.juntadeandalucia.es\/ceipaznaitin\/matematicas-3o-tema-10\/\">Seguir leyendo<\/a><\/p>\n","protected":false},"author":2805,"featured_media":0,"parent":0,"menu_order":0,"comment_status":"closed","ping_status":"closed","template":"","meta":{"ngg_post_thumbnail":0,"footnotes":"","_mc_calendar":[]},"aioseo_notices":[],"_links":{"self":[{"href":"https:\/\/blogsaverroes.juntadeandalucia.es\/ceipaznaitin\/wp-json\/wp\/v2\/pages\/4330"}],"collection":[{"href":"https:\/\/blogsaverroes.juntadeandalucia.es\/ceipaznaitin\/wp-json\/wp\/v2\/pages"}],"about":[{"href":"https:\/\/blogsaverroes.juntadeandalucia.es\/ceipaznaitin\/wp-json\/wp\/v2\/types\/page"}],"author":[{"embeddable":true,"href":"https:\/\/blogsaverroes.juntadeandalucia.es\/ceipaznaitin\/wp-json\/wp\/v2\/users\/2805"}],"replies":[{"embeddable":true,"href":"https:\/\/blogsaverroes.juntadeandalucia.es\/ceipaznaitin\/wp-json\/wp\/v2\/comments?post=4330"}],"version-history":[{"count":10,"href":"https:\/\/blogsaverroes.juntadeandalucia.es\/ceipaznaitin\/wp-json\/wp\/v2\/pages\/4330\/revisions"}],"predecessor-version":[{"id":4342,"href":"https:\/\/blogsaverroes.juntadeandalucia.es\/ceipaznaitin\/wp-json\/wp\/v2\/pages\/4330\/revisions\/4342"}],"wp:attachment":[{"href":"https:\/\/blogsaverroes.juntadeandalucia.es\/ceipaznaitin\/wp-json\/wp\/v2\/media?parent=4330"}],"curies":[{"name":"wp","href":"https:\/\/api.w.org\/{rel}","templated":true}]}}