{"id":4511,"date":"2018-02-21T14:26:11","date_gmt":"2018-02-21T12:26:11","guid":{"rendered":"http:\/\/blogsaverroes.juntadeandalucia.es\/ceipaznaitin\/?page_id=4511"},"modified":"2018-02-21T14:35:43","modified_gmt":"2018-02-21T12:35:43","slug":"lengua-castellana-5o-tema-11","status":"publish","type":"page","link":"https:\/\/blogsaverroes.juntadeandalucia.es\/ceipaznaitin\/lengua-castellana-5o-tema-11\/","title":{"rendered":"Lengua Castellana 5\u00ba Tema 11"},"content":{"rendered":"<p><strong>Me gustar\u00eda que&#8230;<\/strong><\/p>\n<p><strong>Expresar deseos, gustos y sentimientos<\/strong><\/p>\n<p><a href=\"http:\/\/www.edu.xunta.es\/espazoAbalar\/sites\/espazoAbalar\/files\/datos\/1302593160\/contido\/index.html\" target=\"_blank\" rel=\"noopener\">EXPRESI\u00d3N DE LOS SENTIMIENTOS<\/a><\/p>\n<p><a href=\"http:\/\/www.ceiploreto.es\/sugerencias\/Educarchile\/lengua\/odea04_nb4_como_nos_expresamos\/index.html\" target=\"_blank\" rel=\"noopener\">\u00bfC\u00d3MO NOS EXPRESAMOS?<\/a><\/p>\n<p><a href=\"http:\/\/agrega2.red.es\/\/repositorio\/26012010\/f3\/es-ma_2009060212_7960135\/sd19\/oa_05\/index.html\" target=\"_blank\" rel=\"noopener\">COMUNICAR C\u00d3MO ME SIENTO<\/a><\/p>\n<p><strong>El adverbio<\/strong><\/p>\n<p><a href=\"http:\/\/clic.xtec.cat\/db\/jclicApplet.jsp?project=http:\/\/clic.xtec.cat\/projects\/gramat\/jclic\/gramat.jclic.zip&amp;lang=es&amp;title=Actividades+de+Gram%C3%A1tica\" target=\"_blank\" rel=\"noopener\">Adverbios I<\/a><\/p>\n<p><a href=\"http:\/\/clic.xtec.cat\/db\/jclicApplet.jsp?project=http:\/\/clic.xtec.cat\/projects\/pinvaria\/jclic\/pinvaria.jclic.zip&amp;lang=es&amp;title=Partes+invariables+de+la+oraci%C3%B3n\" target=\"_blank\" rel=\"noopener\">Adverbios II<\/a><\/p>\n<p><a href=\"http:\/\/www.ceiploreto.es\/sugerencias\/A_2\/repositorio\/0\/58\/html\/datos\/01_Lengua\/actividades\/U13\/1304_01.htm\" target=\"_blank\" rel=\"noopener\">EL ADVERBIO II<\/a><\/p>\n<p><a style=\"font-size: 14px;text-align: -webkit-center\" href=\"http:\/\/www.ceiploreto.es\/sugerencias\/A_2\/repositorio\/0\/58\/html\/datos\/01_Lengua\/actividades\/U13\/1304_02.htm\" target=\"_blank\" rel=\"noopener\">EL ADVERBIO III<\/a><\/p>\n<p><a style=\"font-size: 14px;text-align: -webkit-center\" href=\"http:\/\/www.ceiploreto.es\/sugerencias\/cplosangeles.juntaextremadura.net\/web\/lengua6\/adverbio\/indice.htm\" target=\"_blank\" rel=\"noopener\">EL ADVERBIO IV<\/a><\/p>\n<p><a style=\"font-size: 14px;text-align: -webkit-center\" href=\"http:\/\/agrega2.red.es\/\/repositorio\/01022010\/47\/es_2008112812_7250095\/index.html\" target=\"_blank\" rel=\"noopener\">ADVERBIO<\/a><\/p>\n<p><a style=\"font-size: 14px;text-align: -webkit-center\" href=\"http:\/\/agrega2.red.es\/visualizar\/es\/es_2008120313_7310320\/false\" target=\"_blank\" rel=\"noopener\">ADVERBIOS<\/a><\/p>\n<p><a style=\"font-size: 14px;text-align: -webkit-center\" href=\"http:\/\/agrega.educacion.es\/repositorio\/20042011\/50\/es_2011042013_9140302\/L_B1_ElAdverbio\/index.html\" target=\"_blank\" rel=\"noopener\">EL ADVERBIO V<\/a><\/p>\n<p><a style=\"font-size: 14px;text-align: -webkit-center\" href=\"http:\/\/www.ceiploreto.es\/sugerencias\/cplosangeles.juntaextremadura.net\/web\/edilim\/tercer_ciclo\/lengua\/el_adverbio\/el_adverbio.html\" target=\"_blank\" rel=\"noopener\">EL ADVERBIO VI<\/a><\/p>\n<p><strong>El campo sem\u00e1ntico<\/strong><\/p>\n<p><a href=\"http:\/\/w3.cnice.mec.es\/eos\/MaterialesEducativos\/mem2002\/selva_lengua\/nido.htm\" target=\"_blank\" rel=\"noopener\">LA FAMILIA L\u00c9XICA Y EL CAMPO SEM\u00c1NTICO<\/a><\/p>\n<p><a style=\"font-size: 14px;text-align: -webkit-center\" href=\"http:\/\/conteni2.educarex.es\/mats\/121434\/contenido\/html\/actividades\/semantica\/csemanticos1.htm\" target=\"_blank\" rel=\"noopener\">LOS CAMPOS SEM\u00c1NTICOS<\/a><\/p>\n<p><a style=\"font-size: 14px;text-align: -webkit-center\" href=\"http:\/\/www.ceiploreto.es\/sugerencias\/A_2\/repositorio\/0\/58\/html\/datos\/01_Lengua\/actividades\/U15\/1501.htm\" target=\"_blank\" rel=\"noopener\">EL CAMPO SEM\u00c1NTICO I<\/a><\/p>\n<p><a style=\"font-size: 14px;text-align: -webkit-center\" href=\"http:\/\/www.ceiploreto.es\/sugerencias\/A_2\/repositorio\/0\/56\/html\/datos\/01_Lengua\/act\/U10\/1001.htm\" target=\"_blank\" rel=\"noopener\">EL CAMPO SEM\u00c1NTICO II<\/a><\/p>\n<p><a style=\"font-size: 14px;text-align: -webkit-center\" href=\"http:\/\/www.escueladeverano.net\/lengua\/todo\/ejercicios_interactivos\/unidad_5\/campos\/vocabulario_campos.html\" target=\"_blank\" rel=\"noopener\">CAMPO SEM\u00c1NTICO<\/a><\/p>\n<p><a style=\"font-size: 14px;text-align: -webkit-center\" href=\"http:\/\/roble.pntic.mec.es\/~msanto1\/lengua\/-semanti.htm\" target=\"_blank\" rel=\"noopener\">CAMPO SEM\u00c1NTICO II<\/a><\/p>\n<p><a style=\"font-size: 14px;text-align: -webkit-center\" href=\"http:\/\/repositorio.educa.jccm.es\/portal\/odes\/lengua_castellana\/el_significado_de_la_palabra\/contenido\/index.html\" target=\"_blank\" rel=\"noopener\">EL CAMPO SEM\u00c1NTICO III<\/a><\/p>\n<p><a style=\"font-size: 14px;text-align: -webkit-center\" href=\"http:\/\/agrega2.red.es\/\/repositorio\/01022010\/0d\/es_2009091713_1560396\/index.html\" target=\"_blank\" rel=\"noopener\">CAMPOS SEM\u00c1NTICOS<\/a><\/p>\n<p><a style=\"font-size: 14px;text-align: -webkit-center\" href=\"http:\/\/www.ceiploreto.es\/sugerencias\/cplosangeles.juntaextremadura.net\/web\/edilim\/tercer_ciclo\/lengua\/vocabulario\/semantico_lexico\/semantico_lexico.html\" target=\"_blank\" rel=\"noopener\">CAMPO SEM\u00c1NTICO Y CAMPO L\u00c9XICO<\/a><\/p>\n<p><a style=\"font-size: 14px;text-align: -webkit-center\" href=\"http:\/\/bromera.com\/tl_files\/activitatsdigitals\/Tilde_5_PA\/Tilde5_p119_act213\/index.html\" target=\"_blank\" rel=\"noopener\">CLASIFICA LAS PALABRAS<\/a><\/p>\n<p><a style=\"font-size: 14px;text-align: -webkit-center\" href=\"http:\/\/bromera.com\/tl_files\/activitatsdigitals\/Tilde_5_PA\/Tilde5_p119_act571\/index.html\" target=\"_blank\" rel=\"noopener\">BUSCA 6 PALABRAS<\/a><\/p>\n<p><a style=\"font-size: 14px;text-align: -webkit-center\" href=\"http:\/\/bromera.com\/tl_files\/activitatsdigitals\/Tilde_5_PA\/Tilde5_p125_act424\/index.html\" target=\"_blank\" rel=\"noopener\">RELACIONA CADA PALABRA<\/a><\/p>\n<p><a style=\"font-size: 14px;text-align: -webkit-center\" href=\"http:\/\/www.ceiploreto.es\/sugerencias\/cplosangeles.juntaextremadura.net\/web\/lengua_tercer_ciclo\/vocabulario\/semantico_lexico\/semantico01.htm\" target=\"_blank\" rel=\"noopener\">CAMPO SEM\u00c1NTICO Y CAMPO L\u00c9XICO II<\/a><\/p>\n<p><strong>Los signos de puntuaci\u00f3n II. Los dos puntos, los puntos suspensivos y el punto y coma<\/strong><\/p>\n<p><a href=\"http:\/\/roble.pntic.mec.es\/~msanto1\/ortografia\/pundos.htm\" target=\"_blank\" rel=\"noopener\">LOS DOS PUNTOS I<\/a><\/p>\n<p><a style=\"font-size: 14px;text-align: -webkit-center\" href=\"http:\/\/www.reglasdeortografia.com\/dospuntos01.php\" target=\"_blank\" rel=\"noopener\">LOS DOS PUNTOS II<\/a><\/p>\n<p><a style=\"font-size: 14px;text-align: -webkit-center\" href=\"http:\/\/www.reglasdeortografia.com\/dospuntos02.php\" target=\"_blank\" rel=\"noopener\">LOS DOS PUNTOS III<\/a><\/p>\n<p><a style=\"font-size: 14px;text-align: -webkit-center\" href=\"http:\/\/www.reglasdeortografia.com\/dospuntos03.php\" target=\"_blank\" rel=\"noopener\">LOS DOS PUNTOS IV<\/a><\/p>\n<p><a style=\"font-size: 14px;text-align: -webkit-center\" href=\"http:\/\/roble.pntic.mec.es\/~msanto1\/ortografia\/puntres.htm\" target=\"_blank\" rel=\"noopener\">PUNTOS SUSPENSIVOS<\/a><\/p>\n<p><a style=\"font-size: 14px;text-align: -webkit-center\" href=\"http:\/\/www.reglasdeortografia.com\/puntossuspensivos01.php\" target=\"_blank\" rel=\"noopener\">LOS PUNTOS SUSPENSIVOS I<\/a><\/p>\n<p><a style=\"font-size: 14px;text-align: -webkit-center\" href=\"http:\/\/www.reglasdeortografia.com\/puntossuspensivos02.php\" target=\"_blank\" rel=\"noopener\">LOS PUNTOS SUSPENSIVOS II<\/a><\/p>\n<p><a style=\"font-size: 14px;text-align: -webkit-center\" href=\"http:\/\/www.reglasdeortografia.com\/puntossuspensivos04.php\" target=\"_blank\" rel=\"noopener\">LOS PUNTOS SUSPENSIVOS III<\/a><\/p>\n<p><a style=\"font-size: 14px;text-align: -webkit-center\" href=\"http:\/\/www.edu.xunta.es\/espazoAbalar\/sites\/espazoAbalar\/files\/datos\/1294742633\/contido\/sd02\/sd02_oa03\/index.html\" target=\"_blank\" rel=\"noopener\">LOS DOS PUNTOS V<\/a><\/p>\n<p><a style=\"font-size: 14px;text-align: -webkit-center\" href=\"http:\/\/bromera.com\/tl_files\/activitatsdigitals\/Tilde_5_PA\/Tilde5_p166_teoria_24\/index.html\" target=\"_blank\" rel=\"noopener\">EL USO DE LA COMA Y LOS DOS PUNTOS<\/a><\/p>\n<p><a style=\"font-size: 14px;text-align: -webkit-center\" href=\"http:\/\/bromera.com\/tl_files\/activitatsdigitals\/Tilde_5_PA\/Tilde5_p178_teoria_41\/index.html\" target=\"_blank\" rel=\"noopener\">MARCA VERDADERO O FALSO<\/a><\/p>\n<p><a style=\"font-size: 14px;text-align: -webkit-center\" href=\"http:\/\/roble.pntic.mec.es\/msanto1\/ortografia\/punco.htm\" target=\"_blank\" rel=\"noopener\">PUNTO Y COMA<\/a><\/p>\n<p><a style=\"font-size: 14px;text-align: -webkit-center\" href=\"http:\/\/reglasdeortografia.com\/puntoycoma01.php\" target=\"_blank\" rel=\"noopener\">EL PUNTO Y COMA I<\/a><\/p>\n<p><a style=\"font-size: 14px;text-align: -webkit-center\" href=\"http:\/\/reglasdeortografia.com\/puntoycoma03.php\" target=\"_blank\" rel=\"noopener\">EL PUNTO Y COMA II<\/a><\/p>\n<p><a style=\"font-size: 14px;text-align: -webkit-center\" href=\"http:\/\/www.ceiploreto.es\/sugerencias\/A_2\/repositorio\/0\/58\/html\/datos\/01_Lengua\/actividades\/U06\/0602.htm\" target=\"_blank\" rel=\"noopener\">LA COMA Y EL PUNTO Y COMA<\/a><\/p>\n<p><strong>El reportaje<\/strong><\/p>\n<p><a href=\"http:\/\/roble.pntic.mec.es\/~msanto1\/lengua\/2reporta.htm\" target=\"_blank\" rel=\"noopener\">EL REPORTAJE I<\/a><\/p>\n<p><a href=\"http:\/\/agrega.hezkuntza.net\/repositorio\/26022011\/57\/es-eu_2011022613_9100942\/reportaje\/index.html\" target=\"_blank\" rel=\"noopener\">SD: EL REPORTAJE II<\/a><\/p>\n<p><strong>Los escritos personales II. La biograf\u00eda y la autobiograf\u00eda<\/strong><\/p>\n<p><a href=\"http:\/\/www.ceiploreto.es\/sugerencias\/averroes\/cepmotril\/webquest\/trabajos\/lorca\/lorca.htm\" target=\"_blank\" rel=\"noopener\">WebQuest: BIOGRAF\u00cdA DE FEDERICO GARC\u00cdA LORCA<\/a><\/p>\n<p><a class=\"Estilo2\" style=\"font-size: 14px;text-align: -webkit-center\" href=\"http:\/\/www.biografiasyvidas.com\/\" target=\"_blank\" rel=\"noopener\">BIOGRAF\u00cdAS Y VIDAS<\/a><\/p>\n<p><a style=\"font-size: 14px;text-align: -webkit-center\" href=\"http:\/\/www.ceiploreto.es\/sugerencias\/sanwalabonso\/wq_jrj\/portada.htm\" target=\"_blank\" rel=\"noopener\">WebQuest: JUAN RAM\u00d3N JIM\u00c9NEZ<\/a><\/p>\n<p><a style=\"font-size: 14px;text-align: -webkit-center\" href=\"http:\/\/www.ceiploreto.es\/sugerencias\/sanwalabonso\/wq_verne\/julioverne.htm\" target=\"_blank\" rel=\"noopener\">WebQuest: JULIO VERNE<\/a><\/p>\n<p><a style=\"font-size: 14px;text-align: -webkit-center\" href=\"http:\/\/www.ceiploreto.es\/sugerencias\/Educarchile\/lengua\/odea02_nb5_historias\/index.html\" target=\"_blank\" rel=\"noopener\">HISTORIAS DE VIDA<\/a><\/p>\n<p><a style=\"font-size: 14px;text-align: -webkit-center\" href=\"http:\/\/agrega.hezkuntza.net\/repositorio\/02032011\/b3\/es-eu_2011022013_1230410\/biografia\/index.html\" target=\"_blank\" rel=\"noopener\">SD: LA BIOGRAF\u00cdA<\/a><\/p>\n<p><a style=\"font-size: 14px;text-align: -webkit-center\" href=\"http:\/\/agrega.catedu.es\/repositorio\/15102009\/43\/es-ar_20091015_2_9135740\/1076\/index.html\" target=\"_blank\" rel=\"noopener\">WebQuest: JUAN RAM\u00d3N JIM\u00c9NEZ II<\/a><\/p>\n<p><a style=\"font-size: 14px;text-align: -webkit-center\" href=\"http:\/\/www.ceiploreto.es\/sugerencias\/tic2.sepdf.gob.mx\/scorm\/oas\/esp\/sexto\/06\/intro.swf\" target=\"_blank\" rel=\"noopener\">\u00a1CONOCIENDO OTRAS VIDAS!<\/a><\/p>\n<p><a style=\"font-size: 14px;text-align: -webkit-center\" href=\"http:\/\/cte.seebc.gob.mx\/pta\/app\/sexto\/espanol\/bloque1\/act3\/\" target=\"_blank\" rel=\"noopener\">LAS PARTES DEL RELATO BIOGR\u00c1FICO<\/a><\/p>\n<p><a style=\"font-size: 14px;text-align: -webkit-center\" href=\"http:\/\/www.basica.primariatic.sep.gob.mx\/med\/PA6_ES_B1_OA_10013\/index.html\" target=\"_blank\" rel=\"noopener\">LAS PARTES DE UNA BIOGRAF\u00cdA<br \/>\n<\/a><\/p>\n","protected":false},"excerpt":{"rendered":"<p>Me gustar\u00eda que&#8230; Expresar deseos, gustos y sentimientos EXPRESI\u00d3N DE LOS SENTIMIENTOS \u00bfC\u00d3MO NOS EXPRESAMOS? COMUNICAR C\u00d3MO ME SIENTO El adverbio Adverbios I Adverbios II EL ADVERBIO II EL ADVERBIO III EL ADVERBIO IV ADVERBIO ADVERBIOS EL ADVERBIO V EL ADVERBIO VI El campo sem\u00e1ntico LA FAMILIA L\u00c9XICA Y EL CAMPO SEM\u00c1NTICO LOS CAMPOS SEM\u00c1NTICOS &hellip; <\/p>\n<p><a class=\"more-link btn\" href=\"https:\/\/blogsaverroes.juntadeandalucia.es\/ceipaznaitin\/lengua-castellana-5o-tema-11\/\">Seguir leyendo<\/a><\/p>\n","protected":false},"author":2805,"featured_media":0,"parent":0,"menu_order":0,"comment_status":"closed","ping_status":"closed","template":"","meta":{"ngg_post_thumbnail":0,"footnotes":"","_mc_calendar":[]},"aioseo_notices":[],"_links":{"self":[{"href":"https:\/\/blogsaverroes.juntadeandalucia.es\/ceipaznaitin\/wp-json\/wp\/v2\/pages\/4511"}],"collection":[{"href":"https:\/\/blogsaverroes.juntadeandalucia.es\/ceipaznaitin\/wp-json\/wp\/v2\/pages"}],"about":[{"href":"https:\/\/blogsaverroes.juntadeandalucia.es\/ceipaznaitin\/wp-json\/wp\/v2\/types\/page"}],"author":[{"embeddable":true,"href":"https:\/\/blogsaverroes.juntadeandalucia.es\/ceipaznaitin\/wp-json\/wp\/v2\/users\/2805"}],"replies":[{"embeddable":true,"href":"https:\/\/blogsaverroes.juntadeandalucia.es\/ceipaznaitin\/wp-json\/wp\/v2\/comments?post=4511"}],"version-history":[{"count":9,"href":"https:\/\/blogsaverroes.juntadeandalucia.es\/ceipaznaitin\/wp-json\/wp\/v2\/pages\/4511\/revisions"}],"predecessor-version":[{"id":4515,"href":"https:\/\/blogsaverroes.juntadeandalucia.es\/ceipaznaitin\/wp-json\/wp\/v2\/pages\/4511\/revisions\/4515"}],"wp:attachment":[{"href":"https:\/\/blogsaverroes.juntadeandalucia.es\/ceipaznaitin\/wp-json\/wp\/v2\/media?parent=4511"}],"curies":[{"name":"wp","href":"https:\/\/api.w.org\/{rel}","templated":true}]}}