{"id":4718,"date":"2018-02-21T19:38:18","date_gmt":"2018-02-21T17:38:18","guid":{"rendered":"http:\/\/blogsaverroes.juntadeandalucia.es\/ceipaznaitin\/?page_id=4718"},"modified":"2018-02-21T19:45:42","modified_gmt":"2018-02-21T17:45:42","slug":"lengua-castellana-6o-tema-12","status":"publish","type":"page","link":"https:\/\/blogsaverroes.juntadeandalucia.es\/ceipaznaitin\/lengua-castellana-6o-tema-12\/","title":{"rendered":"Lengua Castellana 6\u00ba Tema 12"},"content":{"rendered":"<p><strong>El tema de mi exposici\u00f3n es&#8230;<\/strong><\/p>\n<p><strong>Realizar una exposici\u00f3n oral<\/strong><\/p>\n<p><a href=\"http:\/\/roble.pntic.mec.es\/~msanto1\/lengua\/2exposic.htm\" target=\"_blank\" rel=\"noopener\">LA EXPOSICI\u00d3N<\/a><\/p>\n<p><a style=\"font-size: 14px;line-height: 22.4px;text-align: -webkit-center\" href=\"http:\/\/www.ceiploreto.es\/sugerencias\/Educarchile\/lengua\/odea01_nb5_escribir\/index.html\" target=\"_blank\" rel=\"noopener\">ESCRIBIR TIENE SU CIENCIA<\/a><\/p>\n<p><a style=\"font-size: 14px;line-height: 22.4px;text-align: -webkit-center\" href=\"http:\/\/www.arrukero.com\/potachov\/blog\/wp-content\/uploads\/2008\/12\/exposicion_oral.pdf\" target=\"_blank\" rel=\"noopener\">C\u00d3MO HACER UNA BUENA EXPOSICI\u00d3N ORAL<\/a><\/p>\n<p><a style=\"font-size: 14px;line-height: 22.4px;text-align: -webkit-center\" href=\"http:\/\/www.ceiploreto.es\/sugerencias\/Educarchile\/lengua\/8vo_fondo_y_forma\/index.html\" target=\"_blank\" rel=\"noopener\">FONDO Y FORMA<\/a><\/p>\n<p><a style=\"font-size: 14px;line-height: 22.4px;text-align: -webkit-center\" href=\"http:\/\/www.educa.jcyl.es\/educacyl\/cm\/gallery\/recursos_odes\/2007\/lengua\/lc004_es\/\/lc004_oa05_es\/index.html\" target=\"_blank\" rel=\"noopener\">LA EXPOSICI\u00d3N EN CLASE<\/a><\/p>\n<p><a style=\"font-size: 14px;line-height: 22.4px;text-align: -webkit-center\" href=\"http:\/\/www.ceiploreto.es\/sugerencias\/tic2.sepdf.gob.mx\/scorm\/oas\/esp\/sexto\/26\/intro.swf\" target=\"_blank\" rel=\"noopener\">\u00a1HABLEMOS EN P\u00daBLICO!<\/a><\/p>\n<p><a style=\"font-size: 14px;line-height: 22.4px;text-align: -webkit-center\" href=\"http:\/\/bromera.com\/tl_files\/activitatsdigitals\/Tilde_6_PA\/Tilde6_p027_teoria_4_1\/index.html\" target=\"_blank\" rel=\"noopener\">MARCA VERDADERO O FALSO<\/a><\/p>\n<p><strong>La oraci\u00f3n activa y la oraci\u00f3n pasiva<\/strong><\/p>\n<p><a href=\"http:\/\/www.genmagic.org\/lengua2\/pasivas.html\" target=\"_blank\" rel=\"noopener\">ORACIONES PASIVAS<\/a><\/p>\n<p><a href=\"http:\/\/www.primaria.librosvivos.net\/archivosCMS\/3\/3\/16\/usuarios\/103294\/9\/4EP_Lengua_verbovozactiva_ud14\/frame_prim.swf\" target=\"_blank\" rel=\"noopener\">LA VOZ ACTIVA Y LA VOZ PASIVA<\/a><\/p>\n<p><a href=\"http:\/\/bromera.com\/tl_files\/activitatsdigitals\/Tilde_6_PA\/Tilde6_p118_a4_1_3\/index.html\" target=\"_blank\" rel=\"noopener\">CLASIFICA LAS ORACIONES<\/a><\/p>\n<p><strong>Las frases hechas y los refranes<\/strong><\/p>\n<p><a href=\"http:\/\/w3.cnice.mec.es\/eos\/MaterialesEducativos\/mem2002\/selva_lengua\/coco.htm\" target=\"_blank\" rel=\"noopener\">FRASES HECHAS<\/a><\/p>\n<p><a style=\"font-size: 14px;line-height: 22.4px;text-align: -webkit-center\" href=\"http:\/\/www.ceiploreto.es\/sugerencias\/A_2\/repositorio\/0\/58\/html\/datos\/01_Lengua\/actividades\/U11\/1101_01.htm\" target=\"_blank\" rel=\"noopener\">REFRANES Y FRASES HECHAS I<\/a><\/p>\n<p><a style=\"font-size: 14px;line-height: 22.4px;text-align: -webkit-center\" href=\"http:\/\/www.ceiploreto.es\/sugerencias\/A_2\/repositorio\/0\/58\/html\/datos\/01_Lengua\/actividades\/U11\/1101_02.htm\" target=\"_blank\" rel=\"noopener\">REFRANES Y FRASES HECHAS II<\/a><\/p>\n<p><a style=\"font-size: 14px;line-height: 22.4px;text-align: -webkit-center\" href=\"http:\/\/www.edu.xunta.es\/espazoAbalar\/sites\/espazoAbalar\/files\/datos\/1285224639\/contido\/lc16_oa07_es\/index.html\" target=\"_blank\" rel=\"noopener\">FRASES HECHAS II<\/a><\/p>\n<p><a style=\"font-size: 14px;line-height: 22.4px;text-align: -webkit-center\" href=\"http:\/\/www.ccdmd.qc.ca\/ri\/expressions\/repertoire_es.php\" target=\"_blank\" rel=\"noopener\">FRASES HECHAS III<\/a><\/p>\n<p><a style=\"font-size: 14px;line-height: 22.4px;text-align: -webkit-center\" href=\"http:\/\/bromera.com\/tl_files\/activitatsdigitals\/Tilde_6_PA\/Tilde6_p110_a3_2_1\/index.html\" target=\"_blank\" rel=\"noopener\">RELACIONA CADA FRASE HECHA<\/a><\/p>\n<p><a style=\"font-size: 14px;line-height: 22.4px;text-align: -webkit-center\" href=\"http:\/\/www.ceiploreto.es\/sugerencias\/cplosangeles.juntaextremadura.net\/web\/lengua_tercer_ciclo\/vocabulario\/expresiones\/expresiones01.htm\" target=\"_blank\" rel=\"noopener\">EXPRESIONES<\/a><\/p>\n<p><strong>Los signos de puntuaci\u00f3n IV. El gui\u00f3n, la raya y las comillas<\/strong><\/p>\n<p><a href=\"http:\/\/roble.pntic.mec.es\/~msanto1\/ortografia\/guion.htm\" target=\"_blank\" rel=\"noopener\">EL GUI\u00d3N I<\/a><\/p>\n<p><a style=\"font-size: 14px;line-height: 22.4px;text-align: -webkit-center\" href=\"http:\/\/roble.pntic.mec.es\/~msanto1\/ortografia\/guiejer.htm\" target=\"_blank\" rel=\"noopener\">EL GUI\u00d3N II<\/a><\/p>\n<p><a style=\"font-size: 14px;line-height: 22.4px;text-align: -webkit-center\" href=\"http:\/\/bromera.com\/tl_files\/activitatsdigitals\/Tilde_6_PA\/Tilde6_p155_teoria_4_1\/index.html\" target=\"_blank\" rel=\"noopener\">EL GUI\u00d3N Y LA RAYA<\/a><\/p>\n<p><a style=\"font-size: 14px;line-height: 22.4px;text-align: -webkit-center\" href=\"http:\/\/roble.pntic.mec.es\/~msanto1\/ortografia\/comill.htm\" target=\"_blank\" rel=\"noopener\">LAS COMILLAS I<\/a><\/p>\n<p><a style=\"font-size: 14px;line-height: 22.4px;text-align: -webkit-center\" href=\"http:\/\/www.reglasdeortografia.com\/comillas01.html\" target=\"_blank\" rel=\"noopener\">LAS COMILLAS II<\/a><\/p>\n<p><a style=\"font-size: 14px;line-height: 22.4px;text-align: -webkit-center\" href=\"http:\/\/www.reglasdeortografia.com\/comillas02.html\" target=\"_blank\" rel=\"noopener\">LAS COMILLAS III<\/a><\/p>\n<p><a style=\"font-size: 14px;line-height: 22.4px;text-align: -webkit-center\" href=\"http:\/\/www.reglasdeortografia.com\/comillas04.html\" target=\"_blank\" rel=\"noopener\">LAS COMILLAS IV<\/a><\/p>\n<p><a style=\"font-size: 14px;line-height: 22.4px;text-align: -webkit-center\" href=\"http:\/\/www.edu.xunta.es\/espazoAbalar\/sites\/espazoAbalar\/files\/datos\/1294742383\/contido\/sd02\/sd02_oa06\/index.html\" target=\"_blank\" rel=\"noopener\">LAS COMILLAS V<\/a><\/p>\n<p><a style=\"font-size: 14px;line-height: 22.4px;text-align: -webkit-center\" href=\"http:\/\/cte.seebc.gob.mx\/pta\/app\/cuarto\/espanol\/bloque3\/act3\/\" target=\"_blank\" rel=\"noopener\">LAS ANOTACIONES EN LAS ENTREVISTAS<\/a><\/p>\n<p><strong>Las instrucciones de uso de un aparato<\/strong><\/p>\n<p><a href=\"http:\/\/agrega2.red.es\/\/repositorio\/01022010\/69\/es_2008112812_7250103\/index.html\" target=\"_blank\" rel=\"noopener\">LOS TEXTOS INSTRUCTIVOS<\/a><\/p>\n<p><a style=\"font-size: 14px;line-height: 22.4px;text-align: -webkit-center\" href=\"http:\/\/www.ceiploreto.es\/sugerencias\/Educarchile\/lengua\/5to_instrucciones\/index.html\" target=\"_blank\" rel=\"noopener\">INSTRUCCIONES<\/a><\/p>\n<p><a style=\"font-size: 14px;line-height: 22.4px;text-align: -webkit-center\" href=\"http:\/\/www.ceiploreto.es\/sugerencias\/Educarchile\/lengua\/odea06_nb3_como_se_hace_instrucciones\/index.html\" target=\"_blank\" rel=\"noopener\">\u00bfC\u00d3MO SE HACE?<\/a><\/p>\n<p><a style=\"font-size: 14px;line-height: 22.4px;text-align: -webkit-center\" href=\"http:\/\/agrega.educacion.es\/visualizar\/es\/es_2012122013_9085928\/false\" target=\"_blank\" rel=\"noopener\">SD: LOS TEXTOS INSTRUCTIVOS (profesorado)<\/a><\/p>\n<p><a style=\"font-size: 14px;line-height: 22.4px;text-align: -webkit-center\" href=\"http:\/\/agrega.educacion.es\/visualizar\/es\/es_2013020813_9115339\/false\" target=\"_blank\" rel=\"noopener\">SD: LOS TEXTOS INSTRUCTIVOS (alumnado)<\/a><\/p>\n<p><a style=\"font-size: 14px;line-height: 22.4px;text-align: -webkit-center\" href=\"http:\/\/bromera.com\/tl_files\/activitatsdigitals\/Tilde_6_PA\/Tilde6_p073_teoria_4_1\/index.html\" target=\"_blank\" rel=\"noopener\">MARCA VERDADERO O FALSO<\/a><\/p>\n<p><strong>El teatro II. La comedia y la tragedia<\/strong><\/p>\n<p><a href=\"http:\/\/www.educa.jcyl.es\/educacyl\/cm\/gallery\/recursos_odes\/2008\/lengua\/lc012\/lc012_oa04_es\/index.html\" target=\"_blank\" rel=\"noopener\">G\u00c9NEROS TEATRALES<\/a><\/p>\n<p><strong>La presentaci\u00f3n oral<\/strong><\/p>\n<p><a href=\"http:\/\/www.educa.jcyl.es\/educacyl\/cm\/gallery\/recursos_odes\/2007\/lengua\/lc004_es\/\/lc004_oa05_es\/index.html\" target=\"_blank\" rel=\"noopener\">LA EXPOSICI\u00d3N EN CLASE<\/a><\/p>\n<p><a href=\"http:\/\/www.ceiploreto.es\/sugerencias\/tic2.sepdf.gob.mx\/scorm\/oas\/esp\/sexto\/26\/intro.swf\" target=\"_blank\" rel=\"noopener\">\u00a1HABLEMOS EN P\u00daBLICO!<\/a><\/p>\n","protected":false},"excerpt":{"rendered":"<p>El tema de mi exposici\u00f3n es&#8230; Realizar una exposici\u00f3n oral LA EXPOSICI\u00d3N ESCRIBIR TIENE SU CIENCIA C\u00d3MO HACER UNA BUENA EXPOSICI\u00d3N ORAL FONDO Y FORMA LA EXPOSICI\u00d3N EN CLASE \u00a1HABLEMOS EN P\u00daBLICO! MARCA VERDADERO O FALSO La oraci\u00f3n activa y la oraci\u00f3n pasiva ORACIONES PASIVAS LA VOZ ACTIVA Y LA VOZ PASIVA CLASIFICA LAS ORACIONES &hellip; <\/p>\n<p><a class=\"more-link btn\" href=\"https:\/\/blogsaverroes.juntadeandalucia.es\/ceipaznaitin\/lengua-castellana-6o-tema-12\/\">Seguir leyendo<\/a><\/p>\n","protected":false},"author":2805,"featured_media":0,"parent":0,"menu_order":0,"comment_status":"closed","ping_status":"closed","template":"","meta":{"ngg_post_thumbnail":0,"footnotes":"","_mc_calendar":[]},"aioseo_notices":[],"_links":{"self":[{"href":"https:\/\/blogsaverroes.juntadeandalucia.es\/ceipaznaitin\/wp-json\/wp\/v2\/pages\/4718"}],"collection":[{"href":"https:\/\/blogsaverroes.juntadeandalucia.es\/ceipaznaitin\/wp-json\/wp\/v2\/pages"}],"about":[{"href":"https:\/\/blogsaverroes.juntadeandalucia.es\/ceipaznaitin\/wp-json\/wp\/v2\/types\/page"}],"author":[{"embeddable":true,"href":"https:\/\/blogsaverroes.juntadeandalucia.es\/ceipaznaitin\/wp-json\/wp\/v2\/users\/2805"}],"replies":[{"embeddable":true,"href":"https:\/\/blogsaverroes.juntadeandalucia.es\/ceipaznaitin\/wp-json\/wp\/v2\/comments?post=4718"}],"version-history":[{"count":8,"href":"https:\/\/blogsaverroes.juntadeandalucia.es\/ceipaznaitin\/wp-json\/wp\/v2\/pages\/4718\/revisions"}],"predecessor-version":[{"id":4728,"href":"https:\/\/blogsaverroes.juntadeandalucia.es\/ceipaznaitin\/wp-json\/wp\/v2\/pages\/4718\/revisions\/4728"}],"wp:attachment":[{"href":"https:\/\/blogsaverroes.juntadeandalucia.es\/ceipaznaitin\/wp-json\/wp\/v2\/media?parent=4718"}],"curies":[{"name":"wp","href":"https:\/\/api.w.org\/{rel}","templated":true}]}}