{"id":4916,"date":"2018-02-27T12:07:41","date_gmt":"2018-02-27T10:07:41","guid":{"rendered":"http:\/\/blogsaverroes.juntadeandalucia.es\/ceipaznaitin\/?page_id=4916"},"modified":"2018-02-27T12:16:11","modified_gmt":"2018-02-27T10:16:11","slug":"matematicas-1o-tema-1","status":"publish","type":"page","link":"https:\/\/blogsaverroes.juntadeandalucia.es\/ceipaznaitin\/matematicas-1o-tema-1\/","title":{"rendered":"Matem\u00e1ticas 1\u00ba Tema 1"},"content":{"rendered":"<p><strong>&nbsp;\u00a1No te muevas!<\/strong><\/p>\n<p><strong>N\u00fameros del 0 al 5<\/strong><\/p>\n<p><a href=\"http:\/\/www.ceiploreto.es\/sugerencias\/tic2.sepdf.gob.mx\/scorm\/oas\/mat\/primero\/01\/intro.swf\" target=\"_blank\" rel=\"noopener\">CONOCEREMOS EL N\u00daMERO 1<\/a><\/p>\n<p><a style=\"font-size: 14px;text-align: -webkit-center\" href=\"http:\/\/www.ceiploreto.es\/sugerencias\/tic2.sepdf.gob.mx\/scorm\/oas\/mat\/primero\/02\/intro.swf\" target=\"_blank\" rel=\"noopener\">CONOCEREMOS EL N\u00daMERO 2<\/a><\/p>\n<p><a style=\"font-size: 14px;text-align: -webkit-center\" href=\"http:\/\/www.ceiploreto.es\/sugerencias\/tic2.sepdf.gob.mx\/scorm\/oas\/mat\/primero\/03\/intro.swf\" target=\"_blank\" rel=\"noopener\">CONOCEREMOS EL N\u00daMERO 3<\/a><\/p>\n<p><a style=\"font-size: 14px;text-align: -webkit-center\" href=\"http:\/\/www.ceiploreto.es\/sugerencias\/tic2.sepdf.gob.mx\/scorm\/oas\/mat\/primero\/04\/intro.swf\" target=\"_blank\" rel=\"noopener\">CONOCEREMOS EL N\u00daMERO 4<\/a><\/p>\n<p><a style=\"font-size: 14px;text-align: -webkit-center\" href=\"http:\/\/www.ceiploreto.es\/sugerencias\/tic2.sepdf.gob.mx\/scorm\/oas\/mat\/primero\/05\/intro.swf\" target=\"_blank\" rel=\"noopener\">CONOCEREMOS EL N\u00daMERO 5<\/a><\/p>\n<p><a style=\"font-size: 14px;text-align: -webkit-center\" href=\"http:\/\/www.vedoque.com\/juegos\/cuenta2.swf\" target=\"_blank\" rel=\"noopener\">CUENTA HASTA 5<\/a><\/p>\n<p><a style=\"font-size: 14px;text-align: -webkit-center\" href=\"http:\/\/ares.cnice.mec.es\/matematicasep\/a\/2\/ca2_03.html\" target=\"_blank\" rel=\"noopener\">JUGAMOS<\/a><\/p>\n<p><a style=\"font-size: 14px;text-align: -webkit-center\" href=\"http:\/\/genmagic.org\/generadores\/galeria2\/contar1.swf\" target=\"_blank\" rel=\"noopener\">\u00bfME AYUDAS A CONTAR FRUTAS?<\/a><\/p>\n<p><a style=\"font-size: 14px;text-align: -webkit-center\" href=\"http:\/\/www.primaria.librosvivos.net\/archivosCMS\/3\/3\/16\/usuarios\/103294\/9\/Mate1EP_act1_CAS_Demo\/carcasa.swf\" target=\"_blank\" rel=\"noopener\">CONOZCO LOS N\u00daMEROS<\/a><\/p>\n<p><a style=\"font-size: 14px;text-align: -webkit-center\" href=\"http:\/\/bromera.com\/tl_files\/activitatsdigitals\/capicua_1c_PF\/CAPICUA1-U1-PAG08-CAS.swf\" target=\"_blank\" rel=\"noopener\">REPRESENTAMOS LOS N\u00daMEROS<\/a><\/p>\n<p><strong>Suma en horizontal y vertical. Serie +1<\/strong><\/p>\n<p><a href=\"http:\/\/genmagic.org\/mates1\/sum1c1.swf\" target=\"_blank\" rel=\"noopener\">CUENTA Y SUMA<\/a><\/p>\n<p><a style=\"font-size: 14px;text-align: -webkit-center\" href=\"http:\/\/www.disanedu.com\/cpr\/matematicas\/aplicacion\/programa\/tem\/sumabolas.html\" target=\"_blank\" rel=\"noopener\">APRENDO A SUMAR<\/a><\/p>\n<p><a style=\"font-size: 14px;text-align: -webkit-center\" href=\"http:\/\/ares.cnice.mec.es\/matematicasep\/a\/2\/ca2_04.html\" target=\"_blank\" rel=\"noopener\">ESCALANDO LA TABLA DE SUMAR<\/a><\/p>\n<p><a style=\"font-size: 14px;text-align: -webkit-center\" href=\"http:\/\/www.ceiploreto.es\/sugerencias\/juntadeandalucia\/Estrategias_numeracion\/dadospuntos.swf\" target=\"_blank\" rel=\"noopener\">C\u00c1LCULO MENTAL: SUMAS<\/a><\/p>\n<p><a style=\"font-size: 14px;text-align: -webkit-center\" href=\"http:\/\/www.disanedu.com\/cpr\/matematicas\/aplicacion\/atenex\/Sumas%20I\/index.html\" target=\"_blank\" rel=\"noopener\">SUMAS<\/a><\/p>\n<p><a style=\"font-size: 14px;text-align: -webkit-center\" href=\"http:\/\/www.genmagic.org\/repositorio\/albums\/userpics\/cliresumc.swf\" target=\"_blank\" rel=\"noopener\">SUMA. NIVEL 1<\/a><\/p>\n<p><a style=\"font-size: 14px;text-align: -webkit-center\" href=\"http:\/\/www.genmagic.org\/repositorio\/albums\/userpics\/domin1c.swf\" target=\"_blank\" rel=\"noopener\">CALCULA CON EL DOMIN\u00d3<\/a><\/p>\n<p><a style=\"font-size: 14px;text-align: -webkit-center\" href=\"http:\/\/www.genmagic.org\/repositorio\/albums\/userpics\/gsutempsc.swf\" target=\"_blank\" rel=\"noopener\">C\u00c1LCULO MENTAL (SUMAS)<\/a><\/p>\n<p><a style=\"font-size: 14px;text-align: -webkit-center\" href=\"http:\/\/www.genmagic.org\/repositorio\/albums\/userpics\/dausmc.swf\" target=\"_blank\" rel=\"noopener\">DADOS MATEM\u00c1TICOS<\/a><\/p>\n<p><a style=\"font-size: 14px;text-align: -webkit-center\" href=\"http:\/\/math.cilenia.com\/es\" target=\"_blank\" rel=\"noopener\">JUEGOS MATEM\u00c1TICOS<\/a><\/p>\n<p><a style=\"font-size: 14px;text-align: -webkit-center\" href=\"http:\/\/www.ceiploreto.es\/sugerencias\/A_1\/Recursosdidacticos\/PRIMERO\/datos\/02_Mates\/03_Recursos\/01_t\/actividades\/operaciones\/01.htm\" target=\"_blank\" rel=\"noopener\">SUMAS HORIZONTALES SIN LLEVADA<\/a><\/p>\n<p><a style=\"font-size: 14px;text-align: -webkit-center\" href=\"http:\/\/www.vedoque.com\/juegos\/escondite.swf?idioma=es\" target=\"_blank\" rel=\"noopener\">ESCONDITE MATEM\u00c1TICO<\/a><\/p>\n<p><a style=\"font-size: 14px;text-align: -webkit-center\" href=\"http:\/\/bromera.com\/tl_files\/activitatsdigitals\/capicua_1c_PF\/CAPICUA1-U3-PAG40-CAS.swf\" target=\"_blank\" rel=\"noopener\">PROPIEDAD CONMUTATIVA<\/a><\/p>\n<p><a style=\"font-size: 14px;text-align: -webkit-center\" href=\"http:\/\/bromera.com\/tl_files\/activitatsdigitals\/capicua_1c_PF\/CAPICUA1-U9-PAG16-CAS.swf\" target=\"_blank\" rel=\"noopener\">SUMAS CON DADOS<\/a><\/p>\n<p><a style=\"font-size: 14px;text-align: -webkit-center\" href=\"http:\/\/regletas.joseantoniocuadrado.com\/portada.swf\" target=\"_blank\" rel=\"noopener\">\u00c1BACOS: SUMAR (1 CIFRA)<\/a><\/p>\n<p><a style=\"font-size: 14px;text-align: -webkit-center\" href=\"http:\/\/regletas.joseantoniocuadrado.com\/portada.swf\" target=\"_blank\" rel=\"noopener\">REGLETAS: SUMAR (SUMAR 2 CIFRAS)<\/a><\/p>\n<p><a href=\"http:\/\/regletas.joseantoniocuadrado.com\/portada.swf\" target=\"_blank\" rel=\"noopener\">REGLETAS: SUMAR (SERIES)<\/a><\/p>\n<p><a href=\"http:\/\/www.genmagic.org\/repositorio\/albums\/userpics\/femsum7c.swf\" target=\"_blank\" rel=\"noopener\">ENCUENTRA LA SUMA<\/a><\/p>\n<p><a href=\"http:\/\/genmagic.org\/generadores\/galeria2\/sumas1.swf\" target=\"_blank\" rel=\"noopener\">LA SUMA<\/a><\/p>\n<p><a style=\"font-size: 14px;text-align: -webkit-center\" href=\"http:\/\/www.educalandia.net\/multiplicar\/sumas_sin_llevar.php\" target=\"_blank\" rel=\"noopener\">SUMAS SIN LLEVAR<\/a><\/p>\n<p><a style=\"font-size: 14px;text-align: -webkit-center\" href=\"http:\/\/www.crienaturavila.com\/crie_httpdocs\/mate\/suma01.html\" target=\"_blank\" rel=\"noopener\">SUMAS DE N\u00daMEROS NATURALES<\/a><\/p>\n<p><a style=\"font-size: 14px;text-align: -webkit-center\" href=\"http:\/\/www.ceiploreto.es\/sugerencias\/cp.juan.de.la.cosa\/Actividades%20Mates%20PDI\/01\/04\/03\/010403.swf\" target=\"_blank\" rel=\"noopener\">SUMA DE N\u00daMEROS HASTA EL 9<\/a><\/p>\n<p><a style=\"font-size: 14px;text-align: -webkit-center\" href=\"http:\/\/ficus.pntic.mec.es\/mdor0016\/animaciones\/suma10.swf\" target=\"_blank\" rel=\"noopener\">SUMAS CON UNA CIFRA<\/a><\/p>\n<p><a style=\"font-size: 14px;text-align: -webkit-center\" href=\"http:\/\/primerodecarlos.com\/primerodecarlos.blogspot.com\/noviembre\/generador_sumas\/generador_sumas.swf\" target=\"_blank\" rel=\"noopener\">GENERADOR DE SUMAS<\/a><\/p>\n<p><a style=\"font-size: 14px;text-align: -webkit-center\" href=\"http:\/\/primerodecarlos.com\/primerodecarlos.blogspot.com\/noviembre\/sumas_vertical_repaso\/visor.swf\" target=\"_blank\" rel=\"noopener\">SUMA 1<\/a><\/p>\n<p><a style=\"font-size: 14px;text-align: -webkit-center\" href=\"http:\/\/primerodecarlos.com\/primerodecarlos.blogspot.com\/noviembre\/suma_5.swf\" target=\"_blank\" rel=\"noopener\">SUMA 2<\/a><\/p>\n<p><a style=\"font-size: 14px;text-align: -webkit-center\" href=\"http:\/\/bromera.com\/tl_files\/activitatsdigitals\/capicua_1c_PF\/CAPICUA1-U3-PAG47-CAS.swf\" target=\"_blank\" rel=\"noopener\">SUMAS CON FRUTAS<\/a><\/p>\n<p><a style=\"font-size: 14px;text-align: -webkit-center\" href=\"http:\/\/www.ceiploreto.es\/sugerencias\/cp.juan.de.la.cosa\/Actividades%20Mates%20PDI\/01\/02\/04\/010204.swf\" target=\"_blank\" rel=\"noopener\">SUMA 3<\/a><\/p>\n<p><a style=\"font-size: 14px;text-align: -webkit-center\" href=\"http:\/\/ntic.educacion.es\/w3\/eos\/MaterialesEducativos\/mem2008\/matematicas_primaria\/numeracion\/operaciones\/seriesgeneral.swf\" target=\"_blank\" rel=\"noopener\">SERIES ARITM\u00c9TICAS 1<\/a><\/p>\n<p><strong>Muchos y pocos<\/strong><\/p>\n<p><a href=\"http:\/\/primerodecarlos.com\/Octubre\/swf\/pocos-muchos.swf\" target=\"_blank\" rel=\"noopener\">MUCHOS &#8211; POCOS<\/a><\/p>\n<p><a href=\"http:\/\/www.ramonlaporta.es\/jocsonline\/viajando%20con%20las%20mates\/tren.swf\" target=\"_blank\" rel=\"noopener\">COMPARA<\/a><\/p>\n<p><strong>Todos, alguno y ninguno<\/strong><\/p>\n<p><a href=\"http:\/\/primerodecarlos.com\/Octubre\/swf\/alguno-ninguno.swf\" target=\"_blank\" rel=\"noopener\">ALGUNO &#8211; NINGUNO<\/a><\/p>\n<p><a href=\"http:\/\/nea.educastur.princast.es\/repositorio\/RECURSO_ZIP\/1_1_ibcmass_u17\/index.html\" target=\"_blank\" rel=\"noopener\">TODO Y NADA<\/a><\/p>\n<p><strong>Dentro de y fuera de<\/strong><\/p>\n<p><a href=\"http:\/\/www.ceiploreto.es\/sugerencias\/A_1\/Recursosdidacticos\/PRIMERO\/datos\/02_Mates\/03_Recursos\/01_t\/actividades\/geometria\/11.htm\" target=\"_blank\" rel=\"noopener\">DENTRO-FUERA<\/a><\/p>\n<p><a href=\"http:\/\/www.ceiploreto.es\/sugerencias\/agrega\/Conceptos_espaciales\/contenido\/at_sd31_oa02_es\/at_sd31_oa02_a01_es\/at_31_02_oa.swf\" target=\"_blank\" rel=\"noopener\">DENTRO Y FUERA<\/a><\/p>\n<p><strong>Delante de y detr\u00e1s de<\/strong><\/p>\n<p><a href=\"http:\/\/www.ceiploreto.es\/sugerencias\/A_1\/Recursosdidacticos\/PRIMERO\/datos\/02_Mates\/03_Recursos\/01_t\/actividades\/geometria\/12.htm\" target=\"_blank\" rel=\"noopener\">DELANTE-DETR\u00c1S<\/a><\/p>\n<p><a href=\"http:\/\/www.ceiploreto.es\/sugerencias\/agrega\/Conceptos_espaciales\/contenido\/at_sd31_oa03_es\/at_sd31_oa03_a01_es\/at_31_03_oa.swf\" target=\"_blank\" rel=\"noopener\">DELANTE Y DETR\u00c1S<\/a><\/p>\n<p><a href=\"http:\/\/www.primaria.librosvivos.net\/archivosCMS\/3\/3\/16\/usuarios\/103294\/9\/Mate1EP_act2_CAS_Demo\/carcasa.swf\" target=\"_blank\" rel=\"noopener\">RESUELVO PROBLEMAS<\/a><\/p>\n<p><a href=\"http:\/\/www.primaria.librosvivos.net\/archivosCMS\/3\/3\/16\/usuarios\/103294\/9\/Mate1EP_Puzle_CAS_Demo\/actividad.swf\" target=\"_blank\" rel=\"noopener\">APRENDO A PENSAR<\/a><\/p>\n<p><a href=\"http:\/\/www.ceiploreto.es\/sugerencias\/tic2.sepdf.gob.mx\/scorm\/oas\/mat\/primero\/12\/intro.swf\" target=\"_blank\" rel=\"noopener\">CONOCEREMOS LA SUMA<\/a><\/p>\n<p><a href=\"http:\/\/www.primaria.librosvivos.net\/archivosCMS\/3\/3\/16\/usuarios\/103294\/9\/Mate1EP_ev1_CAS_Demo\/carcasa.swf\" target=\"_blank\" rel=\"noopener\">REPASO<\/a><\/p>\n","protected":false},"excerpt":{"rendered":"<p>&nbsp;\u00a1No te muevas! N\u00fameros del 0 al 5 CONOCEREMOS EL N\u00daMERO 1 CONOCEREMOS EL N\u00daMERO 2 CONOCEREMOS EL N\u00daMERO 3 CONOCEREMOS EL N\u00daMERO 4 CONOCEREMOS EL N\u00daMERO 5 CUENTA HASTA 5 JUGAMOS \u00bfME AYUDAS A CONTAR FRUTAS? CONOZCO LOS N\u00daMEROS REPRESENTAMOS LOS N\u00daMEROS Suma en horizontal y vertical. Serie +1 CUENTA Y SUMA APRENDO A &hellip; <\/p>\n<p><a class=\"more-link btn\" href=\"https:\/\/blogsaverroes.juntadeandalucia.es\/ceipaznaitin\/matematicas-1o-tema-1\/\">Seguir leyendo<\/a><\/p>\n","protected":false},"author":2805,"featured_media":0,"parent":0,"menu_order":0,"comment_status":"closed","ping_status":"closed","template":"","meta":{"ngg_post_thumbnail":0,"footnotes":"","_mc_calendar":[]},"aioseo_notices":[],"_links":{"self":[{"href":"https:\/\/blogsaverroes.juntadeandalucia.es\/ceipaznaitin\/wp-json\/wp\/v2\/pages\/4916"}],"collection":[{"href":"https:\/\/blogsaverroes.juntadeandalucia.es\/ceipaznaitin\/wp-json\/wp\/v2\/pages"}],"about":[{"href":"https:\/\/blogsaverroes.juntadeandalucia.es\/ceipaznaitin\/wp-json\/wp\/v2\/types\/page"}],"author":[{"embeddable":true,"href":"https:\/\/blogsaverroes.juntadeandalucia.es\/ceipaznaitin\/wp-json\/wp\/v2\/users\/2805"}],"replies":[{"embeddable":true,"href":"https:\/\/blogsaverroes.juntadeandalucia.es\/ceipaznaitin\/wp-json\/wp\/v2\/comments?post=4916"}],"version-history":[{"count":6,"href":"https:\/\/blogsaverroes.juntadeandalucia.es\/ceipaznaitin\/wp-json\/wp\/v2\/pages\/4916\/revisions"}],"predecessor-version":[{"id":4923,"href":"https:\/\/blogsaverroes.juntadeandalucia.es\/ceipaznaitin\/wp-json\/wp\/v2\/pages\/4916\/revisions\/4923"}],"wp:attachment":[{"href":"https:\/\/blogsaverroes.juntadeandalucia.es\/ceipaznaitin\/wp-json\/wp\/v2\/media?parent=4916"}],"curies":[{"name":"wp","href":"https:\/\/api.w.org\/{rel}","templated":true}]}}