{"id":4944,"date":"2018-02-27T12:38:36","date_gmt":"2018-02-27T10:38:36","guid":{"rendered":"http:\/\/blogsaverroes.juntadeandalucia.es\/ceipaznaitin\/?page_id=4944"},"modified":"2018-03-01T13:11:54","modified_gmt":"2018-03-01T11:11:54","slug":"matematicas-1o-tema-3","status":"publish","type":"page","link":"https:\/\/blogsaverroes.juntadeandalucia.es\/ceipaznaitin\/matematicas-1o-tema-3\/","title":{"rendered":"Matem\u00e1ticas 1\u00ba Tema 3"},"content":{"rendered":"<p><strong>D\u00eda de deporte<\/strong><\/p>\n<p><strong>N\u00fameros del 11 al 15<\/strong><\/p>\n<p><a href=\"http:\/\/genmagic.org\/mates1\/cp1c.swf\" target=\"_blank\" rel=\"noopener\">COMIENZO A CONTAR<\/a><\/p>\n<p><a href=\"http:\/\/www.ceiploreto.es\/sugerencias\/cp.juan.de.la.cosa\/Actividades%20Mates%20PDI\/01\/05\/02\/010502.swf\" target=\"_blank\" rel=\"noopener\">N\u00daMEROS DEL 11 AL 15<\/a><\/p>\n<p><a href=\"http:\/\/primerodecarlos.com\/primerodecarlos.blogspot.com\/noviembre\/serie_5-15\/visor.swf\" target=\"_blank\" rel=\"noopener\">COMPLETA<\/a><\/p>\n<p><strong>N\u00fameros del 16 al 19<\/strong><\/p>\n<p><a href=\"http:\/\/www.ceiploreto.es\/sugerencias\/cp.juan.de.la.cosa\/Actividades%20Mates%20PDI\/01\/05\/03\/010503.swf\" target=\"_blank\" rel=\"noopener\">LOS N\u00daMEROS DEL 11 AL 19<\/a><\/p>\n<p><a style=\"font-size: 14px;text-align: -webkit-center\" href=\"http:\/\/www.ceiploreto.es\/sugerencias\/cp.juan.de.la.cosa\/matespdi\/01\/06\/02\/010602.swf\" target=\"_blank\" rel=\"noopener\">LOS N\u00daMEROS HASTA EL 19<\/a><\/p>\n<p><a style=\"font-size: 14px;text-align: -webkit-center\" href=\"http:\/\/www.ceiploreto.es\/sugerencias\/A_1\/Recursosdidacticos\/PRIMERO\/datos\/02_Mates\/03_Recursos\/01_t\/actividades\/numeros\/07.htm\" target=\"_blank\" rel=\"noopener\">CONTAR CON EL \u00c1BACO<\/a><\/p>\n<p><a style=\"font-size: 14px;text-align: -webkit-center\" href=\"http:\/\/www.ceiploreto.es\/sugerencias\/A_1\/Recursosdidacticos\/PRIMERO\/datos\/02_Mates\/03_Recursos\/01_t\/actividades\/numeros\/05.htm\" target=\"_blank\" rel=\"noopener\">SERIES NUM\u00c9RICAS<\/a><\/p>\n<p><a style=\"font-size: 14px;text-align: -webkit-center\" href=\"http:\/\/primerodecarlos.com\/primerodecarlos.blogspot.com\/noviembre\/abaco\/abaco.swf\" target=\"_blank\" rel=\"noopener\">\u00c1BACO DIN\u00c1MICO<\/a><\/p>\n<p><a style=\"font-size: 14px;text-align: -webkit-center\" href=\"http:\/\/primerodecarlos.com\/primerodecarlos.blogspot.com\/noviembre\/abaco_1_19.swf\" target=\"_blank\" rel=\"noopener\">\u00c1BACO<\/a><\/p>\n<p><a style=\"font-size: 14px;text-align: -webkit-center\" href=\"http:\/\/primerodecarlos.com\/primerodecarlos.blogspot.com\/noviembre\/cuenta_abaco\/visor.swf\" target=\"_blank\" rel=\"noopener\">CUENTA Y ESCRIBE LOS N\u00daMEROS<\/a><\/p>\n<p><a style=\"font-size: 14px;text-align: -webkit-center\" href=\"http:\/\/primerodecarlos.com\/primerodecarlos.blogspot.com\/noviembre\/series_10_19\/visor.swf\" target=\"_blank\" rel=\"noopener\">COMPLETA LAS SERIES<\/a><\/p>\n<p><a style=\"font-size: 14px;text-align: -webkit-center\" href=\"http:\/\/primerodecarlos.com\/primerodecarlos.blogspot.com\/noviembre\/10_19\/visor.swf\" target=\"_blank\" rel=\"noopener\">ESCRIBE LOS N\u00daMEROS QUE FALTAN<\/a><\/p>\n<p><a style=\"font-size: 14px;text-align: -webkit-center\" href=\"http:\/\/www.genmagic.org\/mates1\/esbrin12cas.swf\" target=\"_blank\" rel=\"noopener\">ADIVINA EL N\u00daMERO DE IM\u00c1GENES<\/a><\/p>\n<p><a style=\"font-size: 14px;text-align: -webkit-center\" href=\"http:\/\/www.portaleducativo.net\/ejercicios\/primero\/matematica\/numeros_11_19\/intro.swf\" target=\"_blank\" rel=\"noopener\">ESCRITURA DE N\u00daMEROS<\/a><\/p>\n<p><a href=\"http:\/\/clic.xtec.cat\/db\/jclicApplet.jsp?project=http:\/\/clic.xtec.cat\/projects\/numerac\/jclic\/numerac.jclic.zip&amp;lang=es\" target=\"_blank\" rel=\"noopener\">Numeraci\u00f3n<\/a><\/p>\n<p><strong>Recta num\u00e9rica<\/strong><\/p>\n<p><a href=\"http:\/\/www.ceiploreto.es\/sugerencias\/juntadeandalucia\/Estrategias_numeracion\/rectanum.swf\" target=\"_blank\" rel=\"noopener\">RECTA NUM\u00c9RICA<\/a><\/p>\n<p><strong>Menor que, igual que y mayor que<\/strong><\/p>\n<p><a href=\"http:\/\/ares.cnice.mec.es\/matematicasep\/a\/1\/ca1_07.html\" target=\"_blank\" rel=\"noopener\">COMPARA N\u00daMEROS Y CANTIDADES<\/a><\/p>\n<p><strong>N\u00famero anterior y siguiente<\/strong><\/p>\n<p><a href=\"http:\/\/www.ceiploreto.es\/sugerencias\/cp.juan.de.la.cosa\/Actividades%20Mates%20PDI\/01\/05\/04\/010504.swf\" target=\"_blank\" rel=\"noopener\">N\u00daMERO ANTERIOR Y N\u00daMERO POSTERIOR<\/a><\/p>\n<p><a href=\"http:\/\/www.ceiploreto.es\/sugerencias\/A_1\/Recursosdidacticos\/PRIMERO\/datos\/02_Mates\/03_Recursos\/01_t\/actividades\/numeros\/08.htm\" target=\"_blank\" rel=\"noopener\">ANTERIOR POSTERIOR<\/a><\/p>\n<p><strong>Derecha e izquierda<\/strong><\/p>\n<p><a href=\"http:\/\/www.genmagic.org\/mates1\/dec.swf\" target=\"_blank\" rel=\"noopener\">IZQUIERDA-DERECHA<\/a><\/p>\n<p><a style=\"font-size: 14px;text-align: -webkit-center\" href=\"http:\/\/nea.educastur.princast.es\/repositorio\/RECURSO_ZIP\/1_1_ibcmass_u25\/index.html\" target=\"_blank\" rel=\"noopener\">LAS FORMAS Y CUERPOS EN EL ESPACIO<\/a><\/p>\n<p><a style=\"font-size: 14px;text-align: -webkit-center\" href=\"http:\/\/nea.educastur.princast.es\/repositorio\/RECURSO_ZIP\/2_1_ibcmass_u11\/index.html\" target=\"_blank\" rel=\"noopener\">APRENDO A ORIENTARME<\/a><\/p>\n<p><a style=\"font-size: 14px;text-align: -webkit-center\" href=\"http:\/\/ares.cnice.mec.es\/edufisica\/a\/01\/index.html\" target=\"_blank\" rel=\"noopener\">UN D\u00cdA EN EL CIRCO<\/a><\/p>\n<p><a style=\"font-size: 14px;text-align: -webkit-center\" href=\"http:\/\/www.ceiploreto.es\/sugerencias\/cp.juan.de.la.cosa\/matespdi\/01\/07\/01\/010701.swf\" target=\"_blank\" rel=\"noopener\">IZQUIERDA Y DERECHA<\/a><\/p>\n<p><a style=\"font-size: 14px;text-align: -webkit-center\" href=\"http:\/\/www.ceiploreto.es\/sugerencias\/cp.juan.de.la.cosa\/1_2\/mates\/actividades\/15\/02\/visor.html\" target=\"_blank\" rel=\"noopener\">IZQUIERDA Y DERECHA DE OTRA PERSONA<\/a><\/p>\n<p><a style=\"font-size: 14px;text-align: -webkit-center\" href=\"http:\/\/primerodecarlos.com\/primerodecarlos.blogspot.com\/marzo\/aprende_izquierda_derecha.swf\" target=\"_blank\" rel=\"noopener\">APRENDE<\/a><\/p>\n<p><a style=\"font-size: 14px;text-align: -webkit-center\" href=\"http:\/\/primerodecarlos.com\/primerodecarlos.blogspot.com\/marzo\/derecha_izquierda.swf\" target=\"_blank\" rel=\"noopener\">REPASA AS\u00cd CADA PARTE<\/a><\/p>\n<p><a style=\"font-size: 14px;text-align: -webkit-center\" href=\"http:\/\/primerodecarlos.com\/primerodecarlos.blogspot.com\/marzo\/izquierda_derecha_mic.swf\" target=\"_blank\" rel=\"noopener\">IZQUIERDA\/DERECHA<\/a><\/p>\n<p><a style=\"font-size: 14px;text-align: -webkit-center\" href=\"http:\/\/primerodecarlos.com\/primerodecarlos.blogspot.com\/marzo\/izquierda_derecha.swf\" target=\"_blank\" rel=\"noopener\">IZQUIERDA Y DERECHA<\/a><\/p>\n<p><a style=\"font-size: 14px;text-align: -webkit-center\" href=\"http:\/\/primerodecarlos.com\/primerodecarlos.blogspot.com\/marzo\/simetrias.swf\" target=\"_blank\" rel=\"noopener\">SIMETR\u00cdAS IZQUIERDA-DERECHA<\/a><\/p>\n<p><strong>Resuelve problemas<\/strong><\/p>\n<p><a href=\"http:\/\/agrega.educa.madrid.org\/\/repositorio\/25032010\/08\/es_2008041013_0311100\/index.html\" target=\"_blank\" rel=\"noopener\">LA ATENCI\u00d3N<\/a><\/p>\n<p><a style=\"font-size: 14px;text-align: -webkit-center\" href=\"http:\/\/ntic.educacion.es\/w3\/\/recursos\/primaria\/lengua_literatura\/problemas\/index.html\" target=\"_blank\" rel=\"noopener\">LECTURA COMPRENSIVA DE PROBLEMAS<\/a><\/p>\n<p><a style=\"font-size: 14px;text-align: -webkit-center\" href=\"http:\/\/www.primaria.librosvivos.net\/archivosCMS\/3\/3\/16\/usuarios\/103294\/9\/mate1ep_ud4_2\/carcasa.swf\" target=\"_blank\" rel=\"noopener\">RESUELVO PROBLEMAS 1<\/a><\/p>\n<p><a style=\"font-size: 14px;text-align: -webkit-center\" href=\"http:\/\/www.primaria.librosvivos.net\/archivosCMS\/3\/3\/16\/usuarios\/103294\/9\/mate1ep_ud3_2\/carcasa.swf\" target=\"_blank\" rel=\"noopener\">RESUELVO PROBLEMAS 2<\/a><\/p>\n<p><a href=\"http:\/\/www.primaria.librosvivos.net\/archivosCMS\/3\/3\/16\/usuarios\/103294\/9\/mate1ep_ud3_e\/carcasa.swf\" target=\"_blank\" rel=\"noopener\">REPASO 1<\/a><\/p>\n<p><a href=\"http:\/\/www.primaria.librosvivos.net\/archivosCMS\/3\/3\/16\/usuarios\/103294\/9\/mate1ep_ud4_e\/carcasa.swf\" target=\"_blank\" rel=\"noopener\">REPASO 2<\/a><\/p>\n","protected":false},"excerpt":{"rendered":"<p>D\u00eda de deporte N\u00fameros del 11 al 15 COMIENZO A CONTAR N\u00daMEROS DEL 11 AL 15 COMPLETA N\u00fameros del 16 al 19 LOS N\u00daMEROS DEL 11 AL 19 LOS N\u00daMEROS HASTA EL 19 CONTAR CON EL \u00c1BACO SERIES NUM\u00c9RICAS \u00c1BACO DIN\u00c1MICO \u00c1BACO CUENTA Y ESCRIBE LOS N\u00daMEROS COMPLETA LAS SERIES ESCRIBE LOS N\u00daMEROS QUE FALTAN &hellip; <\/p>\n<p><a class=\"more-link btn\" href=\"https:\/\/blogsaverroes.juntadeandalucia.es\/ceipaznaitin\/matematicas-1o-tema-3\/\">Seguir leyendo<\/a><\/p>\n","protected":false},"author":2805,"featured_media":0,"parent":0,"menu_order":0,"comment_status":"closed","ping_status":"closed","template":"","meta":{"ngg_post_thumbnail":0,"footnotes":"","_mc_calendar":[]},"aioseo_notices":[],"_links":{"self":[{"href":"https:\/\/blogsaverroes.juntadeandalucia.es\/ceipaznaitin\/wp-json\/wp\/v2\/pages\/4944"}],"collection":[{"href":"https:\/\/blogsaverroes.juntadeandalucia.es\/ceipaznaitin\/wp-json\/wp\/v2\/pages"}],"about":[{"href":"https:\/\/blogsaverroes.juntadeandalucia.es\/ceipaznaitin\/wp-json\/wp\/v2\/types\/page"}],"author":[{"embeddable":true,"href":"https:\/\/blogsaverroes.juntadeandalucia.es\/ceipaznaitin\/wp-json\/wp\/v2\/users\/2805"}],"replies":[{"embeddable":true,"href":"https:\/\/blogsaverroes.juntadeandalucia.es\/ceipaznaitin\/wp-json\/wp\/v2\/comments?post=4944"}],"version-history":[{"count":7,"href":"https:\/\/blogsaverroes.juntadeandalucia.es\/ceipaznaitin\/wp-json\/wp\/v2\/pages\/4944\/revisions"}],"predecessor-version":[{"id":4961,"href":"https:\/\/blogsaverroes.juntadeandalucia.es\/ceipaznaitin\/wp-json\/wp\/v2\/pages\/4944\/revisions\/4961"}],"wp:attachment":[{"href":"https:\/\/blogsaverroes.juntadeandalucia.es\/ceipaznaitin\/wp-json\/wp\/v2\/media?parent=4944"}],"curies":[{"name":"wp","href":"https:\/\/api.w.org\/{rel}","templated":true}]}}