{"id":5612,"date":"2018-03-13T12:11:54","date_gmt":"2018-03-13T10:11:54","guid":{"rendered":"http:\/\/blogsaverroes.juntadeandalucia.es\/ceipaznaitin\/?page_id=5612"},"modified":"2018-03-13T12:18:36","modified_gmt":"2018-03-13T10:18:36","slug":"matematicas-5o-tema-3","status":"publish","type":"page","link":"https:\/\/blogsaverroes.juntadeandalucia.es\/ceipaznaitin\/matematicas-5o-tema-3\/","title":{"rendered":"Matem\u00e1ticas 5\u00ba Tema 3"},"content":{"rendered":"<p><strong>M\u00faltiplos y divisores<\/strong><\/p>\n<p><strong>Contenidos previos<\/strong><\/p>\n<p><a href=\"http:\/\/www.eltanquematematico.es\/laspotencias\/inicio\/potencias_p.html\" target=\"_blank\" rel=\"noopener\">LAS POTENCIAS<\/a><\/p>\n<p><a style=\"font-size: 14px;text-align: -webkit-center\" href=\"http:\/\/www.eltanquematematico.es\/laspotencias\/actividades\/actividades_1p.html\" target=\"_blank\" rel=\"noopener\">ACTIVIDADES<\/a><\/p>\n<p><a style=\"font-size: 14px;text-align: -webkit-center\" href=\"http:\/\/www.edu.xunta.es\/espazoAbalar\/sites\/espazoAbalar\/files\/datos\/1293623192\/contido\/index.html\" target=\"_blank\" rel=\"noopener\">POTENCIAS<\/a><\/p>\n<p><a style=\"font-size: 14px;text-align: -webkit-center\" href=\"http:\/\/www.eltanquematematico.es\/todo_mate\/multiplosydivisores\/multiplos\/multiplos_p.html\" target=\"_blank\" rel=\"noopener\">M\u00daLTIPLOS DE UN N\u00daMERO<\/a><\/p>\n<p><a style=\"font-size: 14px;text-align: -webkit-center\" href=\"http:\/\/agrega2.red.es\/\/repositorio\/21012010\/5e\/es_2008050513_0231500\/mt15_oa02_es\/index.html\" target=\"_blank\" rel=\"noopener\">C\u00c1LCULO DE M\u00daLTIPLOS<\/a><\/p>\n<p><a style=\"font-size: 14px;text-align: -webkit-center\" href=\"http:\/\/www.eltanquematematico.es\/todo_mate\/multiplosydivisores\/divisores\/divisores_p.html\" target=\"_blank\" rel=\"noopener\">DIVISORES DE UN N\u00daMERO I<\/a><\/p>\n<p><a style=\"font-size: 14px;text-align: -webkit-center\" href=\"http:\/\/www.eltanquematematico.es\/todo_mate\/multiplosydivisores\/c_divisores\/divisores_r_p.html\" target=\"_blank\" rel=\"noopener\">DIVISORES DE UN N\u00daMERO II<\/a><\/p>\n<p><a style=\"font-size: 14px;text-align: -webkit-center\" href=\"http:\/\/agrega2.red.es\/\/repositorio\/21012010\/5e\/es_2008050513_0231500\/mt15_oa03_es\/index.html\" target=\"_blank\" rel=\"noopener\">C\u00c1LCULO DE DIVISORES<\/a><\/p>\n<p><strong>N\u00fameros primos y compuestos. Criterios de divisibilidad<\/strong><\/p>\n<p><a class=\"Estilo2\" href=\"http:\/\/www.eltanquematematico.es\/todo_mate\/multiplosydivisores\/num_primos\/numerosprimos_p.html\" target=\"_blank\" rel=\"noopener\">N\u00daMEROS PRIMOS I<\/a>&nbsp;<\/p>\n<p><a style=\"font-size: 14px;text-align: -webkit-center\" href=\"http:\/\/agrega2.red.es\/\/repositorio\/21012010\/5e\/es_2008050513_0231500\/mt15_oa04_es\/index.html\" target=\"_blank\" rel=\"noopener\">N\u00daMEROS PRIMOS II<\/a><\/p>\n<p><a style=\"font-size: 14px;text-align: -webkit-center\" href=\"http:\/\/ntic.educacion.es\/w3\/\/recursos\/primaria\/matematicas\/conmates\/unid-2\/n%FAmeros_primos_y_compuestos.htm\" target=\"_blank\" rel=\"noopener\">N\u00daMEROS PRIMOS Y COMPUESTOS I<\/a><\/p>\n<p><a style=\"font-size: 14px;text-align: -webkit-center\" href=\"http:\/\/www.ceiploreto.es\/sugerencias\/Edelvives\/A_1\/Recursosdidacticos\/SEXTO\/datos\/03_Mates\/datos\/05_rdi\/ud04\/4\/04.htm\" target=\"_blank\" rel=\"noopener\">N\u00daMEROS PRIMOS Y COMPUESTOS II<\/a><\/p>\n<p><a style=\"font-size: 14px;text-align: -webkit-center\" href=\"http:\/\/agrega.educacion.es\/\/repositorio\/07042011\/c1\/es_2011040712_9203013\/primaria_primos_gemelos\/primos_gemelos\/actividad.html\" target=\"_blank\" rel=\"noopener\">PRIMOS GEMELOS<\/a><\/p>\n<p><a style=\"font-size: 14px\" href=\"http:\/\/www.ceiploreto.es\/sugerencias\/ecuador\/matematicas\/6_numeros_primos_y_compuestos\/index.html\" target=\"_blank\" rel=\"noopener\">N\u00daMEROS PRIMOS Y COMPUESTOS III<\/a><\/p>\n<p><a class=\"Estilo2\" style=\"font-size: 14px;text-align: -webkit-center\" href=\"http:\/\/w3.cnice.mec.es\/recursos\/primaria\/matematicas\/conmates\/unid-2\/criterios_de_divisibilidad.htm\" target=\"_blank\" rel=\"noopener\">CRITERIOS DE DIVISIBILIDAD I<\/a><\/p>\n<p><a style=\"font-size: 14px;text-align: -webkit-center\" href=\"http:\/\/www.eltanquematematico.es\/todo_mate\/multiplosydivisores\/divisibilidad\/divisibilidad_p.html\" target=\"_blank\" rel=\"noopener\">CRITERIOS DE DIVISIBILIDAD II<\/a><\/p>\n<p><a style=\"font-size: 14px;text-align: -webkit-center\" href=\"http:\/\/agrega2.red.es\/\/repositorio\/21012010\/5e\/es_2008050513_0231500\/mt15_oa05_es\/index.html\" target=\"_blank\" rel=\"noopener\">REGLAS DE DIVISIBILIDAD<\/a><\/p>\n<p><a style=\"font-size: 14px;text-align: -webkit-center\" href=\"http:\/\/www.ceiploreto.es\/sugerencias\/Educarchile\/matematicas\/Divisones_y_divisores\/consolaOD.swf\" target=\"_blank\" rel=\"noopener\">DIVISIONES Y DIVISORES<\/a><\/p>\n<p><a style=\"font-size: 14px;text-align: -webkit-center\" href=\"http:\/\/genmagic.net\/repositorio\/displayimage.php?pos=-272\" target=\"_blank\" rel=\"noopener\">N\u00daMEROS DIVISIBLES POR 2, 3, 5&#8230;<\/a><\/p>\n<p><a style=\"font-size: 14px;text-align: -webkit-center\" href=\"http:\/\/www.ceiploreto.es\/sugerencias\/A_1\/Recursosdidacticos\/SEXTO\/datos\/03_Mates\/datos\/05_rdi\/ud04\/5\/05.htm\" target=\"_blank\" rel=\"noopener\">CRITERIOS DE DIVISIBILIDAD III<\/a><\/p>\n<p><strong>M\u00ednimo com\u00fan m\u00faltiplo<\/strong><\/p>\n<p><a href=\"http:\/\/www.eltanquematematico.es\/todo_mate\/multiplosydivisores\/mcm\/mcm_p.html\" target=\"_blank\" rel=\"noopener\">M\u00cdNIMO COM\u00daN M\u00daLTIPLO DE DOS N\u00daMEROS<\/a><\/p>\n<p><a style=\"font-size: 14px;text-align: -webkit-center\" href=\"http:\/\/w3.cnice.mec.es\/recursos\/primaria\/matematicas\/conmates\/unid-1\/m_c_m_.htm\" target=\"_blank\" rel=\"noopener\">EL M\u00cdNIMO COM\u00daN M\u00daLTIPLO DE VARIOS N\u00daMEROS<\/a><\/p>\n<p><a style=\"font-size: 14px;text-align: -webkit-center\" href=\"http:\/\/agrega.educacion.es\/repositorio\/24052012\/f6\/es_2012052413_9135320\/M_B1_Multiplos\/index.html\" target=\"_blank\" rel=\"noopener\">M\u00daLTIPLOS Y M\u00cdNIMO COM\u00daN M\u00daLTIPLO<\/a><\/p>\n<p><a style=\"font-size: 14px\" href=\"http:\/\/www.ceiploreto.es\/sugerencias\/ecuador\/matematicas\/6_minimo_comun_multiplo\/index.html\" target=\"_blank\" rel=\"noopener\">M\u00cdNIMO COM\u00daN M\u00daLTIPLO<\/a><\/p>\n<p><strong>M\u00e1ximo com\u00fan divisor<\/strong><\/p>\n<p><a href=\"http:\/\/www.eltanquematematico.es\/todo_mate\/multiplosydivisores\/mcd\/mcd_p.html\" target=\"_blank\" rel=\"noopener\">M\u00c1XIMO COM\u00daN DIVISOR DE DOS N\u00daMEROS<\/a><\/p>\n<p><a style=\"font-size: 14px;text-align: -webkit-center\" href=\"http:\/\/w3.cnice.mec.es\/recursos\/primaria\/matematicas\/conmates\/unid-2\/divisores_comunes_(mc_c_d_).htm\" target=\"_blank\" rel=\"noopener\">DIVISORES COMUNES<\/a><\/p>\n<p><a style=\"font-size: 14px;text-align: -webkit-center\" href=\"http:\/\/www.primaria.librosvivos.net\/archivosCMS\/3\/3\/16\/usuarios\/103294\/9\/6EP_Mate_cas_ud4_Maximo_221\/frame_prim.swf\" target=\"_blank\" rel=\"noopener\">M\u00c1XIMO COM\u00daN DIVISOR<\/a><\/p>\n<p><strong>Potencias de base 10<\/strong><\/p>\n<p><a class=\"Estilo2\" style=\"font-size: 14px;text-align: -webkit-center\" href=\"http:\/\/www.eltanquematematico.es\/laspotencias\/potencias10\/potencias10_p.html\" target=\"_blank\" rel=\"noopener\">POTENCIAS DE BASE 10<\/a><\/p>\n<p><a style=\"font-size: 14px;text-align: -webkit-center\" href=\"http:\/\/bromera.com\/tl_files\/activitatsdigitals\/capicua_6c_PA\/C6_u03_38_5_ordenar_potencies10.swf\" target=\"_blank\" rel=\"noopener\">POTENCIAS DE 10<\/a><\/p>\n<p><a href=\"http:\/\/www.primaria.librosvivos.net\/actividades\/flashActividadesPrimariaPub\/examen.swf?idejecucion=7468\" target=\"_blank\" rel=\"noopener\">AUTOEVALUACI\u00d3N<\/a><\/p>\n","protected":false},"excerpt":{"rendered":"<p>M\u00faltiplos y divisores Contenidos previos LAS POTENCIAS ACTIVIDADES POTENCIAS M\u00daLTIPLOS DE UN N\u00daMERO C\u00c1LCULO DE M\u00daLTIPLOS DIVISORES DE UN N\u00daMERO I DIVISORES DE UN N\u00daMERO II C\u00c1LCULO DE DIVISORES N\u00fameros primos y compuestos. Criterios de divisibilidad N\u00daMEROS PRIMOS I&nbsp; N\u00daMEROS PRIMOS II N\u00daMEROS PRIMOS Y COMPUESTOS I N\u00daMEROS PRIMOS Y COMPUESTOS II PRIMOS GEMELOS N\u00daMEROS &hellip; <\/p>\n<p><a class=\"more-link btn\" href=\"https:\/\/blogsaverroes.juntadeandalucia.es\/ceipaznaitin\/matematicas-5o-tema-3\/\">Seguir leyendo<\/a><\/p>\n","protected":false},"author":2805,"featured_media":0,"parent":0,"menu_order":0,"comment_status":"closed","ping_status":"closed","template":"","meta":{"ngg_post_thumbnail":0,"footnotes":"","_mc_calendar":[]},"aioseo_notices":[],"_links":{"self":[{"href":"https:\/\/blogsaverroes.juntadeandalucia.es\/ceipaznaitin\/wp-json\/wp\/v2\/pages\/5612"}],"collection":[{"href":"https:\/\/blogsaverroes.juntadeandalucia.es\/ceipaznaitin\/wp-json\/wp\/v2\/pages"}],"about":[{"href":"https:\/\/blogsaverroes.juntadeandalucia.es\/ceipaznaitin\/wp-json\/wp\/v2\/types\/page"}],"author":[{"embeddable":true,"href":"https:\/\/blogsaverroes.juntadeandalucia.es\/ceipaznaitin\/wp-json\/wp\/v2\/users\/2805"}],"replies":[{"embeddable":true,"href":"https:\/\/blogsaverroes.juntadeandalucia.es\/ceipaznaitin\/wp-json\/wp\/v2\/comments?post=5612"}],"version-history":[{"count":9,"href":"https:\/\/blogsaverroes.juntadeandalucia.es\/ceipaznaitin\/wp-json\/wp\/v2\/pages\/5612\/revisions"}],"predecessor-version":[{"id":5623,"href":"https:\/\/blogsaverroes.juntadeandalucia.es\/ceipaznaitin\/wp-json\/wp\/v2\/pages\/5612\/revisions\/5623"}],"wp:attachment":[{"href":"https:\/\/blogsaverroes.juntadeandalucia.es\/ceipaznaitin\/wp-json\/wp\/v2\/media?parent=5612"}],"curies":[{"name":"wp","href":"https:\/\/api.w.org\/{rel}","templated":true}]}}