{"id":5742,"date":"2018-03-15T11:48:21","date_gmt":"2018-03-15T09:48:21","guid":{"rendered":"http:\/\/blogsaverroes.juntadeandalucia.es\/ceipaznaitin\/?page_id=5742"},"modified":"2018-03-15T11:59:27","modified_gmt":"2018-03-15T09:59:27","slug":"ciencias-sociales-6o-tema-2","status":"publish","type":"page","link":"https:\/\/blogsaverroes.juntadeandalucia.es\/ceipaznaitin\/ciencias-sociales-6o-tema-2\/","title":{"rendered":"Ciencias Sociales 6\u00ba Tema 2"},"content":{"rendered":"<p><strong>Los paisajes de Espa\u00f1a y Europa<\/strong><\/p>\n<p><strong>Los paisajes de Espa\u00f1a<\/strong><\/p>\n<p><a href=\"http:\/\/www3.gobiernodecanarias.org\/medusa\/agrega\/repositorio\/10052010\/e0\/es-ic_2010051012_9122003\/index.html\" target=\"_blank\" rel=\"noopener\">PAISAJE DE COSTA<\/a><\/p>\n<p><a href=\"http:\/\/agrega2.red.es\/\/repositorio\/01022010\/d0\/es_2009063012_7240043\/index.html\" target=\"_blank\" rel=\"noopener\">PAISAJE DE COSTA<\/a><\/p>\n<p><a href=\"http:\/\/www3.gobiernodecanarias.org\/medusa\/agrega\/repositorio\/10052010\/16\/es-ic_2010051012_9122032\/index.html\" target=\"_blank\" rel=\"noopener\">PAISAJE DE LLANURA<\/a><\/p>\n<p><a href=\"http:\/\/agrega2.red.es\/\/repositorio\/01022010\/4e\/es_2009063012_7240042\/index.html\" target=\"_blank\" rel=\"noopener\">PAISAJE DE LLANURA<\/a><\/p>\n<p><a href=\"http:\/\/agrega2.red.es\/\/repositorio\/01022010\/a0\/es_2009063012_7240041\/index.html\" target=\"_blank\" rel=\"noopener\">PAISAJE DE MONTA\u00d1A<\/a><\/p>\n<p><a href=\"http:\/\/www3.gobiernodecanarias.org\/medusa\/agrega\/repositorio\/10052010\/a2\/es-ic_2010051012_9122152\/index.html\" target=\"_blank\" rel=\"noopener\">PAISAJE DE MONTA\u00d1A<\/a><\/p>\n<p><a href=\"http:\/\/www.aitanatp.com\/nivel6\/clima\/vegetacion.htm\" target=\"_blank\" rel=\"noopener\">LA VEGETACI\u00d3N DE ESPA\u00d1A<\/a><\/p>\n<p><a href=\"http:\/\/www.ceiploreto.es\/sugerencias\/A_1\/Recursosdidacticos\/QUINTO\/datos\/02_Cmedio\/datos\/05rdi\/ud11\/01.htm\" target=\"_blank\" rel=\"noopener\">LA VEGETACI\u00d3N SEG\u00daN EL CLIMA<\/a><\/p>\n<p><strong>Los paisajes de Europa<\/strong><\/p>\n<p><a href=\"http:\/\/www.librosvivos.net\/smtc\/PagPorFormulario.asp?idIdioma=ES&amp;TemaClave=1150&amp;est=0\" target=\"_blank\" rel=\"noopener\">EL MARCO GEOGR\u00c1FICO Y POL\u00cdTICO<\/a><\/p>\n<p><strong>Los espacios naturales y protegidos<\/strong><\/p>\n<p><a href=\"http:\/\/www.internatura.org\/espacios.html\" target=\"_blank\" rel=\"noopener\">ESPACIOS NATURALES<\/a><\/p>\n<p><a href=\"http:\/\/www.magrama.gob.es\/es\/red-parques-nacionales\/nuestros-parques\/default.aspx\" target=\"_blank\" rel=\"noopener\">LOS PARQUES NACIONALES ESPA\u00d1OLES<\/a><\/p>\n<p><a href=\"http:\/\/agrega.juntadeandalucia.es\/\/repositorio\/07102013\/c6\/es-an_2013100712_9134010\/index.htm\" target=\"_blank\" rel=\"noopener\">PARQUES NATURALES DE ANDALUC\u00cdA<\/a><\/p>\n<p><strong>Cambios en el paisaje<\/strong><\/p>\n<p><a href=\"http:\/\/www.primaria.librosvivos.net\/archivosCMS\/3\/3\/16\/usuarios\/103294\/9\/5EP_Cono_cas_ud11_paisajes\/frame_prim.swf\" target=\"_blank\" rel=\"noopener\">PAISAJES NATURALES Y PAISAJES HUMANIZADOS<\/a><\/p>\n<p><strong>El cuidado del medioambiente<\/strong><\/p>\n<p><a href=\"http:\/\/agrega2.red.es\/\/repositorio\/01022010\/ce\/es_2009063013_7240010\/index.html\" target=\"_blank\" rel=\"noopener\">CUIDANDO NUESTRO ENTORNO<\/a><\/p>\n<p><a href=\"http:\/\/conteni2.educarex.es\/mats\/14376\/contenido\/interfaz.swf\" target=\"_blank\" rel=\"noopener\">\u00bfC\u00d3MO INFLUYE EL HOMBRE SOBRE UN ECOSISTEMA?<\/a><\/p>\n<p><a href=\"http:\/\/redtic.educacontic.es\/diainternet\/primaria_97cc7574.htm.html\" target=\"_blank\" rel=\"noopener\">DETECTIVE MEDIOAMBIENTAL<\/a><\/p>\n<p><a href=\"http:\/\/www.ceiploreto.es\/sugerencias\/cplosangeles.juntaextremadura.net\/web\/sexto_curso\/sociales_6\/medio_ambiente_6\/medio_ambiente_6.html\" target=\"_blank\" rel=\"noopener\">EL MEDIO AMBIENTE I<\/a><\/p>\n<p><a href=\"http:\/\/www.ceiploreto.es\/sugerencias\/cplosangeles.juntaextremadura.net\/web\/cono_tercer_ciclo\/medio_ambiente\/actividades_unidad_7\/ambiente01.htm\" target=\"_blank\" rel=\"noopener\">EL MEDIO AMBIENTE II<\/a><\/p>\n<p><a href=\"http:\/\/www.ceiploreto.es\/sugerencias\/cplosangeles.juntaextremadura.net\/web\/sexto_curso\/sociales_6\/problemas_ambiente_6\/problemas_ambiente_6.html\" target=\"_blank\" rel=\"noopener\">LOS PROBLEMAS AMBIENTALES<\/a><\/p>\n<p><a href=\"http:\/\/www.ceiploreto.es\/sugerencias\/cplosangeles.juntaextremadura.net\/web\/sexto_curso\/sociales_6\/proteccion_ambiente_6\/proteccion_ambiente_6.html\" target=\"_blank\" rel=\"noopener\">LA PROTECCI\u00d3N DEL MEDIO AMBIENTE<\/a><\/p>\n<p><a href=\"http:\/\/agrega2.red.es\/\/repositorio\/01022010\/3a\/es_2009063013_7240020\/index.html\" target=\"_blank\" rel=\"noopener\">MEDIO AMBIENTE GLOBAL<\/a><\/p>\n<p><a href=\"http:\/\/eva.sepyc.gob.mx\/plataforma\/multimedia\/PA6_CN_B2_OA_20027\/\" target=\"_blank\" rel=\"noopener\">MEJORANDO EL MEDIO AMBIENTE<\/a><\/p>\n<p><a style=\"font-size: 14px;text-align: -webkit-center\" href=\"http:\/\/eva.sepyc.gob.mx\/plataforma\/multimedia\/PA6_CN_B2_OA_10039\/\" target=\"_blank\" rel=\"noopener\">ALTERNATIVAS PARA MEJORAR EL AMBIENTE<br \/>\n<\/a><\/p>\n<p><strong>Analizamos nuestro consumo de agua<\/strong><\/p>\n<p><a href=\"http:\/\/www.ceiploreto.es\/lectura\/Ficha99.pdf\" target=\"_blank\" rel=\"noopener\">FICHA DE LECTURA I<\/a><\/p>\n<p><a href=\"http:\/\/www.ceiploreto.es\/lectura\/Plan_interactivo\/199\/99\/index.html\" target=\"_blank\" rel=\"noopener\">FICHA DE LECTURA II<\/a><\/p>\n<p><strong>Nuestro planeta cambia<\/strong><\/p>\n<p><a href=\"http:\/\/rea.ceibal.edu.uy\/UserFiles\/P0001\/ODEA\/ORIGINAL\/cambio_climatico.elp\/index.html\" target=\"_blank\" rel=\"noopener\">\u00bfQU\u00c9 SABEMOS DEL CAMBIO CLIM\u00c1TICO?<\/a><\/p>\n<p><a href=\"http:\/\/rea.ceibal.edu.uy\/UserFiles\/P0001\/ODEA\/ORIGINAL\/090601_cambio_climatico.elp\/\" target=\"_blank\" rel=\"noopener\">UNIDOS PARA COMBATIR EL CAMBIO CLIM\u00c1TICO<\/a><\/p>\n<p><a href=\"http:\/\/www.cruzroja.es\/juego_cambio_climatico\/mision_posible.html\" target=\"_blank\" rel=\"noopener\">MISI\u00d3N POSIBLE: SALVAR EL PLANETA<\/a><\/p>\n<p>ACTIVIDADES Y REPASO&nbsp;&nbsp;<a href=\"http:\/\/www.juntadeandalucia.es\/averroes\/centros-tic\/41009470\/helvia\/aula\/archivos\/repositorio\/0\/190\/html\/recursos\/la\/U03\/pages\/recursos\/143175_P39_1\/es_animacion.html\" target=\"_blank\" rel=\"noopener\">1<\/a>&nbsp;<a href=\"http:\/\/www.juntadeandalucia.es\/averroes\/centros-tic\/41009470\/helvia\/aula\/archivos\/repositorio\/0\/190\/html\/recursos\/la\/U03\/pages\/recursos\/143175_P39_2.html\" target=\"_blank\" rel=\"noopener\">2<\/a>&nbsp;<a href=\"http:\/\/www.juntadeandalucia.es\/averroes\/centros-tic\/41009470\/helvia\/aula\/archivos\/repositorio\/0\/190\/html\/recursos\/la\/U03\/pages\/recursos\/143175_P40\/es_animacion.html\" target=\"_blank\" rel=\"noopener\">3<\/a>&nbsp;<a href=\"http:\/\/www.juntadeandalucia.es\/averroes\/centros-tic\/41009470\/helvia\/aula\/archivos\/repositorio\/0\/190\/html\/recursos\/la\/U03\/pages\/recursos\/143175_P41.html\" target=\"_blank\" rel=\"noopener\">4<\/a><\/p>\n","protected":false},"excerpt":{"rendered":"<p>Los paisajes de Espa\u00f1a y Europa Los paisajes de Espa\u00f1a PAISAJE DE COSTA PAISAJE DE COSTA PAISAJE DE LLANURA PAISAJE DE LLANURA PAISAJE DE MONTA\u00d1A PAISAJE DE MONTA\u00d1A LA VEGETACI\u00d3N DE ESPA\u00d1A LA VEGETACI\u00d3N SEG\u00daN EL CLIMA Los paisajes de Europa EL MARCO GEOGR\u00c1FICO Y POL\u00cdTICO Los espacios naturales y protegidos ESPACIOS NATURALES LOS PARQUES &hellip; <\/p>\n<p><a class=\"more-link btn\" href=\"https:\/\/blogsaverroes.juntadeandalucia.es\/ceipaznaitin\/ciencias-sociales-6o-tema-2\/\">Seguir leyendo<\/a><\/p>\n","protected":false},"author":2805,"featured_media":0,"parent":0,"menu_order":0,"comment_status":"closed","ping_status":"closed","template":"","meta":{"ngg_post_thumbnail":0,"footnotes":"","_mc_calendar":[]},"aioseo_notices":[],"_links":{"self":[{"href":"https:\/\/blogsaverroes.juntadeandalucia.es\/ceipaznaitin\/wp-json\/wp\/v2\/pages\/5742"}],"collection":[{"href":"https:\/\/blogsaverroes.juntadeandalucia.es\/ceipaznaitin\/wp-json\/wp\/v2\/pages"}],"about":[{"href":"https:\/\/blogsaverroes.juntadeandalucia.es\/ceipaznaitin\/wp-json\/wp\/v2\/types\/page"}],"author":[{"embeddable":true,"href":"https:\/\/blogsaverroes.juntadeandalucia.es\/ceipaznaitin\/wp-json\/wp\/v2\/users\/2805"}],"replies":[{"embeddable":true,"href":"https:\/\/blogsaverroes.juntadeandalucia.es\/ceipaznaitin\/wp-json\/wp\/v2\/comments?post=5742"}],"version-history":[{"count":5,"href":"https:\/\/blogsaverroes.juntadeandalucia.es\/ceipaznaitin\/wp-json\/wp\/v2\/pages\/5742\/revisions"}],"predecessor-version":[{"id":5748,"href":"https:\/\/blogsaverroes.juntadeandalucia.es\/ceipaznaitin\/wp-json\/wp\/v2\/pages\/5742\/revisions\/5748"}],"wp:attachment":[{"href":"https:\/\/blogsaverroes.juntadeandalucia.es\/ceipaznaitin\/wp-json\/wp\/v2\/media?parent=5742"}],"curies":[{"name":"wp","href":"https:\/\/api.w.org\/{rel}","templated":true}]}}

Ciencias Sociales 6º Tema 2

<p><strong>Los paisajes de España y Europa</strong></p>
<p><strong>Los paisajes de España</strong></p>
<p><a href="http://www3.gobiernodecanarias.org/medusa/agrega/repositorio/10052010/e0/es-ic_2010051012_9122003/index.html" target="_blank" rel="noopener">PAISAJE DE COSTA</a></p>
<p><a href="http://agrega2.red.es//repositorio/01022010/d0/es_2009063012_7240043/index.html" target="_blank" rel="noopener">PAISAJE DE COSTA</a></p>
<p><a href="http://www3.gobiernodecanarias.org/medusa/agrega/repositorio/10052010/16/es-ic_2010051012_9122032/index.html" target="_blank" rel="noopener">PAISAJE DE LLANURA</a></p>
<p><a href="http://agrega2.red.es//repositorio/01022010/4e/es_2009063012_7240042/index.html" target="_blank" rel="noopener">PAISAJE DE LLANURA</a></p>
<p><a href="http://agrega2.red.es//repositorio/01022010/a0/es_2009063012_7240041/index.html" target="_blank" rel="noopener">PAISAJE DE MONTAÑA</a></p>
<p><a href="http://www3.gobiernodecanarias.org/medusa/agrega/repositorio/10052010/a2/es-ic_2010051012_9122152/index.html" target="_blank" rel="noopener">PAISAJE DE MONTAÑA</a></p>
<p><a href="http://www.aitanatp.com/nivel6/clima/vegetacion.htm" target="_blank" rel="noopener">LA VEGETACIÓN DE ESPAÑA</a></p>
<p><a href="http://www.ceiploreto.es/sugerencias/A_1/Recursosdidacticos/QUINTO/datos/02_Cmedio/datos/05rdi/ud11/01.htm" target="_blank" rel="noopener">LA VEGETACIÓN SEGÚN EL CLIMA</a></p>
<p><strong>Los paisajes de Europa</strong></p>
<p><a href="http://www.librosvivos.net/smtc/PagPorFormulario.asp?idIdioma=ES&amp;TemaClave=1150&amp;est=0" target="_blank" rel="noopener">EL MARCO GEOGRÁFICO Y POLÍTICO</a></p>
<p><strong>Los espacios naturales y protegidos</strong></p>
<p><a href="http://www.internatura.org/espacios.html" target="_blank" rel="noopener">ESPACIOS NATURALES</a></p>
<p><a href="http://www.magrama.gob.es/es/red-parques-nacionales/nuestros-parques/default.aspx" target="_blank" rel="noopener">LOS PARQUES NACIONALES ESPAÑOLES</a></p>
<p><a href="http://agrega.juntadeandalucia.es//repositorio/07102013/c6/es-an_2013100712_9134010/index.htm" target="_blank" rel="noopener">PARQUES NATURALES DE ANDALUCÍA</a></p>
<p><strong>Cambios en el paisaje</strong></p>
<p><a href="http://www.primaria.librosvivos.net/archivosCMS/3/3/16/usuarios/103294/9/5EP_Cono_cas_ud11_paisajes/frame_prim.swf" target="_blank" rel="noopener">PAISAJES NATURALES Y PAISAJES HUMANIZADOS</a></p>
<p><strong>El cuidado del medioambiente</strong></p>
<p><a href="http://agrega2.red.es//repositorio/01022010/ce/es_2009063013_7240010/index.html" target="_blank" rel="noopener">CUIDANDO NUESTRO ENTORNO</a></p>
<p><a href="http://conteni2.educarex.es/mats/14376/contenido/interfaz.swf" target="_blank" rel="noopener">¿CÓMO INFLUYE EL HOMBRE SOBRE UN ECOSISTEMA?</a></p>
<p><a href="http://redtic.educacontic.es/diainternet/primaria_97cc7574.htm.html" target="_blank" rel="noopener">DETECTIVE MEDIOAMBIENTAL</a></p>
<p><a href="http://www.ceiploreto.es/sugerencias/cplosangeles.juntaextremadura.net/web/sexto_curso/sociales_6/medio_ambiente_6/medio_ambiente_6.html" target="_blank" rel="noopener">EL MEDIO AMBIENTE I</a></p>
<p><a href="http://www.ceiploreto.es/sugerencias/cplosangeles.juntaextremadura.net/web/cono_tercer_ciclo/medio_ambiente/actividades_unidad_7/ambiente01.htm" target="_blank" rel="noopener">EL MEDIO AMBIENTE II</a></p>
<p><a href="http://www.ceiploreto.es/sugerencias/cplosangeles.juntaextremadura.net/web/sexto_curso/sociales_6/problemas_ambiente_6/problemas_ambiente_6.html" target="_blank" rel="noopener">LOS PROBLEMAS AMBIENTALES</a></p>
<p><a href="http://www.ceiploreto.es/sugerencias/cplosangeles.juntaextremadura.net/web/sexto_curso/sociales_6/proteccion_ambiente_6/proteccion_ambiente_6.html" target="_blank" rel="noopener">LA PROTECCIÓN DEL MEDIO AMBIENTE</a></p>
<p><a href="http://agrega2.red.es//repositorio/01022010/3a/es_2009063013_7240020/index.html" target="_blank" rel="noopener">MEDIO AMBIENTE GLOBAL</a></p>
<p><a href="http://eva.sepyc.gob.mx/plataforma/multimedia/PA6_CN_B2_OA_20027/" target="_blank" rel="noopener">MEJORANDO EL MEDIO AMBIENTE</a></p>
<p><a style="font-size: 14px;text-align: -webkit-center" href="http://eva.sepyc.gob.mx/plataforma/multimedia/PA6_CN_B2_OA_10039/" target="_blank" rel="noopener">ALTERNATIVAS PARA MEJORAR EL AMBIENTE<br />
</a></p>
<p><strong>Analizamos nuestro consumo de agua</strong></p>
<p><a href="http://www.ceiploreto.es/lectura/Ficha99.pdf" target="_blank" rel="noopener">FICHA DE LECTURA I</a></p>
<p><a href="http://www.ceiploreto.es/lectura/Plan_interactivo/199/99/index.html" target="_blank" rel="noopener">FICHA DE LECTURA II</a></p>
<p><strong>Nuestro planeta cambia</strong></p>
<p><a href="http://rea.ceibal.edu.uy/UserFiles/P0001/ODEA/ORIGINAL/cambio_climatico.elp/index.html" target="_blank" rel="noopener">¿QUÉ SABEMOS DEL CAMBIO CLIMÁTICO?</a></p>
<p><a href="http://rea.ceibal.edu.uy/UserFiles/P0001/ODEA/ORIGINAL/090601_cambio_climatico.elp/" target="_blank" rel="noopener">UNIDOS PARA COMBATIR EL CAMBIO CLIMÁTICO</a></p>
<p><a href="http://www.cruzroja.es/juego_cambio_climatico/mision_posible.html" target="_blank" rel="noopener">MISIÓN POSIBLE: SALVAR EL PLANETA</a></p>
<p>ACTIVIDADES Y REPASO&nbsp;&nbsp;<a href="http://www.juntadeandalucia.es/averroes/centros-tic/41009470/helvia/aula/archivos/repositorio/0/190/html/recursos/la/U03/pages/recursos/143175_P39_1/es_animacion.html" target="_blank" rel="noopener">1</a>&nbsp;<a href="http://www.juntadeandalucia.es/averroes/centros-tic/41009470/helvia/aula/archivos/repositorio/0/190/html/recursos/la/U03/pages/recursos/143175_P39_2.html" target="_blank" rel="noopener">2</a>&nbsp;<a href="http://www.juntadeandalucia.es/averroes/centros-tic/41009470/helvia/aula/archivos/repositorio/0/190/html/recursos/la/U03/pages/recursos/143175_P40/es_animacion.html" target="_blank" rel="noopener">3</a>&nbsp;<a href="http://www.juntadeandalucia.es/averroes/centros-tic/41009470/helvia/aula/archivos/repositorio/0/190/html/recursos/la/U03/pages/recursos/143175_P41.html" target="_blank" rel="noopener">4</a></p>

<p>Los paisajes de España y Europa Los paisajes de España PAISAJE DE COSTA PAISAJE DE COSTA PAISAJE DE LLANURA PAISAJE DE LLANURA PAISAJE DE MONTAÑA PAISAJE DE MONTAÑA LA VEGETACIÓN DE ESPAÑA LA VEGETACIÓN SEGÚN EL CLIMA Los paisajes de Europa EL MARCO GEOGRÁFICO Y POLÍTICO Los espacios naturales y protegidos ESPACIOS NATURALES LOS PARQUES &hellip; </p>
<p><a class="more-link btn" href="https://blogsaverroes.juntadeandalucia.es/ceipaznaitin/ciencias-sociales-6o-tema-2/">Seguir leyendo</a></p>
