{"id":77,"date":"2015-03-16T06:54:56","date_gmt":"2015-03-16T06:54:56","guid":{"rendered":"http:\/\/blogsaverroes.juntadeandalucia.es\/pre\/ceip\/?page_id=77"},"modified":"2025-05-12T12:22:42","modified_gmt":"2025-05-12T10:22:42","slug":"secretaria","status":"publish","type":"page","link":"https:\/\/blogsaverroes.juntadeandalucia.es\/ceipaznaitin\/secretaria\/","title":{"rendered":"Secretar\u00eda"},"content":{"rendered":"<p>La <strong>Secretar\u00eda<\/strong> desarrolla muchas funciones importantes en la vida de un centro, especialmente en la relaci\u00f3n que mantiene con las familias en los diferentes tr\u00e1mites administrativos a lo largo de la escolarizaci\u00f3n: admisi\u00f3n, matr\u00edcula, comedor escolar, etc.<\/p>\n<p><a href=\"https:\/\/blogsaverroes.juntadeandalucia.es\/ceipaznaitin\/files\/2024\/01\/WhatsApp-Image-2024-01-30-at-11.37.11.jpeg\"><img loading=\"lazy\" decoding=\"async\" class=\" wp-image-7661 aligncenter\" src=\"https:\/\/blogsaverroes.juntadeandalucia.es\/ceipaznaitin\/files\/2024\/01\/WhatsApp-Image-2024-01-30-at-11.37.11-300x300.jpeg\" alt=\"\" width=\"364\" height=\"364\" srcset=\"https:\/\/blogsaverroes.juntadeandalucia.es\/ceipaznaitin\/files\/2024\/01\/WhatsApp-Image-2024-01-30-at-11.37.11-300x300.jpeg 300w, https:\/\/blogsaverroes.juntadeandalucia.es\/ceipaznaitin\/files\/2024\/01\/WhatsApp-Image-2024-01-30-at-11.37.11-1024x1024.jpeg 1024w, https:\/\/blogsaverroes.juntadeandalucia.es\/ceipaznaitin\/files\/2024\/01\/WhatsApp-Image-2024-01-30-at-11.37.11-150x150.jpeg 150w, https:\/\/blogsaverroes.juntadeandalucia.es\/ceipaznaitin\/files\/2024\/01\/WhatsApp-Image-2024-01-30-at-11.37.11-768x768.jpeg 768w, https:\/\/blogsaverroes.juntadeandalucia.es\/ceipaznaitin\/files\/2024\/01\/WhatsApp-Image-2024-01-30-at-11.37.11-1536x1536.jpeg 1536w, https:\/\/blogsaverroes.juntadeandalucia.es\/ceipaznaitin\/files\/2024\/01\/WhatsApp-Image-2024-01-30-at-11.37.11.jpeg 1600w\" sizes=\"(max-width: 364px) 100vw, 364px\" \/><\/a>Para agilizar los tr\u00e1mites facilitamos el horario de atenci\u00f3n de la administrativa del centro que es <strong>LUNES<\/strong> y <strong>MI\u00c9RCOLES<\/strong> de <strong>9 a 13 horas<\/strong><\/p>\n<p><span style=\"color: #ff0000\">PRESENTACI\u00d3N DE SOLICITUDES DE ADMISI\u00d3N PARA EL CURSO 2025\/26:<\/span><\/p>\n<p>Desde el <strong>1 de marzo al 31 de marzo<\/strong> estar\u00e1 abierto el plazo para presentar las solicitudes de nuevo alumnado para el pr\u00f3ximo curso escolar.<\/p>\n<p>Las solicitudes se recogen y entregan en Secretar\u00eda.<\/p>\n<p>Para conocer m\u00e1s detalles sobre el proceso pueden visitar el <a href=\"https:\/\/portales.ced.junta-andalucia.es\/educacion\/portales\/es\/web\/escolarizacion\/infantil-a-bachillerato\" target=\"_blank\" rel=\"noopener noreferrer\">PORTAL <\/a>DE <a href=\"http:\/\/portals.ced.junta-andalucia.es\/educacion\/portals\/web\/escolarizacion\" target=\"_blank\" rel=\"noopener noreferrer\">ESCOLARIZACI\u00d3N<\/a><\/p>\n<p>En este enlace estar\u00e1n disponibles los <a href=\"http:\/\/portals.ced.junta-andalucia.es\/educacion\/portals\/delegate\/content\/7e1d7b27-eaa4-42e7-bfa3-ac436db80ed6\"><strong>impresos<\/strong><\/a>.<\/p>\n","protected":false},"excerpt":{"rendered":"<p>La Secretar\u00eda desarrolla muchas funciones importantes en la vida de un centro, especialmente en la relaci\u00f3n que mantiene con las familias en los diferentes tr\u00e1mites administrativos a lo largo de la escolarizaci\u00f3n: admisi\u00f3n, matr\u00edcula, comedor escolar, etc. Para agilizar los tr\u00e1mites facilitamos el horario de atenci\u00f3n de la administrativa del centro que es LUNES y &hellip; <\/p>\n<p><a class=\"more-link btn\" href=\"https:\/\/blogsaverroes.juntadeandalucia.es\/ceipaznaitin\/secretaria\/\">Seguir leyendo<\/a><\/p>\n","protected":false},"author":1,"featured_media":0,"parent":0,"menu_order":0,"comment_status":"closed","ping_status":"open","template":"","meta":{"ngg_post_thumbnail":0,"footnotes":"","_mc_calendar":[]},"aioseo_notices":[],"_links":{"self":[{"href":"https:\/\/blogsaverroes.juntadeandalucia.es\/ceipaznaitin\/wp-json\/wp\/v2\/pages\/77"}],"collection":[{"href":"https:\/\/blogsaverroes.juntadeandalucia.es\/ceipaznaitin\/wp-json\/wp\/v2\/pages"}],"about":[{"href":"https:\/\/blogsaverroes.juntadeandalucia.es\/ceipaznaitin\/wp-json\/wp\/v2\/types\/page"}],"author":[{"embeddable":true,"href":"https:\/\/blogsaverroes.juntadeandalucia.es\/ceipaznaitin\/wp-json\/wp\/v2\/users\/1"}],"replies":[{"embeddable":true,"href":"https:\/\/blogsaverroes.juntadeandalucia.es\/ceipaznaitin\/wp-json\/wp\/v2\/comments?post=77"}],"version-history":[{"count":19,"href":"https:\/\/blogsaverroes.juntadeandalucia.es\/ceipaznaitin\/wp-json\/wp\/v2\/pages\/77\/revisions"}],"predecessor-version":[{"id":8024,"href":"https:\/\/blogsaverroes.juntadeandalucia.es\/ceipaznaitin\/wp-json\/wp\/v2\/pages\/77\/revisions\/8024"}],"wp:attachment":[{"href":"https:\/\/blogsaverroes.juntadeandalucia.es\/ceipaznaitin\/wp-json\/wp\/v2\/media?parent=77"}],"curies":[{"name":"wp","href":"https:\/\/api.w.org\/{rel}","templated":true}]}}