{"id":3668,"date":"2022-10-15T21:28:48","date_gmt":"2022-10-15T21:28:48","guid":{"rendered":"https:\/\/blogsaverroes.juntadeandalucia.es\/ceipbaessipo\/?page_id=3668"},"modified":"2022-10-18T21:11:41","modified_gmt":"2022-10-18T21:11:41","slug":"familias","status":"publish","type":"page","link":"https:\/\/blogsaverroes.juntadeandalucia.es\/ceipbaessipo\/familias\/","title":{"rendered":"Familias"},"content":{"rendered":"<p><a href=\"https:\/\/blogsaverroes.juntadeandalucia.es\/ceipbaessipo\/files\/2020\/05\/ipasen-e1588842792204.png\"><img loading=\"lazy\" decoding=\"async\" class=\"size-full wp-image-2317 aligncenter\" src=\"https:\/\/blogsaverroes.juntadeandalucia.es\/ceipbaessipo\/files\/2020\/05\/ipasen-e1588842792204.png\" alt=\"\" width=\"136\" height=\"136\"><\/a><\/p>\n<p style=\"text-align: justify\">La aplicaci\u00f3n oficial de la Consejer\u00eda de Educaci\u00f3n Ipasen es la forma m\u00e1s c\u00f3moda y r\u00e1pida para estar siempre informado de todo lo que ocurre en nuestro centro: comunicarse con el profesorado, justificar faltas de asistencias, recibir avisos de actividades complementarias y extraescolares, consultar calificaciones y el calendario escolar, recibir documentaci\u00f3n oficial (historial final de etapa, expediente acad\u00e9mico, etc). Por ello es muy importante que siempre permanezca actualizada.<\/p>\n<p style=\"text-align: center\"><span style=\"text-decoration: underline;color: #0000ff\"><em><strong>Actualizar Ipasen<\/strong><\/em><\/span><\/p>\n<p style=\"text-align: center\"><iframe loading=\"lazy\" src=\"https:\/\/www.youtube.com\/embed\/EEgfKu6Pfvs\" width=\"560\" height=\"315\" frameborder=\"0\"><\/iframe><\/p>\n<p style=\"text-align: center\"><span style=\"text-decoration: underline;color: #0000ff\"><em><strong>Autologin Ipasen<\/strong><\/em><\/span><\/p>\n<p style=\"text-align: justify\"><span style=\"color: #000000\">Si ha olvidado su clave siempre puede hacer autologin y recuperar las mismas para poder acceder nuevamente a la aplicaci\u00f3n.&nbsp;<\/span><\/p>\n<p style=\"text-align: center\"><iframe loading=\"lazy\" src=\"https:\/\/www.youtube.com\/embed\/cHLova48ULE?start=49\" width=\"560\" height=\"315\" frameborder=\"0\"><\/iframe>&nbsp;<\/p>\n<p style=\"text-align: center\"><span style=\"text-decoration: underline;color: #0000ff\"><em><strong>Recuperar usuario Ipasen<\/strong><\/em><\/span><\/p>\n<p style=\"text-align: center\"><iframe loading=\"lazy\" src=\"https:\/\/www.youtube.com\/embed\/EVwF1MsYiJo?start=9\" width=\"560\" height=\"315\" frameborder=\"0\"><\/iframe>&nbsp;<\/p>\n<p><span style=\"color: #000000\">Si&nbsp; tras realizar alguno de estos procesos a\u00fan no puede acceder a Ipasen pase por el centro en <strong>horario de secretar\u00eda<\/strong> y podremos ayudarle.<\/span><\/p>\n<p style=\"text-align: center\"><span style=\"text-decoration: underline;color: #0000ff\"><em><strong>Consultar calificaciones y descargar bolet\u00edn en Ipasen y <\/strong><\/em><\/span><\/p>\n<p style=\"text-align: center\"><span style=\"text-decoration: underline;color: #0000ff\"><em><strong>punto de recogida<\/strong><\/em><\/span><\/p>\n<h1 class=\"style-scope ytd-watch-metadata\" style=\"text-align: center\"><iframe loading=\"lazy\" src=\"https:\/\/www.youtube.com\/embed\/3D1UBSi-dmo\" width=\"560\" height=\"315\" frameborder=\"0\"><\/iframe>&nbsp;<\/h1>\n<p style=\"text-align: center\"><span style=\"color: #0000ff\"><b><i><u>Justificaci\u00f3n y comunicaci\u00f3n de faltas<\/u><\/i><\/b><\/span><\/p>\n<p style=\"text-align: center\"><iframe loading=\"lazy\" src=\"https:\/\/www.youtube.com\/embed\/-mNn45UXx2A?start=33\" width=\"560\" height=\"315\" frameborder=\"0\"><\/iframe>&nbsp;<\/p>\n","protected":false},"excerpt":{"rendered":"<p>La aplicaci\u00f3n oficial de la Consejer\u00eda de Educaci\u00f3n Ipasen es la forma m\u00e1s c\u00f3moda y r\u00e1pida para estar siempre informado de todo lo que ocurre en nuestro centro: comunicarse con el profesorado, justificar faltas&#46;&#46;&#46;<\/p>\n","protected":false},"author":7582,"featured_media":0,"parent":0,"menu_order":0,"comment_status":"closed","ping_status":"closed","template":"","meta":{"ngg_post_thumbnail":0,"footnotes":"","_mc_calendar":[]},"aioseo_notices":[],"_links":{"self":[{"href":"https:\/\/blogsaverroes.juntadeandalucia.es\/ceipbaessipo\/wp-json\/wp\/v2\/pages\/3668"}],"collection":[{"href":"https:\/\/blogsaverroes.juntadeandalucia.es\/ceipbaessipo\/wp-json\/wp\/v2\/pages"}],"about":[{"href":"https:\/\/blogsaverroes.juntadeandalucia.es\/ceipbaessipo\/wp-json\/wp\/v2\/types\/page"}],"author":[{"embeddable":true,"href":"https:\/\/blogsaverroes.juntadeandalucia.es\/ceipbaessipo\/wp-json\/wp\/v2\/users\/7582"}],"replies":[{"embeddable":true,"href":"https:\/\/blogsaverroes.juntadeandalucia.es\/ceipbaessipo\/wp-json\/wp\/v2\/comments?post=3668"}],"version-history":[{"count":8,"href":"https:\/\/blogsaverroes.juntadeandalucia.es\/ceipbaessipo\/wp-json\/wp\/v2\/pages\/3668\/revisions"}],"predecessor-version":[{"id":3824,"href":"https:\/\/blogsaverroes.juntadeandalucia.es\/ceipbaessipo\/wp-json\/wp\/v2\/pages\/3668\/revisions\/3824"}],"wp:attachment":[{"href":"https:\/\/blogsaverroes.juntadeandalucia.es\/ceipbaessipo\/wp-json\/wp\/v2\/media?parent=3668"}],"curies":[{"name":"wp","href":"https:\/\/api.w.org\/{rel}","templated":true}]}}