{"id":200,"date":"2022-10-01T10:04:24","date_gmt":"2022-10-01T10:04:24","guid":{"rendered":"http:\/\/blogsaverroes.juntadeandalucia.es\/pre\/ceip\/?page_id=200"},"modified":"2022-10-18T09:39:57","modified_gmt":"2022-10-18T09:39:57","slug":"quienes-formamos-el-ampa","status":"publish","type":"page","link":"https:\/\/blogsaverroes.juntadeandalucia.es\/ceipbarahonadesoto\/quienes-formamos-el-ampa\/","title":{"rendered":"\u00bfQuienes formamos el AMPA?"},"content":{"rendered":"<p>La asociaci\u00f3n Lu\u00eds Barahona de Soto, A.L.U.B.A. trata de fomentar la implicaci\u00f3n y participaci\u00f3n en la vida educativa del centro de las madres y padres de los alumnos. Junto a las actividades que destinadas a ellos completan la jornada extraescolar y que se describen en otro lugar de esta web intentamos servir de portavoz a las inquietudes y aportaciones en el d\u00eda a d\u00eda de la convivencia cotidiana en el centro, intermediando entre la asamblea general, constituida por la totalidad de las madres y padres de alumnos y nuestro representante en el consejo escolar.<\/p>\n<p>Los miembros de la Junta Directiva actual son:<\/p>\n<p>Presidenta: M\u00aa Carmen Rodr\u00edguez P\u00e9rez<br \/>\nVicepresidenta: Elisa Salazar Martos<br \/>\nSecretaria: M\u00f3nica Tienda Ariza<br \/>\nVicesecretaria: Mar Reyes P\u00e9rez<\/p>\n<p>Tesorer\u00eda:&nbsp;<span style=\"font-family: 'Open Sans', sans-serif;font-size: 15px;font-style: normal;font-weight: 400\">Antonia Egea Valverde<\/span><\/p>\n<p>Vocal: Victoria P\u00e9rez Cabello<\/p>\n<p>Vocal: Raquel Serrano Gonz\u00e1lez<\/p>\n<p>Vocal: Raquel Ortiz M\u00fa\u00f1oz<br \/>\nVocal: Araceli Rueda Molinero<br \/>\nVocal: Natalia Mart\u00edn Garcia-Maroto<br \/>\nVocal: Araceli Caballero Ramos<\/p>\n<p>La composici\u00f3n y funcionamiento de la Asamblea General y la Junta Directiva est\u00e1 detallada en los estatutos de la asociaci\u00f3n.<\/p>\n<p>El \u00f3rgano supremo de gobierno es la Asamblea General. Se re\u00fane obligatoriamente una vez al a\u00f1o, durante el primer trimestre del curso, en Asamblea Anual Ordinaria.<\/p>\n<p>Los estatutos fijan con detalle las convocatorias, funciones, etc. Normalmente se presenta un informe de las actividades del curso anterior, un proyecto de las actividades previstas para el curso en marcha y se aprueban las cuentas.<\/p>\n","protected":false},"excerpt":{"rendered":"<p>La asociaci\u00f3n Lu\u00eds Barahona de Soto, A.L.U.B.A. trata de fomentar la implicaci\u00f3n y participaci\u00f3n en la vida educativa del centro de las madres y padres&hellip;<\/p>\n","protected":false},"author":1,"featured_media":0,"parent":0,"menu_order":0,"comment_status":"closed","ping_status":"open","template":"","meta":{"ngg_post_thumbnail":0,"footnotes":"","_mc_calendar":[]},"aioseo_notices":[],"_links":{"self":[{"href":"https:\/\/blogsaverroes.juntadeandalucia.es\/ceipbarahonadesoto\/wp-json\/wp\/v2\/pages\/200"}],"collection":[{"href":"https:\/\/blogsaverroes.juntadeandalucia.es\/ceipbarahonadesoto\/wp-json\/wp\/v2\/pages"}],"about":[{"href":"https:\/\/blogsaverroes.juntadeandalucia.es\/ceipbarahonadesoto\/wp-json\/wp\/v2\/types\/page"}],"author":[{"embeddable":true,"href":"https:\/\/blogsaverroes.juntadeandalucia.es\/ceipbarahonadesoto\/wp-json\/wp\/v2\/users\/1"}],"replies":[{"embeddable":true,"href":"https:\/\/blogsaverroes.juntadeandalucia.es\/ceipbarahonadesoto\/wp-json\/wp\/v2\/comments?post=200"}],"version-history":[{"count":6,"href":"https:\/\/blogsaverroes.juntadeandalucia.es\/ceipbarahonadesoto\/wp-json\/wp\/v2\/pages\/200\/revisions"}],"predecessor-version":[{"id":5353,"href":"https:\/\/blogsaverroes.juntadeandalucia.es\/ceipbarahonadesoto\/wp-json\/wp\/v2\/pages\/200\/revisions\/5353"}],"wp:attachment":[{"href":"https:\/\/blogsaverroes.juntadeandalucia.es\/ceipbarahonadesoto\/wp-json\/wp\/v2\/media?parent=200"}],"curies":[{"name":"wp","href":"https:\/\/api.w.org\/{rel}","templated":true}]}}