{"id":77,"date":"2015-03-16T06:54:56","date_gmt":"2015-03-16T06:54:56","guid":{"rendered":"http:\/\/blogsaverroes.juntadeandalucia.es\/pre\/ceip\/?page_id=77"},"modified":"2020-09-25T19:29:28","modified_gmt":"2020-09-25T19:29:28","slug":"secretaria","status":"publish","type":"page","link":"https:\/\/blogsaverroes.juntadeandalucia.es\/ceipbeatrizgalindo\/secretaria\/","title":{"rendered":"Secretar\u00eda"},"content":{"rendered":"<p>La <strong>Secretar\u00eda<\/strong> desarrolla muchas funciones importantes en la vida de un centro, especialmente en la relaci\u00f3n que mantiene con las familias en los diferentes tr\u00e1mites administrativos a lo largo de la escolarizaci\u00f3n: admisi\u00f3n, matr\u00edcula, comedor escolar, becas, etc.<\/p>\n<ul>\n<li><strong>Secretar\u00eda<\/strong>: Inmaculada Moreno Romero<\/li>\n<li><strong>Horario de atenci\u00f3n al p\u00fablico<\/strong>: de 11 a 13 horas<\/li>\n<\/ul>\n<p>En secretar\u00eda podr\u00e1n recoger y entregar la documentaci\u00f3n relacionada con escolarizaci\u00f3n, plan de apertura, autorizaciones,&#8230;<\/p>\n<p><strong>Impresos:<\/strong><\/p>\n<div class=\"osc-res-tab tabbable   osc-tabs-left\"><div style=\"clear:both;width: 100%;\"><ul class=\"nav osc-res-nav nav-tabs osc-tabs-left-ul\" id=\"oscitas-restabs-1-secretaria-54667\"><li class=\"active\"><a href=\"#ert_pane1-0\" data-toggle=\"tab\">Escolarizaci\u00f3n<\/a><\/li><li class=\"\"><a href=\"#ert_pane1-1\" data-toggle=\"tab\">Plan de Apertura<\/a><\/li><li class=\"\"><a href=\"#ert_pane1-2\" data-toggle=\"tab\">Autorizaciones<\/a><\/li><li class=\"\"><a href=\"#ert_pane1-3\" data-toggle=\"tab\">Inscripciones<\/a><\/li><\/ul><\/div><div style=\"clear:both;width: 100%;\"><ul class=\"tab-content\" id=\"oscitas-restabcontent-1-secretaria-54667\"><li class=\"tab-pane active\" id=\"ert_pane1-0\"><\/p>\n<ul>\n<li><a href=\"http:\/\/www.juntadeandalucia.es\/educacion\/portals\/abaco-portlet\/content\/7e1d7b27-eaa4-42e7-bfa3-ac436db80ed6?a=true\">Anexo III.- Solicitud de admisi\u00f3n en segundo ciclo de Educaci\u00f3n Infantil, Educaci\u00f3n Primaria, Educaci\u00f3n Especial (v\u00e1lido del 1 al 31 de Marzo de 2016).<\/a><\/li>\n<li><a href=\"http:\/\/www.juntadeandalucia.es\/educacion\/portals\/abaco-portlet\/content\/d26442b2-4b4a-433a-9c1e-e1790a29f781?a=true\">Anexo IV.- Matr\u00edcula en segundo ciclo de Educaci\u00f3n Infantil y Educaci\u00f3n Primaria<\/a><\/li>\n<li><a href=\"http:\/\/www.juntadeandalucia.es\/educacion\/portals\/abaco-portlet\/content\/dcec9582-b20c-494b-bfbd-2886c7b8be94?a=true\">Anexo IX.- Solicitud Procedimiento Extraordinario de Admisi\u00f3n<\/a><\/li>\n<li><a href=\"http:\/\/www.juntadeandalucia.es\/educacion\/portals\/abaco-portlet\/content\/2b224515-337d-4e51-9a7b-7d2fd1003dfc?a=true\">Anexo Religi\u00f3n.- Solicitud para cursar la ense\u00f1anza de Religi\u00f3n en Segundo Ciclo de Educaci\u00f3n Infantil y Educaci\u00f3n Primaria<\/a><\/li>\n<li><a href=\"http:\/\/blogsaverroes.juntadeandalucia.es\/ceipbeatrizgalindo\/files\/2015\/03\/Impreso-de-datos-del-alumno.pdf\">Ficha de datos del alumno<\/a><\/li>\n<\/ul>\n<p><\/li><li class=\"tab-pane \" id=\"ert_pane1-1\"><\/p>\n<ul>\n<li><a href=\"http:\/\/blogsaverroes.juntadeandalucia.es\/ceipbeatrizgalindo\/files\/2015\/03\/Inscripci\u00f3n-en-Plan-de-Apertura.pdf\">Inscripci\u00f3n en Plan de Apertura<\/a><\/li>\n<li><a href=\"http:\/\/blogsaverroes.juntadeandalucia.es\/ceipbeatrizgalindo\/files\/2015\/03\/Baja-Aula-Matinal.pdf\">Baja Aula Matinal<\/a><\/li>\n<li><a href=\"http:\/\/blogsaverroes.juntadeandalucia.es\/ceipbeatrizgalindo\/files\/2015\/03\/Baja-Comedor.pdf\">Baja Comedor<\/a><\/li>\n<li><a href=\"http:\/\/blogsaverroes.juntadeandalucia.es\/ceipbeatrizgalindo\/files\/2015\/03\/Baja-en-Actividades-Extraescolar.pdf\">Baja en Actividades Extraescolar<\/a><\/li>\n<li><a href=\"http:\/\/blogsaverroes.juntadeandalucia.es\/ceipbeatrizgalindo\/files\/2015\/03\/Solicitud-de-bonificaci\u00f3n.pdf\">Solicitud de bonificaci\u00f3n<\/a><\/li>\n<li><a href=\"http:\/\/blogsaverroes.juntadeandalucia.es\/ceipbeatrizgalindo\/files\/2015\/03\/Solicitud-de-modificaci\u00f3n-del-servicio-de-comedor.pdf\">Solicitud de modificaci\u00f3n del servicio de comedor<\/a><\/li>\n<li><a href=\"http:\/\/blogsaverroes.juntadeandalucia.es\/ceipbeatrizgalindo\/files\/2015\/03\/Justificaci\u00f3n-de-ausencias-de-comedor.pdf\">J<\/a><a href=\"http:\/\/blogsaverroes.juntadeandalucia.es\/ceipbeatrizgalindo\/files\/2015\/03\/Justificaci\u00f3n-de-ausencias-de-comedor.pdf\">ustificaci\u00f3n de ausencias de comedor<\/a><\/li>\n<\/ul>\n<p><\/li><li class=\"tab-pane \" id=\"ert_pane1-2\"><\/p>\n<ul>\n<li><a href=\"http:\/\/blogsaverroes.juntadeandalucia.es\/ceipbeatrizgalindo\/files\/2015\/03\/Autorizaci\u00f3n-de-urgencias.pdf\">Autorizaci\u00f3n de urgencias<\/a><\/li>\n<li><a href=\"http:\/\/blogsaverroes.juntadeandalucia.es\/ceipbeatrizgalindo\/files\/2015\/03\/Autorizaci\u00f3n-recogida-por-un-hermano.pdf\">Autorizaci\u00f3n recogida por un hermano<\/a><\/li>\n<li><a href=\"http:\/\/blogsaverroes.juntadeandalucia.es\/ceipbeatrizgalindo\/files\/2015\/03\/Autorizaci\u00f3n-salida-solo-del-centro.pdf\">Autorizaci\u00f3n salida solo del centro<\/a><\/li>\n<li><a href=\"http:\/\/blogsaverroes.juntadeandalucia.es\/ceipbeatrizgalindo\/files\/2015\/03\/Autorizaci\u00f3n-de-fotos-y-v\u00eddeos.pdf\">Autorizaci\u00f3n de fotos y v\u00eddeos<\/a><\/li>\n<\/ul>\n<p><\/li><li class=\"tab-pane \" id=\"ert_pane1-3\"><\/p>\n<ul>\n<li><a href=\"http:\/\/blogsaverroes.juntadeandalucia.es\/ceipbeatrizgalindo\/files\/2015\/03\/Inscripci\u00f3n-en-Escuelas-Deportivas.pdf\">Inscripci\u00f3n en Escuelas Deportivas<\/a><\/li>\n<li><a href=\"http:\/\/blogsaverroes.juntadeandalucia.es\/ceipbeatrizgalindo\/files\/2015\/03\/Inscripci\u00f3n-en-Aula-de-Mediodia.pdf\">Inscripci\u00f3n en Aula de Mediodia<\/a><\/li>\n<\/ul>\n<p><\/li><\/ul><\/div><\/div>\n<p>&nbsp;<\/p>\n<p><a href=\"https:\/\/www.juntadeandalucia.es\/educacion\/secretariavirtual\" target=\"_blank\" rel=\"noopener noreferrer\">Secretar\u00eda Virtual de los Centros Educativos<\/a><\/p>\n","protected":false},"excerpt":{"rendered":"<p>La Secretar\u00eda desarrolla muchas funciones importantes en la vida de un centro, especialmente en la relaci\u00f3n que mantiene con las familias en los diferentes tr\u00e1mites administrativos a lo largo de la escolarizaci\u00f3n: admisi\u00f3n, matr\u00edcula,&#46;&#46;&#46;<\/p>\n","protected":false},"author":1,"featured_media":0,"parent":0,"menu_order":0,"comment_status":"closed","ping_status":"open","template":"","meta":{"ngg_post_thumbnail":0,"footnotes":"","_mc_calendar":[]},"aioseo_notices":[],"_links":{"self":[{"href":"https:\/\/blogsaverroes.juntadeandalucia.es\/ceipbeatrizgalindo\/wp-json\/wp\/v2\/pages\/77"}],"collection":[{"href":"https:\/\/blogsaverroes.juntadeandalucia.es\/ceipbeatrizgalindo\/wp-json\/wp\/v2\/pages"}],"about":[{"href":"https:\/\/blogsaverroes.juntadeandalucia.es\/ceipbeatrizgalindo\/wp-json\/wp\/v2\/types\/page"}],"author":[{"embeddable":true,"href":"https:\/\/blogsaverroes.juntadeandalucia.es\/ceipbeatrizgalindo\/wp-json\/wp\/v2\/users\/1"}],"replies":[{"embeddable":true,"href":"https:\/\/blogsaverroes.juntadeandalucia.es\/ceipbeatrizgalindo\/wp-json\/wp\/v2\/comments?post=77"}],"version-history":[{"count":24,"href":"https:\/\/blogsaverroes.juntadeandalucia.es\/ceipbeatrizgalindo\/wp-json\/wp\/v2\/pages\/77\/revisions"}],"predecessor-version":[{"id":2536,"href":"https:\/\/blogsaverroes.juntadeandalucia.es\/ceipbeatrizgalindo\/wp-json\/wp\/v2\/pages\/77\/revisions\/2536"}],"wp:attachment":[{"href":"https:\/\/blogsaverroes.juntadeandalucia.es\/ceipbeatrizgalindo\/wp-json\/wp\/v2\/media?parent=77"}],"curies":[{"name":"wp","href":"https:\/\/api.w.org\/{rel}","templated":true}]}}