{"id":871,"date":"2015-03-16T07:25:46","date_gmt":"2015-03-16T07:25:46","guid":{"rendered":"http:\/\/blogsaverroes.juntadeandalucia.es\/pre\/ceip\/?page_id=106"},"modified":"2020-09-25T19:29:03","modified_gmt":"2020-09-25T19:29:03","slug":"actividades-extraescolares","status":"publish","type":"page","link":"https:\/\/blogsaverroes.juntadeandalucia.es\/ceipbeatrizgalindo\/actividades-extraescolares\/","title":{"rendered":"Actividades extraescolares"},"content":{"rendered":"<h3>Sobre las actividades extraescolares<\/h3>\n<p style=\"text-align: left\">Tienen lugar en horario de tarde, hasta las 18.00, y abarcan aspectos como la lectura, el deporte, la m\u00fasica, la inform\u00e1tica, los idiomas, la danza o el teatro, entre otras actividades l\u00fadicas y formativas.<\/p>\n<p><strong>Empresa:<\/strong><\/p>\n<ul>\n<li>Coperaula<\/li>\n<\/ul>\n<p><strong>Actividades extraescolares:<\/strong><\/p>\n<table class=\"aligncenter\" style=\"height: 92px;border-color: #000000\" border=\"2\" width=\"685\" cellpadding=\"1\">\n<tbody>\n<tr>\n<td><\/td>\n<td><strong>Lunes<\/strong><\/td>\n<td><strong>Martes<\/strong><\/td>\n<td><strong>Mi\u00e9rcoles<\/strong><\/td>\n<td><strong>Jueves<\/strong><\/td>\n<\/tr>\n<tr>\n<td><strong>16:00 h. a 17:00 h.<\/strong><\/td>\n<td>Ingl\u00e9s Infantil<\/td>\n<td>Franc\u00e9s Primaria<\/td>\n<td>Ingl\u00e9s Infantil<\/td>\n<td>Franc\u00e9s Primaria<\/td>\n<\/tr>\n<tr>\n<td><strong>16:00 h. a 17:00 h.<\/strong><\/td>\n<td>Ingl\u00e9s Primaria<\/td>\n<td><\/td>\n<td>Ingl\u00e9s Primaria<\/td>\n<td><\/td>\n<\/tr>\n<\/tbody>\n<\/table>\n<p><strong>Horarios<\/strong><\/p>\n<p>Actividades extraescolares: de 16:00 h. a 18:00 h. (de lunes a jueves)<\/p>\n<p><strong>Impresos<\/strong><\/p>\n<ul>\n<li><a href=\"http:\/\/blogsaverroes.juntadeandalucia.es\/ceipbeatrizgalindo\/files\/2015\/03\/Inscripci\u00f3n-en-Plan-de-Apertura.pdf\">Inscripci\u00f3n en Plan de Apertura<\/a><\/li>\n<li><a href=\"http:\/\/blogsaverroes.juntadeandalucia.es\/ceipbeatrizgalindo\/files\/2015\/03\/Baja-en-Actividades-Extraescolar.pdf\">Baja en Actividades Extraescolar<\/a><\/li>\n<\/ul>\n<p><strong>Cuadro de bonificaciones y cuota mensual:<\/strong><\/p>\n<table style=\"height: 294px;border-color: #000000;background-color: #eaeaea\" width=\"221\">\n<tbody>\n<tr>\n<td style=\"text-align: center\"><strong>Bonificaciones<\/strong><\/td>\n<td style=\"text-align: center\"><strong>Cuota mensual<\/strong><\/td>\n<\/tr>\n<tr>\n<td style=\"text-align: center\">0%<\/td>\n<td style=\"text-align: center\">15,40 \u20ac<\/td>\n<\/tr>\n<tr>\n<td style=\"text-align: center\">10%<\/td>\n<td style=\"text-align: center\">13,86 \u20ac<\/td>\n<\/tr>\n<tr>\n<td style=\"text-align: center\">18%<\/td>\n<td style=\"text-align: center\">12,63 \u20ac<\/td>\n<\/tr>\n<tr>\n<td style=\"text-align: center\">26%<\/td>\n<td style=\"text-align: center\">11,40 \u20ac<\/td>\n<\/tr>\n<tr>\n<td style=\"text-align: center\">34%<\/td>\n<td style=\"text-align: center\">10,16 \u20ac<\/td>\n<\/tr>\n<tr>\n<td style=\"text-align: center\">42%<\/td>\n<td style=\"text-align: center\">8,93 \u20ac<\/td>\n<\/tr>\n<tr>\n<td style=\"text-align: center\">50%<\/td>\n<td style=\"text-align: center\">7,7 \u20ac<\/td>\n<\/tr>\n<tr>\n<td style=\"text-align: center\">100%<\/td>\n<td style=\"text-align: center\">0 \u20ac<\/td>\n<\/tr>\n<\/tbody>\n<\/table>\n","protected":false},"excerpt":{"rendered":"<p>Sobre las actividades extraescolares Tienen lugar en horario de tarde, hasta las 18.00, y abarcan aspectos como la lectura, el deporte, la m\u00fasica, la inform\u00e1tica, los idiomas, la danza o el teatro, entre otras&#46;&#46;&#46;<\/p>\n","protected":false},"author":1,"featured_media":0,"parent":0,"menu_order":0,"comment_status":"closed","ping_status":"open","template":"","meta":{"ngg_post_thumbnail":0,"footnotes":"","_mc_calendar":[]},"aioseo_notices":[],"_links":{"self":[{"href":"https:\/\/blogsaverroes.juntadeandalucia.es\/ceipbeatrizgalindo\/wp-json\/wp\/v2\/pages\/871"}],"collection":[{"href":"https:\/\/blogsaverroes.juntadeandalucia.es\/ceipbeatrizgalindo\/wp-json\/wp\/v2\/pages"}],"about":[{"href":"https:\/\/blogsaverroes.juntadeandalucia.es\/ceipbeatrizgalindo\/wp-json\/wp\/v2\/types\/page"}],"author":[{"embeddable":true,"href":"https:\/\/blogsaverroes.juntadeandalucia.es\/ceipbeatrizgalindo\/wp-json\/wp\/v2\/users\/1"}],"replies":[{"embeddable":true,"href":"https:\/\/blogsaverroes.juntadeandalucia.es\/ceipbeatrizgalindo\/wp-json\/wp\/v2\/comments?post=871"}],"version-history":[{"count":16,"href":"https:\/\/blogsaverroes.juntadeandalucia.es\/ceipbeatrizgalindo\/wp-json\/wp\/v2\/pages\/871\/revisions"}],"predecessor-version":[{"id":2414,"href":"https:\/\/blogsaverroes.juntadeandalucia.es\/ceipbeatrizgalindo\/wp-json\/wp\/v2\/pages\/871\/revisions\/2414"}],"wp:attachment":[{"href":"https:\/\/blogsaverroes.juntadeandalucia.es\/ceipbeatrizgalindo\/wp-json\/wp\/v2\/media?parent=871"}],"curies":[{"name":"wp","href":"https:\/\/api.w.org\/{rel}","templated":true}]}}