{"id":10583,"date":"2019-04-28T13:00:58","date_gmt":"2019-04-28T11:00:58","guid":{"rendered":"https:\/\/blogsaverroes.juntadeandalucia.es\/ceipblancadelosrios\/?page_id=10583"},"modified":"2019-05-04T09:49:20","modified_gmt":"2019-05-04T07:49:20","slug":"destino-finlandia-erasmus","status":"publish","type":"page","link":"https:\/\/blogsaverroes.juntadeandalucia.es\/ceipblancadelosrios\/destino-finlandia-erasmus\/","title":{"rendered":"Destino Finlandia-Erasmus+"},"content":{"rendered":"<p><span style=\"color: #ff0000\"><strong>D\u00eda 1: 27\/04.<\/strong><\/span> <span style=\"color: #0000ff\">A las 17:00 horas como un reloj, las tres maestras y los 7 ni\u00f1os y ni\u00f1as estaban en la <strong>Estaci\u00f3n de Santa Justa<\/strong> como un reloj.<\/span><br \/>\n<span style=\"color: #0000ff\">Un c\u00famulo de emociones acompa\u00f1aba a todos los presentes, mezcla de alegr\u00eda, excitaci\u00f3n y nostalgia adelantada. Y con ellas iniciaron su aventura hacia tierras Finlandesas.<\/span><br \/>\n<span style=\"color: #0000ff\">Tras un ameno camino en AVE, contando an\u00e9cdotas, con juegos de mesa, lecturas y grises entretenimientos, se efectu\u00f3 la llegada a la Estaci\u00f3n de Atocha seg\u00fan lo previsto a las 20:20 horas.<\/span><br \/>\n<span style=\"color: #0000ff\">Realizaron un trasbordo a un tren de cercan\u00edas que les llevar\u00eda al Aeropuerto y de ah\u00ed a un bus hasta el hotel donde tras una reconfortante cena en las habitaciones con los compa\u00f1eros de viaje, iniciar\u00edan un nuevo viaje al Pa\u00eds de los Sue\u00f1os antes de continuar la nueva aventura que ser\u00e1 viajar en avi\u00f3n hasta Helsinki.<\/span><br \/>\n<span style=\"color: #0000ff\">\u00a1Buenas noches desde Madrid!&nbsp;&nbsp;&nbsp;&nbsp;&nbsp; <strong>(<a href=\"https:\/\/wp.me\/P76aSc-2KX\">ENLACE A FOTOS<\/a>)<\/strong><br \/>\n<\/span><\/p>\n<p><span style=\"color: #ff0000\"><strong>D\u00eda 2: 28\/04. <\/strong><\/span><span style=\"color: #0000ff\">Todo el mundo sin excepci\u00f3n hab\u00eda puesto su alarma a las 6&#8217;30. Todos estaban dispuestos a no llegar tarde a la cita con su vuelo <strong>Madrid-Finlandia<\/strong>.Lo que no sab\u00edan es que el vuelo se retrasar\u00eda a su salida y a su llegada, provocando la p\u00e9rdida del vuelo a Tampere, la tercera ciudad m\u00e1s grande de Finlandia y el destino anhelado para su estancia durante esta semana.<\/span><\/p>\n<p><span style=\"color: #0000ff\">Tras cinco horas de espera en el aeropuerto de la capital finlandesa y mostrando una ejemplar paciencia y capacidad para entretenerse de mil y una maneras&#8230;. lleg\u00f3 el momento en que las puertas de Tampere se abr\u00edan para estos 7 ni\u00f1os y ni\u00f1as, dejando atr\u00e1s unas vistas espectaculares de un cielo de atardeceres y de un paisaje lleno de lagos.<\/span><\/p>\n<p><span style=\"color: #0000ff\">Llenos de ilusi\u00f3n y emociones se marchaban con sus respectivas familias anfitrionas.<\/span><\/p>\n<p><span style=\"color: #0000ff\">\u00a1Feliz y merecido descanso para todos!&nbsp;<\/span>&nbsp;&nbsp;&nbsp; <span style=\"color: #0000ff\"><strong>(<a href=\"https:\/\/wp.me\/P76aSc-2Le\">ENLACE A FOTOS<\/a>)<\/strong><\/span><\/p>\n<p><span style=\"color: #0000ff\"><span style=\"color: #ff0000\"><strong>D\u00eda 3: 29\/04. <\/strong><\/span><strong>Lleg\u00f3 el gran d\u00eda<\/strong>.<\/span><br \/>\n<span style=\"color: #0000ff\">El primero de los que estar\u00e1n por venir.<\/span><\/p>\n<p><span style=\"color: #0000ff\">Un elenco de ni\u00f1os y ni\u00f1as con banderas en ristre fabricadas a mano y representando a las distintas nacionalidades del proyecto, esperaban a las maestras y maestros a la entrada del colegio. <\/span><span style=\"color: #0000ff\">Les recib\u00edan cantando y ondeando los papeles de colores en un emotivo acto de Bienvenida.<\/span><\/p>\n<p><span style=\"color: #0000ff\">A partir de ah\u00ed con una excelente organizaci\u00f3n, se fue sucediendo la ma\u00f1ana entre actuaciones, entrega de regalos de bienvenida en el gimnasio, visita por las instalaciones del centro, participaci\u00f3n en clases de espa\u00f1ol en un instituto situado a 3 km&#8230;.impartidas por un profesor sevillano de la Macarena y residente en Finlandia.<\/span><\/p>\n<p><span style=\"color: #0000ff\">Culminar\u00eda la tarde con una convivencia entre alumnos y baile en la disco del cole.<\/span><\/p>\n<p><span style=\"color: #0000ff\">Para finalmente volver al descanso tras un largo d\u00eda de emociones y actividades.&nbsp; <span style=\"color: #0000ff\"><strong>(<a href=\"https:\/\/wp.me\/P76aSc-2Lj\">ENLACE A FOTOS<\/a>)<\/strong><\/span><br \/>\n<\/span><\/p>\n<p><span style=\"color: #ff0000\"><strong>D\u00eda 4: 30\/04.&nbsp;<\/strong><\/span><span style=\"color: #0000ff\">En este <strong>segundo d\u00eda del Proyecto<\/strong>, las maestras esperaron pacientemente el autob\u00fas junto a los nuevos compa\u00f1eros llegados la tarde antes: cuatro maestras y 6 ni\u00f1os y ni\u00f1as italianos.<\/span><\/p>\n<p><span style=\"color: #0000ff\">Una vez en la escuela comenzaba el trabajo organizativo en una reuni\u00f3n dirigida por el pa\u00eds coordinador: Italia.<\/span><\/p>\n<p><span style=\"color: #0000ff\">Con un estricto orden del d\u00eda imposible de completar a pesar de las casi tres horas de encuentro, los distintos pa\u00edses evaluaban las fortalezas y debilidades del proyecto desarrollado hasta el momento, dise\u00f1aban estrategias para los siguientes meses, trazaban objetivos desde la seriedad y profesionalidad de los presentes.<\/span><\/p>\n<p><span style=\"color: #0000ff\">Mientras tanto los ni\u00f1os disfrutaban de talleres de reciclado, preparaban m\u00e1scaras y participaban de una celebraci\u00f3n escolar del \u00abD\u00eda Internacional del Trabajo\u00bb.<\/span><\/p>\n<p><span style=\"color: #0000ff\">A continuaci\u00f3n, todo el mundo se adentraba en el bosque de abedules y abetos para disfrutar de una gymkhana en la Naturaleza, donde se realizaban actividades muy bien organizadas dirigidas a fomentar la cooperaci\u00f3n, impulsar el uso de las matem\u00e1ticas, el trabajo sensitivo, la confianza en el otro y muchos otros valores a los que esta escuela finlandesa y el sistema educativo en general dan mucha importancia como parte de la formaci\u00f3n de los ni\u00f1os.<\/span><\/p>\n<p><span style=\"color: #0000ff\">Finalmente el alumnado regresaba con sus familias anfitrionas a celebrar lo que llaman el \u00abVapuu\u00bb.<\/span><\/p>\n<p><span style=\"color: #0000ff\">\u00a1\u00a1\u00a1Feliz D\u00eda del Trabajo!!!&nbsp;&nbsp;&nbsp;&nbsp; <strong>(<a href=\"https:\/\/wp.me\/P76aSc-2Lq\">ENLACE A FOTOS<\/a>)<\/strong><br \/>\n<\/span><\/p>\n<p><strong><span style=\"color: #ff0000\">D\u00eda 5: 01\/05. <\/span><\/strong><span style=\"color: #0000ff\"><strong>En el d\u00eda del Trabajo<\/strong>, se suceder\u00edan los paseos conjuntos, los conciertos en parques p\u00fablicos, las celebraciones estudiantiles pasadas por agua, tanto por la lluvia como por la inmersi\u00f3n en masa de grupos de universitarios metidos en una cesta en el lago a 3\u00b0C! Todo un honor! <\/span><span style=\"color: #0000ff\">Una parte de nuestro alumnado subir\u00eda a la Torre con vistas a la ciudad en un ascensor superveloz y luego se marchar\u00eda a disfrutar de un d\u00eda en Familia, que de seguro no olvidar\u00e1n.<\/span><\/p>\n<p><span style=\"color: #0000ff\">\u00a1Ma\u00f1ana m\u00e1s!&nbsp;&nbsp;&nbsp;&nbsp;&nbsp;&nbsp;&nbsp;&nbsp; <strong>(<a href=\"https:\/\/wp.me\/P76aSc-2LD\">ENLACE A FOTOS<\/a>)<\/strong><br \/>\n<\/span><\/p>\n<p><span style=\"color: #ff0000\"><strong>D\u00eda 6: 02\/05. <\/strong><\/span><strong><span style=\"color: #0000ff\">La ma\u00f1ana amanec\u00eda nublada y fr\u00eda.<\/span><\/strong><br \/>\n<span style=\"color: #0000ff\">Una larga ma\u00f1ana finlandesa transcurrir\u00eda entre visitas a Iglesia, Biblioteca, Ayuntamiento y Museo de la localidad.<\/span><br \/>\n<span style=\"color: #0000ff\">En cada caso, una actividad organizada pensando en el alumnado hab\u00eda sido prevista.<\/span><br \/>\n<span style=\"color: #0000ff\">Por la tarde, todos los visitantes vivenciar\u00edan el concepto y la experiencia de sauna finlandesa.<\/span><br \/>\n<span style=\"color: #0000ff\">Nada que ver con lo que se est\u00e1 acostumbrado en Sevilla.<\/span><\/p>\n<p><span style=\"color: #0000ff\">De colof\u00f3n y tras haber acompa\u00f1ado en veh\u00edculos propios a todos los participantes del proyecto, se ofrecer\u00eda una cena que har\u00eda pensar a cualquiera, que todo transcurrir\u00eda entre amigos&#8230;&nbsp; <strong>(<a href=\"https:\/\/wp.me\/P76aSc-2LK\">ENLACE A FOTOS<\/a>)<\/strong><br \/>\n<\/span><\/p>\n<p><span style=\"color: #ff0000\"><strong>D\u00eda 7: 03\/05. <\/strong><\/span><strong><span style=\"color: #0000ff\">Amanec\u00eda nublado. <\/span><span style=\"color: #0000ff\">Hab\u00eda que estar temprano en el colegio.<\/span><\/strong><br \/>\n<span style=\"color: #0000ff\">La reuni\u00f3n de coordinaci\u00f3n se dilatar\u00eda en el tiempo y era necesario trazar el plan para el pr\u00f3ximo a\u00f1o.<\/span><br \/>\n<span style=\"color: #0000ff\">Tareas burocr\u00e1ticas y complejas para nuestra coordinadora para los pr\u00f3ximos meses, hac\u00edan ver que el proyecto implica mucha responsabilidad y cualificaci\u00f3n.<\/span><\/p>\n<p><span style=\"color: #0000ff\">Mientras el alumnado asistir\u00eda a clases de gastronom\u00eda t\u00edpica en el instituto de la zona cercana (3 km a pie).<\/span><\/p>\n<p><span style=\"color: #0000ff\">Posteriormente, los distintos pa\u00edses miembros engalanar\u00edan las mesas con productos nacionales que degustar\u00edan una vez finalizado el acto de entrega de diplomas y regalos.<\/span><\/p>\n<p><span style=\"color: #0000ff\"><span style=\"color: #800080\">Finalmente nevar\u00eda<\/span>&#8230;.y as\u00ed se cerrar\u00eda el ciclo de cambios en el clima que el equipo espa\u00f1ol ha experimentado a lo largo de la semana.<\/span><\/p>\n<p><span style=\"color: #0000ff\">Ma\u00f1ana inicio de la larga vuelta a casa.<\/span><\/p>\n<p><span style=\"color: #0000ff\">\u00a1\u00a1\u00a1Gracias Finlandia!!!&nbsp;&nbsp;&nbsp;&nbsp;&nbsp;&nbsp;&nbsp;&nbsp;&nbsp; <span style=\"color: #0000ff\"><strong>(<a href=\"https:\/\/wp.me\/P76aSc-2LQ\">ENLACE A FOTOS<\/a>)<\/strong><\/span><br \/>\n<\/span><\/p>\n<p><span style=\"color: #ff0000\"><span style=\"color: #0000ff\"><\/span><\/span><\/p>\n","protected":false},"excerpt":{"rendered":"<p>D\u00eda 1: 27\/04. A las 17:00 horas como un reloj, las tres maestras y los 7 ni\u00f1os y ni\u00f1as estaban en la Estaci\u00f3n de Santa Justa como un reloj. Un c\u00famulo de emociones acompa\u00f1aba&#46;&#46;&#46;<\/p>\n","protected":false},"author":2329,"featured_media":0,"parent":0,"menu_order":0,"comment_status":"closed","ping_status":"closed","template":"","meta":{"ngg_post_thumbnail":0,"footnotes":"","_mc_calendar":[]},"aioseo_notices":[],"_links":{"self":[{"href":"https:\/\/blogsaverroes.juntadeandalucia.es\/ceipblancadelosrios\/wp-json\/wp\/v2\/pages\/10583"}],"collection":[{"href":"https:\/\/blogsaverroes.juntadeandalucia.es\/ceipblancadelosrios\/wp-json\/wp\/v2\/pages"}],"about":[{"href":"https:\/\/blogsaverroes.juntadeandalucia.es\/ceipblancadelosrios\/wp-json\/wp\/v2\/types\/page"}],"author":[{"embeddable":true,"href":"https:\/\/blogsaverroes.juntadeandalucia.es\/ceipblancadelosrios\/wp-json\/wp\/v2\/users\/2329"}],"replies":[{"embeddable":true,"href":"https:\/\/blogsaverroes.juntadeandalucia.es\/ceipblancadelosrios\/wp-json\/wp\/v2\/comments?post=10583"}],"version-history":[{"count":12,"href":"https:\/\/blogsaverroes.juntadeandalucia.es\/ceipblancadelosrios\/wp-json\/wp\/v2\/pages\/10583\/revisions"}],"predecessor-version":[{"id":10655,"href":"https:\/\/blogsaverroes.juntadeandalucia.es\/ceipblancadelosrios\/wp-json\/wp\/v2\/pages\/10583\/revisions\/10655"}],"wp:attachment":[{"href":"https:\/\/blogsaverroes.juntadeandalucia.es\/ceipblancadelosrios\/wp-json\/wp\/v2\/media?parent=10583"}],"curies":[{"name":"wp","href":"https:\/\/api.w.org\/{rel}","templated":true}]}}

<p><span style="color: #ff0000"><strong>Día 1: 27/04.</strong></span> <span style="color: #0000ff">A las 17:00 horas como un reloj, las tres maestras y los 7 niños y niñas estaban en la <strong>Estación de Santa Justa</strong> como un reloj.</span><br />
<span style="color: #0000ff">Un cúmulo de emociones acompañaba a todos los presentes, mezcla de alegría, excitación y nostalgia adelantada. Y con ellas iniciaron su aventura hacia tierras Finlandesas.</span><br />
<span style="color: #0000ff">Tras un ameno camino en AVE, contando anécdotas, con juegos de mesa, lecturas y grises entretenimientos, se efectuó la llegada a la Estación de Atocha según lo previsto a las 20:20 horas.</span><br />
<span style="color: #0000ff">Realizaron un trasbordo a un tren de cercanías que les llevaría al Aeropuerto y de ahí a un bus hasta el hotel donde tras una reconfortante cena en las habitaciones con los compañeros de viaje, iniciarían un nuevo viaje al País de los Sueños antes de continuar la nueva aventura que será viajar en avión hasta Helsinki.</span><br />
<span style="color: #0000ff">¡Buenas noches desde Madrid!&nbsp;&nbsp;&nbsp;&nbsp;&nbsp; <strong>(<a href="https://wp.me/P76aSc-2KX">ENLACE A FOTOS</a>)</strong><br />
</span></p>
<p><span style="color: #ff0000"><strong>Día 2: 28/04. </strong></span><span style="color: #0000ff">Todo el mundo sin excepción había puesto su alarma a las 6&#8217;30. Todos estaban dispuestos a no llegar tarde a la cita con su vuelo <strong>Madrid-Finlandia</strong>.Lo que no sabían es que el vuelo se retrasaría a su salida y a su llegada, provocando la pérdida del vuelo a Tampere, la tercera ciudad más grande de Finlandia y el destino anhelado para su estancia durante esta semana.</span></p>
<p><span style="color: #0000ff">Tras cinco horas de espera en el aeropuerto de la capital finlandesa y mostrando una ejemplar paciencia y capacidad para entretenerse de mil y una maneras&#8230;. llegó el momento en que las puertas de Tampere se abrían para estos 7 niños y niñas, dejando atrás unas vistas espectaculares de un cielo de atardeceres y de un paisaje lleno de lagos.</span></p>
<p><span style="color: #0000ff">Llenos de ilusión y emociones se marchaban con sus respectivas familias anfitrionas.</span></p>
<p><span style="color: #0000ff">¡Feliz y merecido descanso para todos!&nbsp;</span>&nbsp;&nbsp;&nbsp; <span style="color: #0000ff"><strong>(<a href="https://wp.me/P76aSc-2Le">ENLACE A FOTOS</a>)</strong></span></p>
<p><span style="color: #0000ff"><span style="color: #ff0000"><strong>Día 3: 29/04. </strong></span><strong>Llegó el gran día</strong>.</span><br />
<span style="color: #0000ff">El primero de los que estarán por venir.</span></p>
<p><span style="color: #0000ff">Un elenco de niños y niñas con banderas en ristre fabricadas a mano y representando a las distintas nacionalidades del proyecto, esperaban a las maestras y maestros a la entrada del colegio. </span><span style="color: #0000ff">Les recibían cantando y ondeando los papeles de colores en un emotivo acto de Bienvenida.</span></p>
<p><span style="color: #0000ff">A partir de ahí con una excelente organización, se fue sucediendo la mañana entre actuaciones, entrega de regalos de bienvenida en el gimnasio, visita por las instalaciones del centro, participación en clases de español en un instituto situado a 3 km&#8230;.impartidas por un profesor sevillano de la Macarena y residente en Finlandia.</span></p>
<p><span style="color: #0000ff">Culminaría la tarde con una convivencia entre alumnos y baile en la disco del cole.</span></p>
<p><span style="color: #0000ff">Para finalmente volver al descanso tras un largo día de emociones y actividades.&nbsp; <span style="color: #0000ff"><strong>(<a href="https://wp.me/P76aSc-2Lj">ENLACE A FOTOS</a>)</strong></span><br />
</span></p>
<p><span style="color: #ff0000"><strong>Día 4: 30/04.&nbsp;</strong></span><span style="color: #0000ff">En este <strong>segundo día del Proyecto</strong>, las maestras esperaron pacientemente el autobús junto a los nuevos compañeros llegados la tarde antes: cuatro maestras y 6 niños y niñas italianos.</span></p>
<p><span style="color: #0000ff">Una vez en la escuela comenzaba el trabajo organizativo en una reunión dirigida por el país coordinador: Italia.</span></p>
<p><span style="color: #0000ff">Con un estricto orden del día imposible de completar a pesar de las casi tres horas de encuentro, los distintos países evaluaban las fortalezas y debilidades del proyecto desarrollado hasta el momento, diseñaban estrategias para los siguientes meses, trazaban objetivos desde la seriedad y profesionalidad de los presentes.</span></p>
<p><span style="color: #0000ff">Mientras tanto los niños disfrutaban de talleres de reciclado, preparaban máscaras y participaban de una celebración escolar del «Día Internacional del Trabajo».</span></p>
<p><span style="color: #0000ff">A continuación, todo el mundo se adentraba en el bosque de abedules y abetos para disfrutar de una gymkhana en la Naturaleza, donde se realizaban actividades muy bien organizadas dirigidas a fomentar la cooperación, impulsar el uso de las matemáticas, el trabajo sensitivo, la confianza en el otro y muchos otros valores a los que esta escuela finlandesa y el sistema educativo en general dan mucha importancia como parte de la formación de los niños.</span></p>
<p><span style="color: #0000ff">Finalmente el alumnado regresaba con sus familias anfitrionas a celebrar lo que llaman el «Vapuu».</span></p>
<p><span style="color: #0000ff">¡¡¡Feliz Día del Trabajo!!!&nbsp;&nbsp;&nbsp;&nbsp; <strong>(<a href="https://wp.me/P76aSc-2Lq">ENLACE A FOTOS</a>)</strong><br />
</span></p>
<p><strong><span style="color: #ff0000">Día 5: 01/05. </span></strong><span style="color: #0000ff"><strong>En el día del Trabajo</strong>, se sucederían los paseos conjuntos, los conciertos en parques públicos, las celebraciones estudiantiles pasadas por agua, tanto por la lluvia como por la inmersión en masa de grupos de universitarios metidos en una cesta en el lago a 3°C! Todo un honor! </span><span style="color: #0000ff">Una parte de nuestro alumnado subiría a la Torre con vistas a la ciudad en un ascensor superveloz y luego se marcharía a disfrutar de un día en Familia, que de seguro no olvidarán.</span></p>
<p><span style="color: #0000ff">¡Mañana más!&nbsp;&nbsp;&nbsp;&nbsp;&nbsp;&nbsp;&nbsp;&nbsp; <strong>(<a href="https://wp.me/P76aSc-2LD">ENLACE A FOTOS</a>)</strong><br />
</span></p>
<p><span style="color: #ff0000"><strong>Día 6: 02/05. </strong></span><strong><span style="color: #0000ff">La mañana amanecía nublada y fría.</span></strong><br />
<span style="color: #0000ff">Una larga mañana finlandesa transcurriría entre visitas a Iglesia, Biblioteca, Ayuntamiento y Museo de la localidad.</span><br />
<span style="color: #0000ff">En cada caso, una actividad organizada pensando en el alumnado había sido prevista.</span><br />
<span style="color: #0000ff">Por la tarde, todos los visitantes vivenciarían el concepto y la experiencia de sauna finlandesa.</span><br />
<span style="color: #0000ff">Nada que ver con lo que se está acostumbrado en Sevilla.</span></p>
<p><span style="color: #0000ff">De colofón y tras haber acompañado en vehículos propios a todos los participantes del proyecto, se ofrecería una cena que haría pensar a cualquiera, que todo transcurriría entre amigos&#8230;&nbsp; <strong>(<a href="https://wp.me/P76aSc-2LK">ENLACE A FOTOS</a>)</strong><br />
</span></p>
<p><span style="color: #ff0000"><strong>Día 7: 03/05. </strong></span><strong><span style="color: #0000ff">Amanecía nublado. </span><span style="color: #0000ff">Había que estar temprano en el colegio.</span></strong><br />
<span style="color: #0000ff">La reunión de coordinación se dilataría en el tiempo y era necesario trazar el plan para el próximo año.</span><br />
<span style="color: #0000ff">Tareas burocráticas y complejas para nuestra coordinadora para los próximos meses, hacían ver que el proyecto implica mucha responsabilidad y cualificación.</span></p>
<p><span style="color: #0000ff">Mientras el alumnado asistiría a clases de gastronomía típica en el instituto de la zona cercana (3 km a pie).</span></p>
<p><span style="color: #0000ff">Posteriormente, los distintos países miembros engalanarían las mesas con productos nacionales que degustarían una vez finalizado el acto de entrega de diplomas y regalos.</span></p>
<p><span style="color: #0000ff"><span style="color: #800080">Finalmente nevaría</span>&#8230;.y así se cerraría el ciclo de cambios en el clima que el equipo español ha experimentado a lo largo de la semana.</span></p>
<p><span style="color: #0000ff">Mañana inicio de la larga vuelta a casa.</span></p>
<p><span style="color: #0000ff">¡¡¡Gracias Finlandia!!!&nbsp;&nbsp;&nbsp;&nbsp;&nbsp;&nbsp;&nbsp;&nbsp;&nbsp; <span style="color: #0000ff"><strong>(<a href="https://wp.me/P76aSc-2LQ">ENLACE A FOTOS</a>)</strong></span><br />
</span></p>
<p><span style="color: #ff0000"><span style="color: #0000ff"></span></span></p>

<p>Día 1: 27/04. A las 17:00 horas como un reloj, las tres maestras y los 7 niños y niñas estaban en la Estación de Santa Justa como un reloj. Un cúmulo de emociones acompañaba&#46;&#46;&#46;</p>
