{"id":12524,"date":"2019-11-17T20:06:32","date_gmt":"2019-11-17T19:06:32","guid":{"rendered":"https:\/\/blogsaverroes.juntadeandalucia.es\/ceipblancadelosrios\/?page_id=12524"},"modified":"2020-10-08T23:49:14","modified_gmt":"2020-10-08T21:49:14","slug":"3o-ciclo-e-p-o-2","status":"publish","type":"page","link":"https:\/\/blogsaverroes.juntadeandalucia.es\/ceipblancadelosrios\/fototeca\/actividades-educativas-2019-20\/3o-ciclo-e-p-o-2\/","title":{"rendered":"3\u00ba Ciclo E.P.O."},"content":{"rendered":"<p><strong><span style=\"color: #ff0000\">Enero 2020:<\/span> <span style=\"color: #0000ff\">Primeros montajes de circuitos el\u00e9ctricos (CONTINUACI\u00d3N):<\/span><\/strong><span style=\"color: #0000ff\"> Se sigue en los primeros d\u00edas del 2\u00ba trimestre con la actividad que comenz\u00f3 en diciembre&#8230;&nbsp;&nbsp; <strong>(<a href=\"https:\/\/wp.me\/P76aSc-3nI\">Enlace a fotos<\/a>)<\/strong><br \/>\n<\/span><\/p>\n<p><span style=\"color: #ff0000\"><strong>18\/12\/2019: <span style=\"color: #0000ff\">Primeros montajes de circuitos el\u00e9ctricos: <\/span><\/strong><\/span><span style=\"color: #0000ff\">En los d\u00edas previos a las vacaciones navide\u00f1as, la maestra de ciencias naturales ha comenzado a introducir al alumnado de 6\u00ba de primaria en el mundo de la electricidad, circuitos y montajes electr\u00f3nicos han despertado la curiosidad y han dado sentido a lo que se estudia en la asignatura&#8230;&nbsp;&nbsp; <strong>(<a href=\"https:\/\/wp.me\/P76aSc-3nc\">Enlace a fotos<\/a>)<\/strong><\/span><\/p>\n<p><span style=\"color: #ff0000\"><strong>10\/12\/2019: <span style=\"color: #0000ff\">Pleno Municipal:<\/span><\/strong><span style=\"color: #0000ff\"> Hoy 10 de diciembre, el alumnado de 6\u00ba de Primaria ha participado de la actividad propuesta por el Ayuntamiento: Asistencia a un Pleno del Ayuntamiento. Esta actividad surge al hilo de la celebraci\u00f3n del D\u00eda de la Constitucion y el D\u00eda de los Derechos del Ni\u00f1o, celebrado en noviembre. En ella, ha habido un trabajo previo del alumnado por parejas y peque\u00f1os grupos, en los que se han elaborado aspectos relativos al pueblo que destacan como positivos y han realizado propuestas de mejora de aquellos aspectos que creen deben mejorar. Dichas propuestas, todas de gran inter\u00e9s, se han unificado en un documento, que el alumnado voluntario, ha trabajado en dos sesiones de trabajo celebradas en horario de tarde en el Centro Juvenil la Estaci\u00f3n. Finalmente, unos alumnos se han constituido como p\u00fablico y otros como portavoces de dichas propuestas, las cuales se han elevado a categor\u00eda de mociones a ser aprobadas en el pleno presidido por Mercedes Bueno, la Concejal de Juventud y Bienestar Social. El alumnado ha disfrutado en el Sal\u00f3n de Plenos del Ayuntamiento de dicha experiencia, en colaboraci\u00f3n con el alumnado del CEIP J\u00fapiter y CEIP Nuestra Se\u00f1ora del Patrocinio.&nbsp; <strong>(<a href=\"https:\/\/wp.me\/P76aSc-3mL\">Enlace a fotos<\/a>)<\/strong><\/span><\/span><\/p>\n<p><span style=\"color: #ff0000\"><strong>19\/11\/2019: <span style=\"color: #0000ff\">Gymkana por el Parque Mar\u00eda Luisa: <\/span><\/strong><\/span><span style=\"color: #0000ff\">Nuestro alumnado de 6\u00ba ha disfrutado en el d\u00eda de hoy una magn\u00edfica ma\u00f1a realizando una gymkana por este famoso y visitado parque sevillano. Historia, arte, cultura, rincones especiales del parque, y como no, la \u00abvisita\u00bb a las famosas palomas han jalonado una ma\u00f1ana divertida y llena de sorpresas; tambi\u00e9n se ha visitado el \u00abMuseo de Artes y Costumbres Populares\u00bb.&nbsp; <strong>(<a href=\"https:\/\/wp.me\/P76aSc-3k7\">Enlace a fotos<\/a> y <a href=\"https:\/\/blogsaverroes.juntadeandalucia.es\/ceipblancadelosrios\/files\/2019\/11\/VID-20191120-WA0026.mp4\">enlace a v\u00eddeo<\/a>)<\/strong><\/span><\/p>\n<p><span style=\"color: #ff0000\"><strong>14\/11\/2019: <span style=\"color: #0000ff\">Comienza el tr\u00e1nsito de nuestro alumnado de 6\u00ba al IES de referencia.<\/span><\/strong><\/span><span style=\"color: #0000ff\"> Por primera vez, en este curso, nuestro alumnado de 6\u00ba visita el IES Crmen Laffon, en los actos previstos del tr\u00e1nsito al instituto. Ha sido en la feria del libro que todos los a\u00f1os organiza el instituto. Muchos libros, el olor a papel de libro nuevo y mucha cultura ha impregnado el ambiente de una visita que el alumnado ha disfrutado y ha podido hacerse con algunos ejemplares a muy buen precio.&nbsp;&nbsp; <strong>(<a href=\"https:\/\/wp.me\/P76aSc-3hH\">Enlace a fotos<\/a>)<\/strong><\/span><\/p>\n<p>&nbsp;<\/p>\n","protected":false},"excerpt":{"rendered":"<p>Enero 2020: Primeros montajes de circuitos el\u00e9ctricos (CONTINUACI\u00d3N): Se sigue en los primeros d\u00edas del 2\u00ba trimestre con la actividad que comenz\u00f3 en diciembre&#8230;&nbsp;&nbsp; (Enlace a fotos) 18\/12\/2019: Primeros montajes de circuitos el\u00e9ctricos: En&#46;&#46;&#46;<\/p>\n","protected":false},"author":2329,"featured_media":0,"parent":12329,"menu_order":0,"comment_status":"closed","ping_status":"closed","template":"page-templates\/child-menu.php","meta":{"ngg_post_thumbnail":0,"footnotes":"","_mc_calendar":[]},"aioseo_notices":[],"_links":{"self":[{"href":"https:\/\/blogsaverroes.juntadeandalucia.es\/ceipblancadelosrios\/wp-json\/wp\/v2\/pages\/12524"}],"collection":[{"href":"https:\/\/blogsaverroes.juntadeandalucia.es\/ceipblancadelosrios\/wp-json\/wp\/v2\/pages"}],"about":[{"href":"https:\/\/blogsaverroes.juntadeandalucia.es\/ceipblancadelosrios\/wp-json\/wp\/v2\/types\/page"}],"author":[{"embeddable":true,"href":"https:\/\/blogsaverroes.juntadeandalucia.es\/ceipblancadelosrios\/wp-json\/wp\/v2\/users\/2329"}],"replies":[{"embeddable":true,"href":"https:\/\/blogsaverroes.juntadeandalucia.es\/ceipblancadelosrios\/wp-json\/wp\/v2\/comments?post=12524"}],"version-history":[{"count":12,"href":"https:\/\/blogsaverroes.juntadeandalucia.es\/ceipblancadelosrios\/wp-json\/wp\/v2\/pages\/12524\/revisions"}],"predecessor-version":[{"id":13003,"href":"https:\/\/blogsaverroes.juntadeandalucia.es\/ceipblancadelosrios\/wp-json\/wp\/v2\/pages\/12524\/revisions\/13003"}],"up":[{"embeddable":true,"href":"https:\/\/blogsaverroes.juntadeandalucia.es\/ceipblancadelosrios\/wp-json\/wp\/v2\/pages\/12329"}],"wp:attachment":[{"href":"https:\/\/blogsaverroes.juntadeandalucia.es\/ceipblancadelosrios\/wp-json\/wp\/v2\/media?parent=12524"}],"curies":[{"name":"wp","href":"https:\/\/api.w.org\/{rel}","templated":true}]}}

3º Ciclo E.P.O.

<p><strong><span style="color: #ff0000">Enero 2020:</span> <span style="color: #0000ff">Primeros montajes de circuitos eléctricos (CONTINUACIÓN):</span></strong><span style="color: #0000ff"> Se sigue en los primeros días del 2º trimestre con la actividad que comenzó en diciembre&#8230;&nbsp;&nbsp; <strong>(<a href="https://wp.me/P76aSc-3nI">Enlace a fotos</a>)</strong><br />
</span></p>
<p><span style="color: #ff0000"><strong>18/12/2019: <span style="color: #0000ff">Primeros montajes de circuitos eléctricos: </span></strong></span><span style="color: #0000ff">En los días previos a las vacaciones navideñas, la maestra de ciencias naturales ha comenzado a introducir al alumnado de 6º de primaria en el mundo de la electricidad, circuitos y montajes electrónicos han despertado la curiosidad y han dado sentido a lo que se estudia en la asignatura&#8230;&nbsp;&nbsp; <strong>(<a href="https://wp.me/P76aSc-3nc">Enlace a fotos</a>)</strong></span></p>
<p><span style="color: #ff0000"><strong>10/12/2019: <span style="color: #0000ff">Pleno Municipal:</span></strong><span style="color: #0000ff"> Hoy 10 de diciembre, el alumnado de 6º de Primaria ha participado de la actividad propuesta por el Ayuntamiento: Asistencia a un Pleno del Ayuntamiento. Esta actividad surge al hilo de la celebración del Día de la Constitucion y el Día de los Derechos del Niño, celebrado en noviembre. En ella, ha habido un trabajo previo del alumnado por parejas y pequeños grupos, en los que se han elaborado aspectos relativos al pueblo que destacan como positivos y han realizado propuestas de mejora de aquellos aspectos que creen deben mejorar. Dichas propuestas, todas de gran interés, se han unificado en un documento, que el alumnado voluntario, ha trabajado en dos sesiones de trabajo celebradas en horario de tarde en el Centro Juvenil la Estación. Finalmente, unos alumnos se han constituido como público y otros como portavoces de dichas propuestas, las cuales se han elevado a categoría de mociones a ser aprobadas en el pleno presidido por Mercedes Bueno, la Concejal de Juventud y Bienestar Social. El alumnado ha disfrutado en el Salón de Plenos del Ayuntamiento de dicha experiencia, en colaboración con el alumnado del CEIP Júpiter y CEIP Nuestra Señora del Patrocinio.&nbsp; <strong>(<a href="https://wp.me/P76aSc-3mL">Enlace a fotos</a>)</strong></span></span></p>
<p><span style="color: #ff0000"><strong>19/11/2019: <span style="color: #0000ff">Gymkana por el Parque María Luisa: </span></strong></span><span style="color: #0000ff">Nuestro alumnado de 6º ha disfrutado en el día de hoy una magnífica maña realizando una gymkana por este famoso y visitado parque sevillano. Historia, arte, cultura, rincones especiales del parque, y como no, la «visita» a las famosas palomas han jalonado una mañana divertida y llena de sorpresas; también se ha visitado el «Museo de Artes y Costumbres Populares».&nbsp; <strong>(<a href="https://wp.me/P76aSc-3k7">Enlace a fotos</a> y <a href="https://blogsaverroes.juntadeandalucia.es/ceipblancadelosrios/files/2019/11/VID-20191120-WA0026.mp4">enlace a vídeo</a>)</strong></span></p>
<p><span style="color: #ff0000"><strong>14/11/2019: <span style="color: #0000ff">Comienza el tránsito de nuestro alumnado de 6º al IES de referencia.</span></strong></span><span style="color: #0000ff"> Por primera vez, en este curso, nuestro alumnado de 6º visita el IES Crmen Laffon, en los actos previstos del tránsito al instituto. Ha sido en la feria del libro que todos los años organiza el instituto. Muchos libros, el olor a papel de libro nuevo y mucha cultura ha impregnado el ambiente de una visita que el alumnado ha disfrutado y ha podido hacerse con algunos ejemplares a muy buen precio.&nbsp;&nbsp; <strong>(<a href="https://wp.me/P76aSc-3hH">Enlace a fotos</a>)</strong></span></p>
<p>&nbsp;</p>

<p>Enero 2020: Primeros montajes de circuitos eléctricos (CONTINUACIÓN): Se sigue en los primeros días del 2º trimestre con la actividad que comenzó en diciembre&#8230;&nbsp;&nbsp; (Enlace a fotos) 18/12/2019: Primeros montajes de circuitos eléctricos: En&#46;&#46;&#46;</p>
