{"id":14539,"date":"2021-02-22T23:07:28","date_gmt":"2021-02-22T22:07:28","guid":{"rendered":"https:\/\/blogsaverroes.juntadeandalucia.es\/ceipblancadelosrios\/?page_id=14539"},"modified":"2025-02-11T16:24:44","modified_gmt":"2025-02-11T15:24:44","slug":"informacion","status":"publish","type":"page","link":"https:\/\/blogsaverroes.juntadeandalucia.es\/ceipblancadelosrios\/escolarizacion\/informacion\/","title":{"rendered":"Informaci\u00f3n"},"content":{"rendered":"<div style=\"width: 1280px;\" class=\"wp-video\"><!--[if lt IE 9]><script>document.createElement('video');<\/script><![endif]-->\n<video class=\"wp-video-shortcode\" id=\"video-14539-1\" width=\"1280\" height=\"720\" preload=\"metadata\" controls=\"controls\"><source type=\"video\/mp4\" src=\"https:\/\/blogsaverroes.juntadeandalucia.es\/ceipblancadelosrios\/files\/2025\/02\/ESCOLARIZACION-DEL-BLANCA.mp4?_=1\" \/><a href=\"https:\/\/blogsaverroes.juntadeandalucia.es\/ceipblancadelosrios\/files\/2025\/02\/ESCOLARIZACION-DEL-BLANCA.mp4\">https:\/\/blogsaverroes.juntadeandalucia.es\/ceipblancadelosrios\/files\/2025\/02\/ESCOLARIZACION-DEL-BLANCA.mp4<\/a><\/video><\/div>\n<h1><span style=\"color: #008080\"><em>Con\u00f3cenos&#8230;<\/em><\/span><\/h1>\n<p><iframe loading=\"lazy\" title=\"Escolarizaci\u00f3n CEIP Blanca de los R\u00edos (San Jos\u00e9 de la Rinconada)\" width=\"500\" height=\"281\" src=\"https:\/\/www.youtube.com\/embed\/qPejZPSdYAU?feature=oembed&#038;wmode=opaque\" frameborder=\"0\" allow=\"accelerometer; autoplay; clipboard-write; encrypted-media; gyroscope; picture-in-picture; web-share\" referrerpolicy=\"strict-origin-when-cross-origin\" allowfullscreen><\/iframe><\/p>\n","protected":false},"excerpt":{"rendered":"<p>Con\u00f3cenos&#8230;<\/p>\n","protected":false},"author":2329,"featured_media":0,"parent":141,"menu_order":0,"comment_status":"closed","ping_status":"closed","template":"page-templates\/child-menu.php","meta":{"ngg_post_thumbnail":0,"footnotes":"","_mc_calendar":[]},"aioseo_notices":[],"_links":{"self":[{"href":"https:\/\/blogsaverroes.juntadeandalucia.es\/ceipblancadelosrios\/wp-json\/wp\/v2\/pages\/14539"}],"collection":[{"href":"https:\/\/blogsaverroes.juntadeandalucia.es\/ceipblancadelosrios\/wp-json\/wp\/v2\/pages"}],"about":[{"href":"https:\/\/blogsaverroes.juntadeandalucia.es\/ceipblancadelosrios\/wp-json\/wp\/v2\/types\/page"}],"author":[{"embeddable":true,"href":"https:\/\/blogsaverroes.juntadeandalucia.es\/ceipblancadelosrios\/wp-json\/wp\/v2\/users\/2329"}],"replies":[{"embeddable":true,"href":"https:\/\/blogsaverroes.juntadeandalucia.es\/ceipblancadelosrios\/wp-json\/wp\/v2\/comments?post=14539"}],"version-history":[{"count":7,"href":"https:\/\/blogsaverroes.juntadeandalucia.es\/ceipblancadelosrios\/wp-json\/wp\/v2\/pages\/14539\/revisions"}],"predecessor-version":[{"id":18963,"href":"https:\/\/blogsaverroes.juntadeandalucia.es\/ceipblancadelosrios\/wp-json\/wp\/v2\/pages\/14539\/revisions\/18963"}],"up":[{"embeddable":true,"href":"https:\/\/blogsaverroes.juntadeandalucia.es\/ceipblancadelosrios\/wp-json\/wp\/v2\/pages\/141"}],"wp:attachment":[{"href":"https:\/\/blogsaverroes.juntadeandalucia.es\/ceipblancadelosrios\/wp-json\/wp\/v2\/media?parent=14539"}],"curies":[{"name":"wp","href":"https:\/\/api.w.org\/{rel}","templated":true}]}}

Información

<div style="width: 1280px;" class="wp-video"><!--[if lt IE 9]><script>document.createElement('video');</script><![endif]-->
<video class="wp-video-shortcode" id="video-14539-1" width="1280" height="720" preload="metadata" controls="controls"><source type="video/mp4" src="https://blogsaverroes.juntadeandalucia.es/ceipblancadelosrios/files/2025/02/ESCOLARIZACION-DEL-BLANCA.mp4?_=1" /><a href="https://blogsaverroes.juntadeandalucia.es/ceipblancadelosrios/files/2025/02/ESCOLARIZACION-DEL-BLANCA.mp4">https://blogsaverroes.juntadeandalucia.es/ceipblancadelosrios/files/2025/02/ESCOLARIZACION-DEL-BLANCA.mp4</a></video></div>
<h1><span style="color: #008080"><em>Conócenos&#8230;</em></span></h1>
<p><iframe loading="lazy" title="Escolarización CEIP Blanca de los Ríos (San José de la Rinconada)" width="500" height="281" src="https://www.youtube.com/embed/qPejZPSdYAU?feature=oembed&#038;wmode=opaque" frameborder="0" allow="accelerometer; autoplay; clipboard-write; encrypted-media; gyroscope; picture-in-picture; web-share" referrerpolicy="strict-origin-when-cross-origin" allowfullscreen></iframe></p>

<p>Conócenos&#8230;</p>
