{"id":14662,"date":"2021-03-22T13:29:20","date_gmt":"2021-03-22T12:29:20","guid":{"rendered":"https:\/\/blogsaverroes.juntadeandalucia.es\/ceipblancadelosrios\/?page_id=14662"},"modified":"2021-09-07T18:54:32","modified_gmt":"2021-09-07T16:54:32","slug":"8m-superheroinas","status":"publish","type":"page","link":"https:\/\/blogsaverroes.juntadeandalucia.es\/ceipblancadelosrios\/fototeca\/actividades-educativas-2020-21\/8m-superheroinas\/","title":{"rendered":"8M SUPERHERO\u00cdNAS"},"content":{"rendered":"<h1 style=\"text-align: center\"><span style=\"color: #800080\">\u00a1\u00a1\u00a1HOMENAJE A NUESTR@S SUPERHERO\u00cdNAS!!!<\/span><\/h1>\n<p>&nbsp;<\/p>\n<p>https:\/\/youtu.be\/R-tbNaOiJFM<\/p>\n<h1 style=\"text-align: center\">&nbsp;<\/h1>\n<p>&nbsp;<\/p>\n<p><img loading=\"lazy\" decoding=\"async\" class=\"aligncenter size-full wp-image-14648\" src=\"https:\/\/blogsaverroes.juntadeandalucia.es\/ceipblancadelosrios\/files\/2021\/03\/Superheroinas.jpg\" alt=\"\" width=\"1454\" height=\"740\" srcset=\"https:\/\/blogsaverroes.juntadeandalucia.es\/ceipblancadelosrios\/files\/2021\/03\/Superheroinas.jpg 1454w, https:\/\/blogsaverroes.juntadeandalucia.es\/ceipblancadelosrios\/files\/2021\/03\/Superheroinas-300x153.jpg 300w, https:\/\/blogsaverroes.juntadeandalucia.es\/ceipblancadelosrios\/files\/2021\/03\/Superheroinas-800x407.jpg 800w, https:\/\/blogsaverroes.juntadeandalucia.es\/ceipblancadelosrios\/files\/2021\/03\/Superheroinas-768x391.jpg 768w\" sizes=\"(max-width: 1454px) 100vw, 1454px\" \/><\/p>\n<p>&nbsp;<\/p>\n<p><img loading=\"lazy\" decoding=\"async\" class=\"aligncenter size-full wp-image-14626\" src=\"https:\/\/blogsaverroes.juntadeandalucia.es\/ceipblancadelosrios\/files\/2021\/03\/I3A.jpg\" alt=\"\" width=\"1600\" height=\"1200\" srcset=\"https:\/\/blogsaverroes.juntadeandalucia.es\/ceipblancadelosrios\/files\/2021\/03\/I3A.jpg 1600w, https:\/\/blogsaverroes.juntadeandalucia.es\/ceipblancadelosrios\/files\/2021\/03\/I3A-300x225.jpg 300w, https:\/\/blogsaverroes.juntadeandalucia.es\/ceipblancadelosrios\/files\/2021\/03\/I3A-800x600.jpg 800w, https:\/\/blogsaverroes.juntadeandalucia.es\/ceipblancadelosrios\/files\/2021\/03\/I3A-768x576.jpg 768w, https:\/\/blogsaverroes.juntadeandalucia.es\/ceipblancadelosrios\/files\/2021\/03\/I3A-1536x1152.jpg 1536w\" sizes=\"(max-width: 1600px) 100vw, 1600px\" \/><\/p>\n<p style=\"text-align: center\"><em>Infantil 3 a\u00f1os A<\/em><\/p>\n<p>&nbsp;<\/p>\n<p style=\"text-align: center\"><img loading=\"lazy\" decoding=\"async\" class=\"aligncenter size-full wp-image-14627\" src=\"https:\/\/blogsaverroes.juntadeandalucia.es\/ceipblancadelosrios\/files\/2021\/03\/I3B.jpg\" alt=\"\" width=\"1600\" height=\"778\" srcset=\"https:\/\/blogsaverroes.juntadeandalucia.es\/ceipblancadelosrios\/files\/2021\/03\/I3B.jpg 1600w, https:\/\/blogsaverroes.juntadeandalucia.es\/ceipblancadelosrios\/files\/2021\/03\/I3B-300x146.jpg 300w, https:\/\/blogsaverroes.juntadeandalucia.es\/ceipblancadelosrios\/files\/2021\/03\/I3B-800x389.jpg 800w, https:\/\/blogsaverroes.juntadeandalucia.es\/ceipblancadelosrios\/files\/2021\/03\/I3B-768x373.jpg 768w, https:\/\/blogsaverroes.juntadeandalucia.es\/ceipblancadelosrios\/files\/2021\/03\/I3B-1536x747.jpg 1536w\" sizes=\"(max-width: 1600px) 100vw, 1600px\" \/> <img loading=\"lazy\" decoding=\"async\" class=\"aligncenter size-full wp-image-14628\" src=\"https:\/\/blogsaverroes.juntadeandalucia.es\/ceipblancadelosrios\/files\/2021\/03\/I3B-1.jpg\" alt=\"\" width=\"1600\" height=\"778\" srcset=\"https:\/\/blogsaverroes.juntadeandalucia.es\/ceipblancadelosrios\/files\/2021\/03\/I3B-1.jpg 1600w, https:\/\/blogsaverroes.juntadeandalucia.es\/ceipblancadelosrios\/files\/2021\/03\/I3B-1-300x146.jpg 300w, https:\/\/blogsaverroes.juntadeandalucia.es\/ceipblancadelosrios\/files\/2021\/03\/I3B-1-800x389.jpg 800w, https:\/\/blogsaverroes.juntadeandalucia.es\/ceipblancadelosrios\/files\/2021\/03\/I3B-1-768x373.jpg 768w, https:\/\/blogsaverroes.juntadeandalucia.es\/ceipblancadelosrios\/files\/2021\/03\/I3B-1-1536x747.jpg 1536w\" sizes=\"(max-width: 1600px) 100vw, 1600px\" \/><\/p>\n<p style=\"text-align: center\"><em>Infantil 3 a\u00f1os B<\/em><\/p>\n<p>&nbsp;<\/p>\n<p><img loading=\"lazy\" decoding=\"async\" class=\"aligncenter size-full wp-image-14629\" src=\"https:\/\/blogsaverroes.juntadeandalucia.es\/ceipblancadelosrios\/files\/2021\/03\/I4A.jpg\" alt=\"\" width=\"1600\" height=\"1200\" srcset=\"https:\/\/blogsaverroes.juntadeandalucia.es\/ceipblancadelosrios\/files\/2021\/03\/I4A.jpg 1600w, https:\/\/blogsaverroes.juntadeandalucia.es\/ceipblancadelosrios\/files\/2021\/03\/I4A-300x225.jpg 300w, https:\/\/blogsaverroes.juntadeandalucia.es\/ceipblancadelosrios\/files\/2021\/03\/I4A-800x600.jpg 800w, https:\/\/blogsaverroes.juntadeandalucia.es\/ceipblancadelosrios\/files\/2021\/03\/I4A-768x576.jpg 768w, https:\/\/blogsaverroes.juntadeandalucia.es\/ceipblancadelosrios\/files\/2021\/03\/I4A-1536x1152.jpg 1536w\" sizes=\"(max-width: 1600px) 100vw, 1600px\" \/><\/p>\n<p style=\"text-align: center\"><em>Infantil 4 a\u00f1os A<\/em><\/p>\n<p>&nbsp;<\/p>\n<p><img loading=\"lazy\" decoding=\"async\" class=\"aligncenter size-full wp-image-14630\" src=\"https:\/\/blogsaverroes.juntadeandalucia.es\/ceipblancadelosrios\/files\/2021\/03\/I4B.jpg\" alt=\"\" width=\"1600\" height=\"1200\" srcset=\"https:\/\/blogsaverroes.juntadeandalucia.es\/ceipblancadelosrios\/files\/2021\/03\/I4B.jpg 1600w, https:\/\/blogsaverroes.juntadeandalucia.es\/ceipblancadelosrios\/files\/2021\/03\/I4B-300x225.jpg 300w, https:\/\/blogsaverroes.juntadeandalucia.es\/ceipblancadelosrios\/files\/2021\/03\/I4B-800x600.jpg 800w, https:\/\/blogsaverroes.juntadeandalucia.es\/ceipblancadelosrios\/files\/2021\/03\/I4B-768x576.jpg 768w, https:\/\/blogsaverroes.juntadeandalucia.es\/ceipblancadelosrios\/files\/2021\/03\/I4B-1536x1152.jpg 1536w\" sizes=\"(max-width: 1600px) 100vw, 1600px\" \/><\/p>\n<p style=\"text-align: center\"><em>Infantil 4 a\u00f1os B<\/em><\/p>\n<p>&nbsp;<\/p>\n<p><img loading=\"lazy\" decoding=\"async\" class=\"aligncenter size-full wp-image-14631\" src=\"https:\/\/blogsaverroes.juntadeandalucia.es\/ceipblancadelosrios\/files\/2021\/03\/I4C-scaled.jpg\" alt=\"\" width=\"1600\" height=\"1197\" srcset=\"https:\/\/blogsaverroes.juntadeandalucia.es\/ceipblancadelosrios\/files\/2021\/03\/I4C-scaled.jpg 1600w, https:\/\/blogsaverroes.juntadeandalucia.es\/ceipblancadelosrios\/files\/2021\/03\/I4C-300x224.jpg 300w, https:\/\/blogsaverroes.juntadeandalucia.es\/ceipblancadelosrios\/files\/2021\/03\/I4C-800x598.jpg 800w, https:\/\/blogsaverroes.juntadeandalucia.es\/ceipblancadelosrios\/files\/2021\/03\/I4C-768x574.jpg 768w, https:\/\/blogsaverroes.juntadeandalucia.es\/ceipblancadelosrios\/files\/2021\/03\/I4C-1536x1149.jpg 1536w, https:\/\/blogsaverroes.juntadeandalucia.es\/ceipblancadelosrios\/files\/2021\/03\/I4C-2048x1532.jpg 2048w\" sizes=\"(max-width: 1600px) 100vw, 1600px\" \/><\/p>\n<p style=\"text-align: center\"><em>Infantil 4 a\u00f1os C<\/em><\/p>\n<p>&nbsp;<\/p>\n<p><img loading=\"lazy\" decoding=\"async\" class=\"aligncenter size-full wp-image-14632\" src=\"https:\/\/blogsaverroes.juntadeandalucia.es\/ceipblancadelosrios\/files\/2021\/03\/I5A.jpg\" alt=\"\" width=\"1600\" height=\"1200\" srcset=\"https:\/\/blogsaverroes.juntadeandalucia.es\/ceipblancadelosrios\/files\/2021\/03\/I5A.jpg 1600w, https:\/\/blogsaverroes.juntadeandalucia.es\/ceipblancadelosrios\/files\/2021\/03\/I5A-300x225.jpg 300w, https:\/\/blogsaverroes.juntadeandalucia.es\/ceipblancadelosrios\/files\/2021\/03\/I5A-800x600.jpg 800w, https:\/\/blogsaverroes.juntadeandalucia.es\/ceipblancadelosrios\/files\/2021\/03\/I5A-768x576.jpg 768w, https:\/\/blogsaverroes.juntadeandalucia.es\/ceipblancadelosrios\/files\/2021\/03\/I5A-1536x1152.jpg 1536w\" sizes=\"(max-width: 1600px) 100vw, 1600px\" \/><\/p>\n<p style=\"text-align: center\"><em>Infantil 5 a\u00f1os A<\/em><\/p>\n<p>&nbsp;<\/p>\n<p><img loading=\"lazy\" decoding=\"async\" class=\"aligncenter size-full wp-image-14633\" src=\"https:\/\/blogsaverroes.juntadeandalucia.es\/ceipblancadelosrios\/files\/2021\/03\/I5B.jpg\" alt=\"\" width=\"1600\" height=\"1201\" srcset=\"https:\/\/blogsaverroes.juntadeandalucia.es\/ceipblancadelosrios\/files\/2021\/03\/I5B.jpg 1600w, https:\/\/blogsaverroes.juntadeandalucia.es\/ceipblancadelosrios\/files\/2021\/03\/I5B-300x225.jpg 300w, https:\/\/blogsaverroes.juntadeandalucia.es\/ceipblancadelosrios\/files\/2021\/03\/I5B-800x600.jpg 800w, https:\/\/blogsaverroes.juntadeandalucia.es\/ceipblancadelosrios\/files\/2021\/03\/I5B-768x576.jpg 768w, https:\/\/blogsaverroes.juntadeandalucia.es\/ceipblancadelosrios\/files\/2021\/03\/I5B-1536x1153.jpg 1536w\" sizes=\"(max-width: 1600px) 100vw, 1600px\" \/><\/p>\n<p style=\"text-align: center\"><em>Infantil 5 a\u00f1os B<\/em><\/p>\n<p>&nbsp;<\/p>\n<p><img loading=\"lazy\" decoding=\"async\" class=\"aligncenter size-full wp-image-14634\" src=\"https:\/\/blogsaverroes.juntadeandalucia.es\/ceipblancadelosrios\/files\/2021\/03\/1\u00baA-scaled.jpg\" alt=\"\" width=\"1600\" height=\"1200\" srcset=\"https:\/\/blogsaverroes.juntadeandalucia.es\/ceipblancadelosrios\/files\/2021\/03\/1\u00baA-scaled.jpg 1600w, https:\/\/blogsaverroes.juntadeandalucia.es\/ceipblancadelosrios\/files\/2021\/03\/1\u00baA-300x225.jpg 300w, https:\/\/blogsaverroes.juntadeandalucia.es\/ceipblancadelosrios\/files\/2021\/03\/1\u00baA-800x600.jpg 800w, https:\/\/blogsaverroes.juntadeandalucia.es\/ceipblancadelosrios\/files\/2021\/03\/1\u00baA-768x576.jpg 768w, https:\/\/blogsaverroes.juntadeandalucia.es\/ceipblancadelosrios\/files\/2021\/03\/1\u00baA-1536x1152.jpg 1536w, https:\/\/blogsaverroes.juntadeandalucia.es\/ceipblancadelosrios\/files\/2021\/03\/1\u00baA-2048x1536.jpg 2048w\" sizes=\"(max-width: 1600px) 100vw, 1600px\" \/><\/p>\n<p style=\"text-align: center\"><em>Primaria 1\u00baA<\/em><\/p>\n<p>&nbsp;<\/p>\n<p><img loading=\"lazy\" decoding=\"async\" class=\"aligncenter size-full wp-image-14635\" src=\"https:\/\/blogsaverroes.juntadeandalucia.es\/ceipblancadelosrios\/files\/2021\/03\/1\u00baB-scaled.jpg\" alt=\"\" width=\"1600\" height=\"1200\" srcset=\"https:\/\/blogsaverroes.juntadeandalucia.es\/ceipblancadelosrios\/files\/2021\/03\/1\u00baB-scaled.jpg 1600w, https:\/\/blogsaverroes.juntadeandalucia.es\/ceipblancadelosrios\/files\/2021\/03\/1\u00baB-300x225.jpg 300w, https:\/\/blogsaverroes.juntadeandalucia.es\/ceipblancadelosrios\/files\/2021\/03\/1\u00baB-800x600.jpg 800w, https:\/\/blogsaverroes.juntadeandalucia.es\/ceipblancadelosrios\/files\/2021\/03\/1\u00baB-768x576.jpg 768w, https:\/\/blogsaverroes.juntadeandalucia.es\/ceipblancadelosrios\/files\/2021\/03\/1\u00baB-1536x1152.jpg 1536w, https:\/\/blogsaverroes.juntadeandalucia.es\/ceipblancadelosrios\/files\/2021\/03\/1\u00baB-2048x1536.jpg 2048w\" sizes=\"(max-width: 1600px) 100vw, 1600px\" \/><\/p>\n<p style=\"text-align: center\"><em>Primaria 1\u00baB<\/em><\/p>\n<p>&nbsp;<\/p>\n<p><img loading=\"lazy\" decoding=\"async\" class=\"aligncenter size-full wp-image-14636\" src=\"https:\/\/blogsaverroes.juntadeandalucia.es\/ceipblancadelosrios\/files\/2021\/03\/1\u00baC-scaled.jpg\" alt=\"\" width=\"1600\" height=\"1200\" srcset=\"https:\/\/blogsaverroes.juntadeandalucia.es\/ceipblancadelosrios\/files\/2021\/03\/1\u00baC-scaled.jpg 1600w, https:\/\/blogsaverroes.juntadeandalucia.es\/ceipblancadelosrios\/files\/2021\/03\/1\u00baC-300x225.jpg 300w, https:\/\/blogsaverroes.juntadeandalucia.es\/ceipblancadelosrios\/files\/2021\/03\/1\u00baC-800x600.jpg 800w, https:\/\/blogsaverroes.juntadeandalucia.es\/ceipblancadelosrios\/files\/2021\/03\/1\u00baC-768x576.jpg 768w, https:\/\/blogsaverroes.juntadeandalucia.es\/ceipblancadelosrios\/files\/2021\/03\/1\u00baC-1536x1152.jpg 1536w, https:\/\/blogsaverroes.juntadeandalucia.es\/ceipblancadelosrios\/files\/2021\/03\/1\u00baC-2048x1536.jpg 2048w\" sizes=\"(max-width: 1600px) 100vw, 1600px\" \/><\/p>\n<p style=\"text-align: center\"><em>Primaria 1\u00baC<\/em><\/p>\n<p>&nbsp;<\/p>\n<p><img loading=\"lazy\" decoding=\"async\" class=\"aligncenter size-full wp-image-14637\" src=\"https:\/\/blogsaverroes.juntadeandalucia.es\/ceipblancadelosrios\/files\/2021\/03\/2\u00baA-scaled.jpg\" alt=\"\" width=\"1600\" height=\"1197\" srcset=\"https:\/\/blogsaverroes.juntadeandalucia.es\/ceipblancadelosrios\/files\/2021\/03\/2\u00baA-scaled.jpg 1600w, https:\/\/blogsaverroes.juntadeandalucia.es\/ceipblancadelosrios\/files\/2021\/03\/2\u00baA-300x224.jpg 300w, https:\/\/blogsaverroes.juntadeandalucia.es\/ceipblancadelosrios\/files\/2021\/03\/2\u00baA-800x598.jpg 800w, https:\/\/blogsaverroes.juntadeandalucia.es\/ceipblancadelosrios\/files\/2021\/03\/2\u00baA-768x574.jpg 768w, https:\/\/blogsaverroes.juntadeandalucia.es\/ceipblancadelosrios\/files\/2021\/03\/2\u00baA-1536x1149.jpg 1536w, https:\/\/blogsaverroes.juntadeandalucia.es\/ceipblancadelosrios\/files\/2021\/03\/2\u00baA-2048x1532.jpg 2048w\" sizes=\"(max-width: 1600px) 100vw, 1600px\" \/><\/p>\n<p style=\"text-align: center\"><em>Primaria 2\u00baA<\/em><\/p>\n<p>&nbsp;<\/p>\n<p style=\"text-align: center\"><img loading=\"lazy\" decoding=\"async\" class=\"aligncenter size-full wp-image-14638\" src=\"https:\/\/blogsaverroes.juntadeandalucia.es\/ceipblancadelosrios\/files\/2021\/03\/2\u00baB-scaled.jpg\" alt=\"\" width=\"652\" height=\"1600\" srcset=\"https:\/\/blogsaverroes.juntadeandalucia.es\/ceipblancadelosrios\/files\/2021\/03\/2\u00baB-scaled.jpg 652w, https:\/\/blogsaverroes.juntadeandalucia.es\/ceipblancadelosrios\/files\/2021\/03\/2\u00baB-122x300.jpg 122w, https:\/\/blogsaverroes.juntadeandalucia.es\/ceipblancadelosrios\/files\/2021\/03\/2\u00baB-326x800.jpg 326w, https:\/\/blogsaverroes.juntadeandalucia.es\/ceipblancadelosrios\/files\/2021\/03\/2\u00baB-768x1884.jpg 768w, https:\/\/blogsaverroes.juntadeandalucia.es\/ceipblancadelosrios\/files\/2021\/03\/2\u00baB-626x1536.jpg 626w, https:\/\/blogsaverroes.juntadeandalucia.es\/ceipblancadelosrios\/files\/2021\/03\/2\u00baB-835x2048.jpg 835w\" sizes=\"(max-width: 652px) 100vw, 652px\" \/><em>Primaria 2\u00baB<\/em><\/p>\n<p>&nbsp;<\/p>\n<p style=\"text-align: center\"><img loading=\"lazy\" decoding=\"async\" class=\"aligncenter size-full wp-image-14639\" src=\"https:\/\/blogsaverroes.juntadeandalucia.es\/ceipblancadelosrios\/files\/2021\/03\/Mural-conjunto-3\u00ba-scaled.jpg\" alt=\"\" width=\"1600\" height=\"1200\" srcset=\"https:\/\/blogsaverroes.juntadeandalucia.es\/ceipblancadelosrios\/files\/2021\/03\/Mural-conjunto-3\u00ba-scaled.jpg 1600w, https:\/\/blogsaverroes.juntadeandalucia.es\/ceipblancadelosrios\/files\/2021\/03\/Mural-conjunto-3\u00ba-300x225.jpg 300w, https:\/\/blogsaverroes.juntadeandalucia.es\/ceipblancadelosrios\/files\/2021\/03\/Mural-conjunto-3\u00ba-800x600.jpg 800w, https:\/\/blogsaverroes.juntadeandalucia.es\/ceipblancadelosrios\/files\/2021\/03\/Mural-conjunto-3\u00ba-768x576.jpg 768w, https:\/\/blogsaverroes.juntadeandalucia.es\/ceipblancadelosrios\/files\/2021\/03\/Mural-conjunto-3\u00ba-1536x1152.jpg 1536w, https:\/\/blogsaverroes.juntadeandalucia.es\/ceipblancadelosrios\/files\/2021\/03\/Mural-conjunto-3\u00ba-2048x1536.jpg 2048w\" sizes=\"(max-width: 1600px) 100vw, 1600px\" \/><\/p>\n<p style=\"text-align: center\"><em>Primaria 3\u00baA &#8211; 3\u00baB &#8211; 3\u00baC<\/em><\/p>\n<p>&nbsp;<\/p>\n<p><img loading=\"lazy\" decoding=\"async\" class=\"aligncenter size-full wp-image-14640\" src=\"https:\/\/blogsaverroes.juntadeandalucia.es\/ceipblancadelosrios\/files\/2021\/03\/Mural-de-4\u00ba-scaled.jpg\" alt=\"\" width=\"1600\" height=\"409\" srcset=\"https:\/\/blogsaverroes.juntadeandalucia.es\/ceipblancadelosrios\/files\/2021\/03\/Mural-de-4\u00ba-scaled.jpg 1600w, https:\/\/blogsaverroes.juntadeandalucia.es\/ceipblancadelosrios\/files\/2021\/03\/Mural-de-4\u00ba-300x77.jpg 300w, https:\/\/blogsaverroes.juntadeandalucia.es\/ceipblancadelosrios\/files\/2021\/03\/Mural-de-4\u00ba-800x205.jpg 800w, https:\/\/blogsaverroes.juntadeandalucia.es\/ceipblancadelosrios\/files\/2021\/03\/Mural-de-4\u00ba-768x196.jpg 768w, https:\/\/blogsaverroes.juntadeandalucia.es\/ceipblancadelosrios\/files\/2021\/03\/Mural-de-4\u00ba-1536x393.jpg 1536w, https:\/\/blogsaverroes.juntadeandalucia.es\/ceipblancadelosrios\/files\/2021\/03\/Mural-de-4\u00ba-2048x524.jpg 2048w\" sizes=\"(max-width: 1600px) 100vw, 1600px\" \/><\/p>\n<p style=\"text-align: center\"><em>Primaria 4\u00baA &#8211; 4\u00baB &#8211; 4\u00baC<\/em><\/p>\n<p>&nbsp;<\/p>\n<p><img loading=\"lazy\" decoding=\"async\" class=\"aligncenter size-full wp-image-14641\" src=\"https:\/\/blogsaverroes.juntadeandalucia.es\/ceipblancadelosrios\/files\/2021\/03\/5\u00baA-scaled.jpg\" alt=\"\" width=\"1600\" height=\"1180\" srcset=\"https:\/\/blogsaverroes.juntadeandalucia.es\/ceipblancadelosrios\/files\/2021\/03\/5\u00baA-scaled.jpg 1600w, https:\/\/blogsaverroes.juntadeandalucia.es\/ceipblancadelosrios\/files\/2021\/03\/5\u00baA-300x221.jpg 300w, https:\/\/blogsaverroes.juntadeandalucia.es\/ceipblancadelosrios\/files\/2021\/03\/5\u00baA-800x590.jpg 800w, https:\/\/blogsaverroes.juntadeandalucia.es\/ceipblancadelosrios\/files\/2021\/03\/5\u00baA-768x566.jpg 768w, https:\/\/blogsaverroes.juntadeandalucia.es\/ceipblancadelosrios\/files\/2021\/03\/5\u00baA-1536x1133.jpg 1536w, https:\/\/blogsaverroes.juntadeandalucia.es\/ceipblancadelosrios\/files\/2021\/03\/5\u00baA-2048x1511.jpg 2048w\" sizes=\"(max-width: 1600px) 100vw, 1600px\" \/><\/p>\n<p style=\"text-align: center\"><em>Primaria 5\u00baA<\/em><\/p>\n<p>&nbsp;<\/p>\n<p><img loading=\"lazy\" decoding=\"async\" class=\"aligncenter size-full wp-image-14642\" src=\"https:\/\/blogsaverroes.juntadeandalucia.es\/ceipblancadelosrios\/files\/2021\/03\/5\u00baB.jpeg\" alt=\"\" width=\"1600\" height=\"1200\" srcset=\"https:\/\/blogsaverroes.juntadeandalucia.es\/ceipblancadelosrios\/files\/2021\/03\/5\u00baB.jpeg 1600w, https:\/\/blogsaverroes.juntadeandalucia.es\/ceipblancadelosrios\/files\/2021\/03\/5\u00baB-300x225.jpeg 300w, https:\/\/blogsaverroes.juntadeandalucia.es\/ceipblancadelosrios\/files\/2021\/03\/5\u00baB-800x600.jpeg 800w, https:\/\/blogsaverroes.juntadeandalucia.es\/ceipblancadelosrios\/files\/2021\/03\/5\u00baB-768x576.jpeg 768w, https:\/\/blogsaverroes.juntadeandalucia.es\/ceipblancadelosrios\/files\/2021\/03\/5\u00baB-1536x1152.jpeg 1536w\" sizes=\"(max-width: 1600px) 100vw, 1600px\" \/><\/p>\n<p style=\"text-align: center\"><em>Primaria 5\u00baB<\/em><\/p>\n<p>&nbsp;<\/p>\n<p><img loading=\"lazy\" decoding=\"async\" class=\"aligncenter size-full wp-image-14643\" src=\"https:\/\/blogsaverroes.juntadeandalucia.es\/ceipblancadelosrios\/files\/2021\/03\/5\u00baC-scaled.jpg\" alt=\"\" width=\"1600\" height=\"1140\" srcset=\"https:\/\/blogsaverroes.juntadeandalucia.es\/ceipblancadelosrios\/files\/2021\/03\/5\u00baC-scaled.jpg 1600w, https:\/\/blogsaverroes.juntadeandalucia.es\/ceipblancadelosrios\/files\/2021\/03\/5\u00baC-300x214.jpg 300w, https:\/\/blogsaverroes.juntadeandalucia.es\/ceipblancadelosrios\/files\/2021\/03\/5\u00baC-800x570.jpg 800w, https:\/\/blogsaverroes.juntadeandalucia.es\/ceipblancadelosrios\/files\/2021\/03\/5\u00baC-768x547.jpg 768w, https:\/\/blogsaverroes.juntadeandalucia.es\/ceipblancadelosrios\/files\/2021\/03\/5\u00baC-1536x1094.jpg 1536w, https:\/\/blogsaverroes.juntadeandalucia.es\/ceipblancadelosrios\/files\/2021\/03\/5\u00baC-2048x1459.jpg 2048w\" sizes=\"(max-width: 1600px) 100vw, 1600px\" \/><\/p>\n<p style=\"text-align: center\"><em>Primaria 5\u00baC<\/em><\/p>\n<p>&nbsp;<\/p>\n<p style=\"text-align: center\"><img loading=\"lazy\" decoding=\"async\" class=\"aligncenter size-full wp-image-14644\" src=\"https:\/\/blogsaverroes.juntadeandalucia.es\/ceipblancadelosrios\/files\/2021\/03\/6\u00baA-scaled.jpg\" alt=\"\" width=\"1600\" height=\"721\" srcset=\"https:\/\/blogsaverroes.juntadeandalucia.es\/ceipblancadelosrios\/files\/2021\/03\/6\u00baA-scaled.jpg 1600w, https:\/\/blogsaverroes.juntadeandalucia.es\/ceipblancadelosrios\/files\/2021\/03\/6\u00baA-300x135.jpg 300w, https:\/\/blogsaverroes.juntadeandalucia.es\/ceipblancadelosrios\/files\/2021\/03\/6\u00baA-800x361.jpg 800w, https:\/\/blogsaverroes.juntadeandalucia.es\/ceipblancadelosrios\/files\/2021\/03\/6\u00baA-768x346.jpg 768w, https:\/\/blogsaverroes.juntadeandalucia.es\/ceipblancadelosrios\/files\/2021\/03\/6\u00baA-1536x692.jpg 1536w, https:\/\/blogsaverroes.juntadeandalucia.es\/ceipblancadelosrios\/files\/2021\/03\/6\u00baA-2048x923.jpg 2048w\" sizes=\"(max-width: 1600px) 100vw, 1600px\" \/><\/p>\n<p style=\"text-align: center\"><em>Primaria 6\u00baA&nbsp;<\/em><\/p>\n<p>&nbsp;<\/p>\n<p><img loading=\"lazy\" decoding=\"async\" class=\"aligncenter size-full wp-image-14649\" src=\"https:\/\/blogsaverroes.juntadeandalucia.es\/ceipblancadelosrios\/files\/2021\/03\/6\u00baB-scaled.jpg\" alt=\"\" width=\"1600\" height=\"1197\" srcset=\"https:\/\/blogsaverroes.juntadeandalucia.es\/ceipblancadelosrios\/files\/2021\/03\/6\u00baB-scaled.jpg 1600w, https:\/\/blogsaverroes.juntadeandalucia.es\/ceipblancadelosrios\/files\/2021\/03\/6\u00baB-300x224.jpg 300w, https:\/\/blogsaverroes.juntadeandalucia.es\/ceipblancadelosrios\/files\/2021\/03\/6\u00baB-800x598.jpg 800w, https:\/\/blogsaverroes.juntadeandalucia.es\/ceipblancadelosrios\/files\/2021\/03\/6\u00baB-768x574.jpg 768w, https:\/\/blogsaverroes.juntadeandalucia.es\/ceipblancadelosrios\/files\/2021\/03\/6\u00baB-1536x1149.jpg 1536w, https:\/\/blogsaverroes.juntadeandalucia.es\/ceipblancadelosrios\/files\/2021\/03\/6\u00baB-2048x1532.jpg 2048w\" sizes=\"(max-width: 1600px) 100vw, 1600px\" \/><\/p>\n<p style=\"text-align: center\"><em>Primaria 6\u00baB<\/em><\/p>\n<p>&nbsp;<\/p>\n<p><img loading=\"lazy\" decoding=\"async\" class=\"aligncenter size-full wp-image-14645\" src=\"https:\/\/blogsaverroes.juntadeandalucia.es\/ceipblancadelosrios\/files\/2021\/03\/6\u00baC-scaled.jpg\" alt=\"\" width=\"1600\" height=\"721\" srcset=\"https:\/\/blogsaverroes.juntadeandalucia.es\/ceipblancadelosrios\/files\/2021\/03\/6\u00baC-scaled.jpg 1600w, https:\/\/blogsaverroes.juntadeandalucia.es\/ceipblancadelosrios\/files\/2021\/03\/6\u00baC-300x135.jpg 300w, https:\/\/blogsaverroes.juntadeandalucia.es\/ceipblancadelosrios\/files\/2021\/03\/6\u00baC-800x360.jpg 800w, https:\/\/blogsaverroes.juntadeandalucia.es\/ceipblancadelosrios\/files\/2021\/03\/6\u00baC-768x346.jpg 768w, https:\/\/blogsaverroes.juntadeandalucia.es\/ceipblancadelosrios\/files\/2021\/03\/6\u00baC-1536x692.jpg 1536w, https:\/\/blogsaverroes.juntadeandalucia.es\/ceipblancadelosrios\/files\/2021\/03\/6\u00baC-2048x922.jpg 2048w\" sizes=\"(max-width: 1600px) 100vw, 1600px\" \/><\/p>\n<p style=\"text-align: center\"><em>Primaria 6\u00baC&nbsp;<\/em><\/p>\n","protected":false},"excerpt":{"rendered":"<p>\u00a1\u00a1\u00a1HOMENAJE A NUESTR@S SUPERHERO\u00cdNAS!!! &nbsp; https:\/\/youtu.be\/R-tbNaOiJFM &nbsp; &nbsp; &nbsp; Infantil 3 a\u00f1os A &nbsp; Infantil 3 a\u00f1os B &nbsp; Infantil 4 a\u00f1os A &nbsp; Infantil 4 a\u00f1os B &nbsp; Infantil 4 a\u00f1os C &nbsp;&#46;&#46;&#46;<\/p>\n","protected":false},"author":2329,"featured_media":0,"parent":14837,"menu_order":3,"comment_status":"closed","ping_status":"closed","template":"page-templates\/child-menu.php","meta":{"ngg_post_thumbnail":0,"footnotes":"","_mc_calendar":[]},"aioseo_notices":[],"_links":{"self":[{"href":"https:\/\/blogsaverroes.juntadeandalucia.es\/ceipblancadelosrios\/wp-json\/wp\/v2\/pages\/14662"}],"collection":[{"href":"https:\/\/blogsaverroes.juntadeandalucia.es\/ceipblancadelosrios\/wp-json\/wp\/v2\/pages"}],"about":[{"href":"https:\/\/blogsaverroes.juntadeandalucia.es\/ceipblancadelosrios\/wp-json\/wp\/v2\/types\/page"}],"author":[{"embeddable":true,"href":"https:\/\/blogsaverroes.juntadeandalucia.es\/ceipblancadelosrios\/wp-json\/wp\/v2\/users\/2329"}],"replies":[{"embeddable":true,"href":"https:\/\/blogsaverroes.juntadeandalucia.es\/ceipblancadelosrios\/wp-json\/wp\/v2\/comments?post=14662"}],"version-history":[{"count":1,"href":"https:\/\/blogsaverroes.juntadeandalucia.es\/ceipblancadelosrios\/wp-json\/wp\/v2\/pages\/14662\/revisions"}],"predecessor-version":[{"id":14663,"href":"https:\/\/blogsaverroes.juntadeandalucia.es\/ceipblancadelosrios\/wp-json\/wp\/v2\/pages\/14662\/revisions\/14663"}],"up":[{"embeddable":true,"href":"https:\/\/blogsaverroes.juntadeandalucia.es\/ceipblancadelosrios\/wp-json\/wp\/v2\/pages\/14837"}],"wp:attachment":[{"href":"https:\/\/blogsaverroes.juntadeandalucia.es\/ceipblancadelosrios\/wp-json\/wp\/v2\/media?parent=14662"}],"curies":[{"name":"wp","href":"https:\/\/api.w.org\/{rel}","templated":true}]}}